000
CXUS53 KTOP 011448
CLMEMP


CLIMATE REPORT
NATIONAL WEATHER SERVICE TOPEKA KS
947 AM CDT FRI SEP 1 2017

...................................

...THE EMPORIA KS CLIMATE SUMMARY FOR THE MONTH OF AUGUST 2017...

CLIMATE NORMAL PERIOD 1981 TO 2010
CLIMATE RECORD PERIOD 9999 TO 9999

WEATHER         OBSERVED          NORMAL  DEPART  LAST YEAR`S
                 VALUE   DATE(S)  VALUE   FROM    VALUE
                                          NORMAL
.............................................................
TEMPERATURE (F)
HIGHEST            94   08/20                        101
LOWEST             54   08/24                         55
                        08/23
AVG. MAXIMUM     83.9              89.5    -5.6     87.4
AVG. MINIMUM     61.8              65.7    -3.9     67.5
MEAN             72.8              77.6    -4.8     77.5
DAYS MAX >= 90      4              14.6   -10.6       10
DAYS MAX <= 32      0               0.0     0.0        0
DAYS MIN <= 32      0               0.0     0.0        0
DAYS MIN <= 0       0               0.0     0.0        0

PRECIPITATION (INCHES)
TOTALS           5.00              3.82    1.18     6.82
DAILY AVG.       0.17                               0.24
DAYS >= .01         7                                 14
DAYS >= .10         6                                 11
DAYS >= .50         2                                  4
DAYS >= 1.00        1                                  2
GREATEST
 24 HR. TOTAL    3.09   08/05 TO 08/05              1.70

DEGREE_DAYS
HEATING TOTAL       0                 1      -1        0
 SINCE 7/1          0                 1      -1        0
COOLING TOTAL     248               392    -144      392
 SINCE 1/1       1090              1208    -118     1336
..............................................................

WIND (MPH)
AVERAGE WIND SPEED              7.1
HIGHEST WIND SPEED/DIRECTION    26/060    DATE  08/05
HIGHEST GUST SPEED/DIRECTION    34/330    DATE  08/22

SKY COVER
POSSIBLE SUNSHINE (PERCENT)   MM
AVERAGE SKY COVER           0.30
NUMBER OF DAYS FAIR           22
NUMBER OF DAYS PC              8
NUMBER OF DAYS CLOUDY          1

AVERAGE RH (PERCENT)     74

WEATHER CONDITIONS. NUMBER OF DAYS WITH
THUNDERSTORM              0     MIXED PRECIP               0
HEAVY RAIN                5     RAIN                       6
LIGHT RAIN                9     FREEZING RAIN              0
LT FREEZING RAIN          0     HEAVY SNOW                 0
SNOW                      0     LIGHT SNOW                 0
FOG                      17     FOG W/VIS <= 1/4 MILE      5
HAZE                      1

-  INDICATES NEGATIVE NUMBERS.
R  INDICATES RECORD WAS SET OR TIED.
MM INDICATES DATA IS MISSING.
T  INDICATES TRACE AMOUNT.

$$
