000
CXUS51 KCLE 011721
CLMERI


CLIMATE REPORT
NATIONAL WEATHER SERVICE CLEVELAND OH
119 PM EDT THU JUN 1 2017

...................................

...THE ERIE PA CLIMATE SUMMARY FOR THE MONTH OF MAY 2017...

CLIMATE NORMAL PERIOD 1981 TO 2010
CLIMATE RECORD PERIOD 1873 TO 2017

WEATHER         OBSERVED          NORMAL  DEPART  LAST YEAR`S
                 VALUE   DATE(S)  VALUE   FROM    VALUE
                                          NORMAL
.............................................................
TEMPERATURE (F)
RECORD
 HIGH              91   05/30/1879
 LOW               26   05/07/1970
HIGHEST            87   05/18
                        05/17
LOWEST             31   05/09
AVG. MAXIMUM     64.6              66.6    -2.0     67.6
AVG. MINIMUM     49.3              48.2     1.1     49.4
MEAN             57.0              57.4    -0.4     58.5
DAYS MAX >= 90      0               0.1    -0.1        1
DAYS MAX <= 32      0               0.0     0.0        0
DAYS MIN <= 32      1               0.4     0.6        0
DAYS MIN <= 0       0               0.0     0.0        0

PRECIPITATION (INCHES)
RECORD
 MAXIMUM         8.54   2011
 MINIMUM         0.55   1934
TOTALS           5.10              3.44    1.66     1.57
DAYS >= .01        20              12.8     7.2       11
DAYS >= .10        10               7.9     2.1        5
DAYS >= .50         3               2.4     0.6        0
DAYS >= 1.00        1               0.4     0.6        0
GREATEST
 24 HR. TOTAL    1.10   05/01 TO 05/01              0.49

SNOWFALL (INCHES)
RECORDS
 TOTAL            1.7   1923
TOTALS            0.0                 T     0.0        T
SINCE 7/1        78.6             100.9   -22.3     71.2
DAYS >= 1.0         0               0.0     0.0        0
GREATEST
 24 HR TOTAL      0.0   05/31 TO 05/31

DEGREE_DAYS
HEATING TOTAL     277               267      10      269
 SINCE 7/1       5057              6086   -1029     5170
COOLING TOTAL      35                32       3       75
 SINCE 1/1         44                39       5       75
..............................................................

WIND (MPH)
AVERAGE WIND SPEED              9.5
HIGHEST WIND SPEED/DIRECTION    31/220    DATE  05/01
HIGHEST GUST SPEED/DIRECTION    46/280    DATE  05/02

SKY COVER
AVERAGE SKY COVER           0.50

AVERAGE RH (PERCENT)     69

WEATHER CONDITIONS. NUMBER OF DAYS WITH
THUNDERSTORM              0     MIXED PRECIP               0
HEAVY RAIN                4     RAIN                       6
LIGHT RAIN               20     FREEZING RAIN              0
LT FREEZING RAIN          0     HAIL                       0
HEAVY SNOW                0     SNOW                       0
LIGHT SNOW                0     SLEET                      0
FOG                      13     FOG W/VIS <= 1/4 MILE      0
HAZE                      0

-  INDICATES NEGATIVE NUMBERS.
R  INDICATES RECORD WAS SET OR TIED.
MM INDICATES DATA IS MISSING.
T  INDICATES TRACE AMOUNT.

$$
