000
CXUS56 KPQR 011507
CLMEUG


CLIMATE REPORT
NATIONAL WEATHER SERVICE PORTLAND OREGON
807 AM PDT THU JUN 1 2017

...................................

...THE EUGENE OR CLIMATE SUMMARY FOR THE MONTH OF MAY 2017...

CLIMATE NORMAL PERIOD 1981 TO 2010
CLIMATE RECORD PERIOD 1892 TO 2017

WEATHER         OBSERVED          NORMAL  DEPART  LAST YEAR`S
                 VALUE   DATE(S)  VALUE   FROM    VALUE  DATE(S)
                                          NORMAL
................................................................
TEMPERATURE (F)
HIGHEST            86                                 84  05/12
                                                          05/07
                                                          05/02
LOWEST             35                                 38  05/28
AVG. MAXIMUM     69.2              67.0     2.2     70.9
AVG. MINIMUM     43.9              43.5     0.4     45.9
MEAN             56.6              55.3     1.3     58.4
DAYS MAX >= 90      0               0.1    -0.1        0
DAYS MAX <= 32      0               0.0     0.0        0
DAYS MIN <= 32      0               0.3    -0.3        0
DAYS MIN <= 0       0               0.0     0.0        0

PRECIPITATION (INCHES)
RECORD
 MAXIMUM         6.92   1993
 MINIMUM         0.14   1992
TOTALS           1.22              2.74   -1.52     1.30
DAYS >= .01         7              11.7    -4.7        7
DAYS >= .10         5               7.6    -2.6        2
DAYS >= .50         0               1.4    -1.4        1
DAYS >= 1.00        0               0.2    -0.2        0
GREATEST
 24 HR. TOTAL    0.37   05/11 TO 05/11

DEGREE_DAYS
HEATING TOTAL     266               307     -41      200
 SINCE 7/1       4433              4649    -216     3785
COOLING TOTAL      13                 5       8        3
 SINCE 1/1         13                 5       8        3
.................................................................

WIND (MPH)
AVERAGE WIND SPEED              6.4
RESULTANT WIND SPEED/DIRECTION   1/318
HIGHEST WIND SPEED/DIRECTION    25/330    DATE  05/16
HIGHEST GUST SPEED/DIRECTION    32/330    DATE  05/16

SKY COVER
POSSIBLE SUNSHINE (PERCENT)   MM
AVERAGE SKY COVER           0.50
NUMBER OF DAYS FAIR            8
NUMBER OF DAYS PC             13
NUMBER OF DAYS CLOUDY         10

AVERAGE RH (PERCENT)     76

WEATHER CONDITIONS. NUMBER OF DAYS WITH
THUNDERSTORM              0     MIXED PRECIP               0
HEAVY RAIN                0     RAIN                       1
LIGHT RAIN                9     FREEZING RAIN              0
LT FREEZING RAIN          0     HAIL                       0
HEAVY SNOW                0     SNOW                       0
LIGHT SNOW                0     SLEET                      0
FOG                      19     FOG W/VIS <= 1/4 MILE      4
HAZE                      0

-  INDICATES NEGATIVE NUMBERS.
R  INDICATES RECORD WAS SET OR TIED.
MM INDICATES DATA IS MISSING.
T  INDICATES TRACE AMOUNT.

$$
