000
CXUS53 KPAH 011806 RRA
CLMEVV

CLIMATE REPORT
NATIONAL WEATHER SERVICE PADUCAH KY
106 PM CDT MON AUG 1 2016

...................................

...THE EVANSVILLE ASOS CLIMATE SUMMARY FOR THE MONTH OF JULY 2016...

CLIMATE NORMAL PERIOD 1981 TO 2010
CLIMATE RECORD PERIOD 1896 TO 2016

WEATHER         OBSERVED          NORMAL  DEPART  LAST YEAR`S
                 VALUE   DATE(S)  VALUE   FROM    VALUE  DATE(S)
                                          NORMAL
................................................................
TEMPERATURE (F)
RECORD
 HIGH             111   07/28/1930
 LOW               47   07/23/1947
                        07/16/1930
HIGHEST            94   07/19        89       5       95  07/29
                                                          07/18
LOWEST             59   07/02        68      -9       62  07/08
AVG. MAXIMUM     87.9              88.5    -0.6     87.8
AVG. MINIMUM     70.3              67.5     2.8     70.4
MEAN             79.1              78.0     1.1     79.1
DAYS MAX >= 90     11              13.1    -2.1       10
DAYS MAX <= 32      0               0.0     0.0        0
DAYS MIN <= 32      0               0.0     0.0        0
DAYS MIN <= 0       0               0.0     0.0        0

PRECIPITATION (INCHES)
RECORD
 MAXIMUM        10.32   1910
 MINIMUM         0.18   1974
TOTALS           9.20              3.92    5.28     4.67
DAILY AVG.       0.30              0.13    0.17     0.15
DAYS >= .01        16               9.0     7.0       12
DAYS >= .10        13               6.2     6.8       11
DAYS >= .50         6               2.8     3.2        3
DAYS >= 1.00        3               1.1     1.9        1
GREATEST
 24 HR. TOTAL    3.71   07/03 TO 07/04
 STORM TOTAL       MM
 (MM/DD(HH))            MM

DEGREE_DAYS
COOLING TOTAL     446               403      43      444
 SINCE 1/1        937               836     101      987
.................................................................

WIND (MPH)
AVERAGE WIND SPEED              4.6
HIGHEST WIND SPEED/DIRECTION    36/220    DATE  07/06
HIGHEST GUST SPEED/DIRECTION    50/280    DATE  07/07

SKY COVER
POSSIBLE SUNSHINE (PERCENT)   MM
AVERAGE SKY COVER           0.30
NUMBER OF DAYS FAIR           21
NUMBER OF DAYS PC              9
NUMBER OF DAYS CLOUDY          1

AVERAGE RH (PERCENT)     77

WEATHER CONDITIONS. NUMBER OF DAYS WITH
THUNDERSTORM              0     MIXED PRECIP               0
HEAVY RAIN               12     RAIN                      11
LIGHT RAIN               18     FREEZING RAIN              0
LT FREEZING RAIN          0     HAIL                       0
HEAVY SNOW                0     SNOW                       0
LIGHT SNOW                0     SLEET                      0
FOG                      22     FOG W/VIS <= 1/4 MILE      2
HAZE                      6

-  INDICATES NEGATIVE NUMBERS.
R  INDICATES RECORD WAS SET OR TIED.
MM INDICATES DATA IS MISSING.
T  INDICATES TRACE AMOUNT.

$$
