000
CXUS51 KOKX 020041
CLMEWR

CLIMATE REPORT
NATIONAL WEATHER SERVICE NEW YORK NY
837 PM EDT WED JUL 1 2015

...................................

...THE NEWARK NJ CLIMATE SUMMARY FOR THE MONTH OF JUNE 2015...

CLIMATE NORMAL PERIOD 1981 TO 2010
CLIMATE RECORD PERIOD 1929 TO 2015

WEATHER         OBSERVED          NORMAL  DEPART  LAST YEAR`S
                 VALUE   DATE(S)  VALUE   FROM    VALUE  DATE(S)
                                          NORMAL
................................................................
TEMPERATURE (F)
RECORD
 HIGH             102   06/09/2011
                        06/19/1994
                        06/26/1952
 LOW               41   06/01/1938
HIGHEST            93   06/23        MM      MM       92  06/18
                        06/11
LOWEST             49   06/02        MM      MM       53  06/02
AVG. MAXIMUM     79.9              81.5    -1.6     82.0
AVG. MINIMUM     64.1              63.3     0.8     63.7
MEAN             72.0              72.4    -0.4     72.8
DAYS MAX >= 90      4               4.6    -0.6        2
DAYS MAX <= 32      0               0.0     0.0        0
DAYS MIN <= 32      0               0.0     0.0        0
DAYS MIN <= 0       0               0.0     0.0        0

PRECIPITATION (INCHES)
RECORD
 MAXIMUM        11.51   1903
 MINIMUM         0.07   1949
TOTALS           5.90              4.02    1.88     4.41
DAILY AVG.       0.20              0.13    0.07     0.15
DAYS >= .01        14              11.0     3.0        6
DAYS >= .10        11               6.6     4.4        5
DAYS >= .50         3               2.7     0.3        4
DAYS >= 1.00        3               1.2     1.8        2
GREATEST
 24 HR. TOTAL    5.01   05/31 TO 06/01           06/09 TO 06/09
                                                          06/30 TO 06/30
                                                          06/30 TO 06/30
 STORM TOTAL       MM                                 MM
 (MM/DD(HH))            MM                    06/09(00) TO 06/09(00)
                                                 06/30(00) TO 06/30(00)0
                                                 06/30(00) TO 06/30(00)0

DEGREE_DAYS
HEATING TOTAL      29                17      12        0
 SINCE 7/1       5143              4872     271     5166
COOLING TOTAL     249               239      10      242
 SINCE 1/1        409               315      94      304
.................................................

WIND (MPH)
AVERAGE WIND SPEED              8.6
HIGHEST WIND SPEED/DIRECTION    26/270    DATE  06/21
HIGHEST GUST SPEED/DIRECTION    35/210    DATE  06/23


WEATHER CONDITIONS. NUMBER OF DAYS WITH
THUNDERSTORM              0     MIXED PRECIP               0
HEAVY RAIN                5     RAIN                       7
LIGHT RAIN               19     FREEZING RAIN              0
LT FREEZING RAIN          0     HAIL                       0
HEAVY SNOW                0     SNOW                       0
LIGHT SNOW                0     SLEET                      0
FOG                      13     FOG W/VIS <= 1/4 MILE      2
HAZE                      5

-  INDICATES NEGATIVE NUMBERS.
R  INDICATES RECORD WAS SET OR TIED.
MM INDICATES DATA IS MISSING.
T  INDICATES TRACE AMOUNT.

$$
