068
CXUS51 KOKX 011626
CLMEWR

CLIMATE REPORT
NATIONAL WEATHER SERVICE NEW YORK NY
1226 PM EDT FRI MAY 1 2015

...................................

...THE NEWARK NJ CLIMATE SUMMARY FOR THE MONTH OF APRIL 2015...

CLIMATE NORMAL PERIOD 1981 TO 2010
CLIMATE RECORD PERIOD 1929 TO 2015

WEATHER         OBSERVED          NORMAL  DEPART  LAST YEAR`S
                 VALUE   DATE(S)  VALUE   FROM    VALUE  DATE(S)
                                          NORMAL
................................................................
TEMPERATURE (F)
RECORD
 HIGH              97   04/17/2002
 LOW               16   04/07/1982
HIGHEST            82   04/18        MM      MM       83  04/13
LOWEST             33   04/01        MM      MM       31  04/16
AVG. MAXIMUM     63.5              62.0     1.5     62.3
AVG. MINIMUM     44.6              43.7     0.9     42.2
MEAN             54.1              52.8     1.3     52.2
DAYS MAX >= 90      0               0.2    -0.2        0
DAYS MAX <= 32      0               0.0     0.0        0
DAYS MIN <= 32      0               1.4    -1.4        1
DAYS MIN <= 0       0               0.0     0.0        0

PRECIPITATION (INCHES)
RECORD
 MAXIMUM        11.85   2007
 MINIMUM         0.90   1963
TOTALS           1.67              4.20   -2.53     7.95
DAILY AVG.       0.06              0.14   -0.08     0.26
DAYS >= .01         9              11.5    -2.5       11
DAYS >= .10         4               6.8    -2.8        7
DAYS >= .50         1               2.6    -1.6        3
DAYS >= 1.00        0               1.1    -1.1        1
GREATEST
 24 HR. TOTAL    1.11   04/20 TO 04/21           04/30 TO 04/30
                                                          04/30 TO 04/30
                                                          04/30 TO 04/30
 STORM TOTAL       MM                                 MM
 (MM/DD(HH))            MM                    04/30(00) TO 04/30(00)
                                                 04/30(00) TO 04/30(00)0
                                                 04/30(00) TO 04/30(00)0

SNOWFALL (INCHES)
TOTALS              T               0.9    -0.9      0.4
 LIQUID EQUIV      MM              0.10      MM     0.04
SINCE 7/1        46.4              28.5    17.9     61.1
 LIQUID 7/1      4.64              2.80    1.84     6.11
SNOWDEPTH AVG.      0                MM      MM        0
DAYS >= TRACE       1               0.4     0.6        2
DAYS >= 1.0         0               0.2    -0.2        0
GREATEST
 SNOW DEPTH         0   MM                            -1  04/16
 24 HR TOTAL        T   04/23 TO 04/23           04/30 TO 04/30
                                                          04/30 TO 04/30
                                                          04/30 TO 04/30
 STORM TOTAL       MM                                 MM
 (MM/DD(HH))            MM                    04/30(00) TO 04/30(00)
                                                 04/30(00) TO 04/30(00)0
                                                 04/30(00) TO 04/30(00)0

DEGREE_DAYS
HEATING TOTAL     324               376     -52      383
 SINCE 7/1       5066              4720     346     5092
COOLING TOTAL       3                11      -8        8
 SINCE 1/1          3                12      -9        8
.................................................

WIND (MPH)
AVERAGE WIND SPEED              10.8
HIGHEST WIND SPEED/DIRECTION    36/250    DATE  04/22
HIGHEST GUST SPEED/DIRECTION    47/300    DATE  04/04


WEATHER CONDITIONS. NUMBER OF DAYS WITH
THUNDERSTORM              0     MIXED PRECIP               0
HEAVY RAIN                2     RAIN                       4
LIGHT RAIN               12     FREEZING RAIN              0
LT FREEZING RAIN          0     HAIL                       1
HEAVY SNOW                0     SNOW                       0
LIGHT SNOW                0     SLEET                      0
FOG                       8     FOG W/VIS <= 1/4 MILE      1
HAZE                      2

-  INDICATES NEGATIVE NUMBERS.
R  INDICATES RECORD WAS SET OR TIED.
MM INDICATES DATA IS MISSING.
T  INDICATES TRACE AMOUNT.

$$
