000
CXUS51 KOKX 022208
CLMEWR

CLIMATE REPORT
NATIONAL WEATHER SERVICE NEW YORK NY
508 PM EST MON MAR 2 2015

...................................

...THE NEWARK NJ CLIMATE SUMMARY FOR THE MONTH OF FEBRUARY 2015...

CLIMATE NORMAL PERIOD 1981 TO 2010
CLIMATE RECORD PERIOD 1929 TO 2015

WEATHER         OBSERVED          NORMAL  DEPART  LAST YEAR`S
                 VALUE   DATE(S)  VALUE   FROM    VALUE  DATE(S)
                                          NORMAL
................................................................
TEMPERATURE (F)
RECORD
 HIGH              76   02/15/1949
 LOW              -14   02/09/1934
HIGHEST            42   02/22        MM      MM       55  02/02
LOWEST              1   02/20        MM      MM        7  02/12
AVG. MAXIMUM     31.4              42.3   -10.9     37.1
AVG. MINIMUM     13.8              26.9   -13.1     22.6
MEAN             22.6              34.6   -12.0     29.9
DAYS MAX >= 90      0               0.0     0.0        0
DAYS MAX <= 32     16               3.7    12.3        9
DAYS MIN <= 32     28              20.5     7.5       25
DAYS MIN <= 0       0               0.0     0.0        0

PRECIPITATION (INCHES)
RECORD
 MAXIMUM         6.82   1896
 MINIMUM         0.52   2002
TOTALS           2.06              2.88   -0.82     4.94
DAILY AVG.       0.07              0.10   -0.03     0.18
DAYS >= .01         8               9.8    -1.8       12
DAYS >= .10         3               5.7    -2.7        8
DAYS >= .50         2               2.1    -0.1        3
DAYS >= 1.00        1               0.7     0.3        2
GREATEST
 24 HR. TOTAL    1.17   02/01 TO 02/02           02/13 TO 02/14
                                                          02/14 TO 02/14
                                                          02/14 TO 02/14
 STORM TOTAL       MM                                 MM
 (MM/DD(HH))            MM                    02/14(00) TO 02/14(00)
                                                 02/14(00) TO 02/14(00)4
                                                 02/14(00) TO 02/14(00)4

SNOWFALL (INCHES)
TOTALS           13.5               9.3     4.2     30.3
 LIQUID EQUIV    1.35              0.90    0.45     3.03
SINCE 7/1        30.1              23.0     7.1     60.5
 LIQUID 7/1      3.01              2.30    0.71     6.05
SNOWDEPTH AVG.      6                 4       2        8
DAYS >= TRACE      14               3.6    10.4       10
DAYS >= 1.0         3               1.9     1.1        7
GREATEST
 SNOW DEPTH         8   02/22                         18  02/14
                        02/17
                        02/04
 24 HR TOTAL      4.6   02/01 TO 02/02           02/14 TO 02/14
                                                          02/14 TO 02/14
                                                          02/14 TO 02/14
 STORM TOTAL       MM                                 MM
 (MM/DD(HH))            MM                    02/14(00) TO 02/14(00)
                                                 02/14(00) TO 02/14(00)4
                                                 02/14(00) TO 02/14(00)4

DEGREE_DAYS
HEATING TOTAL    1183               851     332      977
 SINCE 7/1       3903              3635     268     3875
COOLING TOTAL       0                 0       0        0
 SINCE 1/1          0                 0       0        0
.....................................................

WIND (MPH)
AVERAGE WIND SPEED              10.4
HIGHEST WIND SPEED/DIRECTION    36/330    DATE  02/15
HIGHEST GUST SPEED/DIRECTION    46/320    DATE  02/15


WEATHER CONDITIONS. NUMBER OF DAYS WITH
THUNDERSTORM              0     MIXED PRECIP               0
HEAVY RAIN                0     RAIN                       1
LIGHT RAIN                0     FREEZING RAIN              1
LT FREEZING RAIN          4     HAIL                       0
HEAVY SNOW                0     SNOW                       3
LIGHT SNOW               14     SLEET                      4
FOG                       8     FOG W/VIS <= 1/4 MILE      0
HAZE                      1

-  INDICATES NEGATIVE NUMBERS.
R  INDICATES RECORD WAS SET OR TIED.
MM INDICATES DATA IS MISSING.
T  INDICATES TRACE AMOUNT.

$$
