000
CXUS53 KIND 011512
CLMEYE


CLIMATE REPORT
NATIONAL WEATHER SERVICE INDIANAPOLIS IN
1109 AM EDT SAT AUG 1 2015

...................................

...THE INDIANAPOLIS EAGLE CREEK IN CLIMATE SUMMARY FOR THE MONTH OF JULY 2015...

CLIMATE NORMAL PERIOD 1981 TO 2010
CLIMATE RECORD PERIOD 9999 TO 9999

WEATHER         OBSERVED          NORMAL  DEPART  LAST YEAR`S
                 VALUE   DATE(S)  VALUE   FROM    VALUE  DATE(S)
                                          NORMAL
................................................................
TEMPERATURE (F)
HIGHEST            91   07/28                         87  07/22
                        07/18
LOWEST             56   07/11                         53  07/17
                                                          07/04
AVG. MAXIMUM     82.6              83.9    -1.3     78.8
AVG. MINIMUM     65.2              66.6    -1.4     60.7
MEAN             73.9              75.2    -1.3     69.7
DAYS MAX >= 90      3               3.5    -0.5        0
DAYS MAX <= 32      0               0.0     0.0        0
DAYS MIN <= 32      0               0.0     0.0        0
DAYS MIN <= 0       0               0.0     0.0        0

PRECIPITATION (INCHES)
TOTALS           7.35              4.26    3.09     3.09
DAILY AVG.       0.24              0.14    0.10     0.10
DAYS >= .01        10                MM      MM       11
DAYS >= .10         8                MM      MM        5
DAYS >= .50         5                MM      MM        2
DAYS >= 1.00        3                MM      MM        1
GREATEST
 24 HR. TOTAL    1.80   07/07 TO 07/08

DEGREE_DAYS
HEATING TOTAL       1                 1       0        5
 SINCE 7/1          1                 1       0        5
COOLING TOTAL     274               318     -44      157
 SINCE 1/1        636               636       0      516
.................................................................

WIND (MPH)
AVERAGE WIND SPEED              3231.0
HIGHEST WIND SPEED/DIRECTION    46/190    DATE  07/13
HIGHEST GUST SPEED/DIRECTION    61/310    DATE  07/13

SKY COVER
POSSIBLE SUNSHINE (PERCENT)   MM
AVERAGE SKY COVER           0.30
NUMBER OF DAYS FAIR           18
NUMBER OF DAYS PC              7
NUMBER OF DAYS CLOUDY          5

AVERAGE RH (PERCENT)     74

WEATHER CONDITIONS. NUMBER OF DAYS WITH
THUNDERSTORM              8     MIXED PRECIP               0
HEAVY RAIN                7     RAIN                       6
LIGHT RAIN               13     FREEZING RAIN              0
LT FREEZING RAIN          0     HAIL                       0
HEAVY SNOW                0     SNOW                       0
LIGHT SNOW                0     SLEET                      0
FOG                      19     FOG W/VIS <= 1/4 MILE      0
HAZE                      6

-  INDICATES NEGATIVE NUMBERS.
R  INDICATES RECORD WAS SET OR TIED.
MM INDICATES DATA IS MISSING.
T  INDICATES TRACE AMOUNT.

$$
