000
CXUS53 KFGF 011015
CLMFAR

CLIMATE REPORT
NATIONAL WEATHER SERVICE EASTERN NORTH DAKOTA/GRAND FORKS
515 AM CDT SUN OCT 1 2017

...................................

...THE FARGO HECTOR INTL AP ND CLIMATE SUMMARY FOR THE MONTH OF SEPTEMBER 2017...

CLIMATE NORMAL PERIOD 1981 TO 2010
CLIMATE RECORD PERIOD 1881 TO 2017

WEATHER         OBSERVED          NORMAL  DEPART  LAST YEAR`S
                 VALUE   DATE(S)  VALUE   FROM    VALUE  DATE(S)
                                          NORMAL
................................................................
TEMPERATURE (F)
RECORD
 HIGH             102   09/08/1959
 LOW               17   09/30/1883
HIGHEST            93   09/12        70      23       84  09/11
                                                          09/03
LOWEST             35   09/06        46     -11       37  09/27
                                                          09/14
AVG. MAXIMUM     73.0              70.8     2.2     73.4
AVG. MINIMUM     50.9              47.4     3.5     52.0
MEAN             62.0              59.1     2.9     62.7
DAYS MAX >= 90      2               0.8     1.2        0
DAYS MAX <= 32      0               0.0     0.0        0
DAYS MIN <= 32      0               1.0    -1.0        0
DAYS MIN <= 0       0               0.0     0.0        0

PRECIPITATION (INCHES)
RECORD
 MAXIMUM         6.50   1999
 MINIMUM         0.12   2012
TOTALS           2.83              2.57    0.26     2.60
DAILY AVG.       0.09              0.09    0.00     0.09
DAYS >= .01         8               8.7    -0.7        9
DAYS >= .10         7               5.0     2.0        6
DAYS >= .50         2               1.8     0.2        2
DAYS >= 1.00        0               0.7    -0.7        1
GREATEST
 24 HR. TOTAL    1.22   09/23 TO 09/24           09/07 TO 09/07
                                                          09/30 TO 09/30
                                                          09/30 TO 09/30
 STORM TOTAL       MM                                 MM
 (MM/DD(HH))            MM                    09/07(00) TO 09/07(00)
                                                 09/30(00) TO 09/30(00)0
                                                 09/30(00) TO 09/30(00)0

SNOWFALL (INCHES)
RECORDS
 TOTAL            2.0   1912
TOTALS            0.0               0.0     0.0      0.0
SINCE 7/1         0.0               0.0     0.0      0.0
SNOWDEPTH AVG.      0                MM      MM        0
DAYS >= 1.0         0               0.0     0.0        0
GREATEST
 SNOW DEPTH         0   MM                             0  MM
 24 HR TOTAL      0.0   09/30 TO 09/30
 STORM TOTAL       MM                                 MM
 (MM/DD(HH))            MM                    09/30(00) TO 09/30(00)
                                                 09/30(00) TO 09/30(00)0
                                                 09/30(00) TO 09/30(00)0

DEGREE_DAYS
HEATING TOTAL     152               220     -68      112
 SINCE 7/1        168               270    -102      129
COOLING TOTAL      69                43      26       50
 SINCE 1/1        516               548     -32      653
.................................................

WIND (MPH)
AVERAGE WIND SPEED              10.6
HIGHEST WIND SPEED/DIRECTION    37/340    DATE  09/04
HIGHEST GUST SPEED/DIRECTION    47/350    DATE  09/04

SKY COVER
POSSIBLE SUNSHINE (PERCENT)   MM
AVERAGE SKY COVER           0.40
NUMBER OF DAYS FAIR           16
NUMBER OF DAYS PC              7
NUMBER OF DAYS CLOUDY          7

AVERAGE RH (PERCENT)     71

WEATHER CONDITIONS. NUMBER OF DAYS WITH
THUNDERSTORM              0     MIXED PRECIP               0
HEAVY RAIN                4     RAIN                       5
LIGHT RAIN               12     FREEZING RAIN              0
LT FREEZING RAIN          0     HAIL                       0
HEAVY SNOW                0     SNOW                       0
LIGHT SNOW                0     SLEET                      0
FOG                       9     FOG W/VIS <= 1/4 MILE      0
HAZE                      2

-  INDICATES NEGATIVE NUMBERS.
R  INDICATES RECORD WAS SET OR TIED.
MM INDICATES DATA IS MISSING.
T  INDICATES TRACE AMOUNT.

&&

THE MONTH OF SEPTEMBER AT THE FARGO HECTOR INTERNATIONAL AIRPORT
SITE OVERALL WAS SLIGHTLY ABOVE NORMAL WITH RESPECT TO TEMPERATURES.
THERE WERE TWO 90-DEGREE DAYS DURING THE MONTH, ON SEPTEMBER 3 WITH
A VALUE OF 90 DEGREES AND SEPTEMBER 12 WITH A VALUE OF 93 DEGREES.
THE TEMPERATURE ON SEPTEMBER 12 SET A NEW RECORD AND BROKE THE OLD
ONE-DAY RECORD OF 90 DEGREES PREVIOUSLY SET IN 1952. THE AVERAGE
TEMPERATURE FOR THE MONTH WAS 62.0 DEGREES WHICH IS 2.9 DEGREES
ABOVE NORMAL.

PRECIPITATION FOR SEPTEMBER STARTED OFF BELOW NORMAL FOR THE FIRST
HALF OF THE MONTH. A CHANGE IN THE WEATHER PATTERN IN THE MIDDLE OF
THE MONTH BROUGHT MUCH WETTER CONDITIONS TO THE AREA. THE HIGHEST
ONE-DAY RAINFALL AMOUNT OCCURRED ON SEPTEMBER 24 WITH A VALUE OF
0.95 INCHES, WHICH WAS THE SECOND HIGHEST ONE-DAY TOTAL FOR THIS
DATE. THE CURRENT RECORD IS 2.07 INCHES AND WAS SET IN 1973. AS A
RESULT, THE TOTAL RAINFALL FOR THE MONTH WAS 2.83 INCHES WHICH IS
0.26 INCHES ABOVE NORMAL.

REMEMBER...THIS DATA IS PROVISIONAL AND SUBJECT TO CHANGE. THE FINAL
AND OFFICIAL RECORDS WILL BE AVAILABLE FROM THE NATIONAL CENTERS FOR
ENVIRONMENTAL INFORMATION (FORMERLY THE NATIONAL CLIMATE DATA
CENTER).

$$
