000
CXUS53 KFGF 011003
CLMFGF

BISCLMFGF 000
TTAA00 KFGF 011001


CLIMATE REPORT
NATIONAL WEATHER SERVICE EASTERN NORTH DAKOTA/GRAND FORKS
400 AM CST FRI DEC 1 2017

...................................

...THE GRAND FORKS UNIV. (NWS) CLIMATE SUMMARY FOR THE MONTH OF NOVEMBER 2017...

CLIMATE NORMAL PERIOD 1981 TO 2010
CLIMATE RECORD PERIOD 1893 TO 2017

WEATHER         OBSERVED          NORMAL  DEPART  LAST YEAR`S
                 VALUE   DATE(S)  VALUE   FROM    VALUE
                                          NORMAL
.............................................................
TEMPERATURE (F)
RECORD
 HIGH              73   11/05/1975
                        11/04/1975
 LOW              -35   11/30/1905
HIGHEST            48   11/29        34      14
LOWEST             -1   11/09        19     -20
AVG. MAXIMUM     32.3              34.9    -2.6
AVG. MINIMUM     17.1              19.1    -2.0
MEAN             24.7              27.0    -2.3
DAYS MAX >= 90      0               0.0     0.0
DAYS MAX <= 32     16              12.5     3.5
DAYS MIN <= 32     30              26.9     3.1
DAYS MIN <= 0       1               2.0    -1.0

PRECIPITATION (INCHES)
RECORD
 MAXIMUM         4.22   2000
 MINIMUM         0.00   1993
TOTALS           0.55              0.90   -0.35
DAILY AVG.       0.02              0.03   -0.01
DAYS >= .01         6               5.5     0.5
DAYS >= .10         3               2.4     0.6
DAYS >= .50         0               0.2    -0.2
DAYS >= 1.00        0               0.0     0.0
GREATEST
 24 HR. TOTAL    0.18   11/01 TO 11/01              0.73
 STORM TOTAL       MM                                 MM
 (MM/DD(HH))            MM

SNOWFALL (INCHES)
RECORDS
 TOTAL           24.1   1958
TOTALS            7.6               6.1     1.5
 LIQUID EQUIV    0.76              0.60    0.16
SINCE 7/1         8.4               7.1     1.3
 LIQUID 7/1      0.84
DAYS >= TRACE      11               3.7     7.3
DAYS >= 1.0         3               1.9     1.1
GREATEST
 SNOW DEPTH         6   11/04

DEGREE_DAYS
HEATING TOTAL    1198              1140      58
 SINCE 7/1       1960              2094    -134
COOLING TOTAL       0                 0       0
 SINCE 1/1        440               463     -23
..............................................................

SKY COVER
POSSIBLE SUNSHINE (PERCENT)   MM
AVERAGE SKY COVER             MM
NUMBER OF DAYS FAIR            0
NUMBER OF DAYS PC              0
NUMBER OF DAYS CLOUDY          0


WEATHER CONDITIONS. NUMBER OF DAYS WITH
THUNDERSTORM              0     MIXED PRECIP               0
HEAVY RAIN                0     RAIN                       0
LIGHT RAIN                1     FREEZING RAIN              0
LT FREEZING RAIN          0     HAIL                       0
HEAVY SNOW                0     SNOW                       1
LIGHT SNOW                6     SLEET                      0
FOG                       3     FOG W/VIS <= 1/4 MILE      0
HAZE                      0

-  INDICATES NEGATIVE NUMBERS.
R  INDICATES RECORD WAS SET OR TIED.
MM INDICATES DATA IS MISSING.
T  INDICATES TRACE AMOUNT.

&&

REMARKS...

THE MONTH OF NOVEMBER SAW QUITE THE ROLLER-COASTER OF TEMPERATURES.
THE BEGINNING OF THE MONTH WAS MARKED BY REPEATED DAYS OF BELOW
AVERAGE TEMPERATURES. ONE RECORD TEMPERATURE WAS TIED ON NOV 9 WITH
A LOW TEMPERATURE OF -1 DEGREES. TOWARDS THE END OF THE MONTH MOTHER
NATURE FLIPPED THE THERMOSTAT WITH SEVERAL DAYS OF ABOVE AVERAGE
TEMPERATURES. ALTHOUGH NO RECORD HIGHS WERE BROKEN, NOV 29 CAME
CLOSE TO TYING A RECORD HIGH WITH A TEMPERATURE OF 48 DEGREES. THIS
WAS ONE DEGREE SHORT OF TYING THE RECORD HIGH OF 49 DEGREES SET IN
1899.

SIMILAR TO THE SWING IN TEMPERATURES, GRAND FORKS EXPERIENCED A
SWING IN PRECIPITATION WITH MUCH OF THE MONTH`S PRECIPITATION
OCCURING DURING THE FIRST 8 DAYS OF THE MONTH. THE MONTH ENDED WITH
0.55 INCHES OF PRECIP, WHICH IS 0.35 INCHES SHORT OF THE MONTHLY
AVERAGE.

MUCH OF THIS PRECIP FELL IN THE FORM OF SNOW DURING THE FIRST WEEK
OF THE MONTH. 7.6 INCHES OF SNOW FELL THIS MONTH, LEAVING A SNOW
PACK 6 INCHES DEEP. AS MANY IN GRAND FORKS FOUND OUT, IT WOULD TAKE
THE REST OF THE MONTH AND THE ABOVE AVERAGE TEMPERATURES TO FINALLY
MELT THE SNOW PACK.

REMEMBER... THIS DATA IS PROVISIONAL AND SUBJECT TO CHANGE. THE
FINAL AND OFFICIAL RECORDS WILL BE AVAILABLE FROM THE NATIONAL
CENTERS FOR ENVIRONMENTAL INFORMATION (FORMERLY THE NATIONAL CLIMATE
DATA CENTER).

$$
