000
CXUS52 KMFL 011824 CCA
CLMFLL

CLIMATE REPORT
NATIONAL WEATHER SERVICE MIAMI, FL
118 PM EST SUN FEB 1 2015

...................................

...THE FORT LAUDERDALE CLIMATE SUMMARY FOR THE MONTH OF JANUARY 2015...

CLIMATE NORMAL PERIOD 1981 TO 2010
CLIMATE RECORD PERIOD 1839 TO 2015

WEATHER         OBSERVED          NORMAL  DEPART  LAST YEAR`S
                 VALUE   DATE(S)  VALUE   FROM    VALUE
                                          NORMAL
.............................................................
TEMPERATURE (F)
RECORD
 HIGH              88   01/14/1979
                        01/27/1965
                        01/20/1947
 LOW               28   01/20/1977
                        01/19/1977
HIGHEST            82   01/05                         83
LOWEST             49   01/25                         43
AVG. MAXIMUM     75.9              76.3    -0.4     73.8
AVG. MINIMUM     62.7              61.6     1.1     59.1
MEAN             69.3              69.0     0.3     66.5
DAYS MAX >= 90      0                                  0
DAYS MAX <= 32      0                                  0
DAYS MIN <= 32      0                                  0
DAYS MIN <= 0       0                                  0

PRECIPITATION (INCHES)
RECORD
 MAXIMUM        10.03   1993
 MINIMUM         0.00   1951
                        1949
TOTALS           3.39              3.63   -0.24     4.16
DAILY AVG.       0.11              0.12   -0.01     0.13
DAYS >= .01         9                                 11
DAYS >= .10         5                                  6
DAYS >= .50         1                                  4
DAYS >= 1.00        1                                  1
GREATEST
 24 HR. TOTAL    1.97   01/13 TO 01/13              1.63

DEGREE_DAYS
HEATING TOTAL      23                48     -25       71
 SINCE 7/1         49                80     -31       75
COOLING TOTAL     165               170      -5      125
 SINCE 1/1        165               172      -7      125
..............................................................

WIND (MPH)
AVERAGE WIND SPEED              9.1
HIGHEST WIND SPEED/DIRECTION    28/260    DATE  01/26
HIGHEST GUST SPEED/DIRECTION    35/260    DATE  01/26

SKY COVER
POSSIBLE SUNSHINE (PERCENT)   MM
AVERAGE SKY COVER           0.60
NUMBER OF DAYS FAIR            6
NUMBER OF DAYS PC             21
NUMBER OF DAYS CLOUDY          4

AVERAGE RH (PERCENT)     75

WEATHER CONDITIONS. NUMBER OF DAYS WITH
THUNDERSTORM              1     MIXED PRECIP               0
HEAVY RAIN                2     RAIN                       2
LIGHT RAIN               11     FREEZING RAIN              0
LT FREEZING RAIN          0     HAIL                       0
HEAVY SNOW                0     SNOW                       0
LIGHT SNOW                0     SLEET                      0
FOG                      11     FOG W/VIS <= 1/4 MILE      1
HAZE                      3

-  INDICATES NEGATIVE NUMBERS.
R  INDICATES RECORD WAS SET OR TIED.
MM INDICATES DATA IS MISSING.
T  INDICATES TRACE AMOUNT.

...............................................................

...............DATA FOR HOLLYWOOD...JANUARY 2015..............
.....NORMALS USED FOR COMPARISON ARE FORT LAUDERDALE (FLL).....

...TEMPERATURE DATA...

AVERAGE FOR THE MONTH .... 69.8 OR 0.8 DEGREES ABOVE NORMAL.
AVERAGE MAXIMUM .......... 77.4 OR 1.1 DEGREES ABOVE NORMAL.
AVERAGE MINIMUM .......... 62.2 OR 0.6 DEGREES ABOVE NORMAL.

HIGHEST TEMPERATURE FOR THE MONTH: 85 DEGREES ON THE 5TH, 7TH.
LOWEST  TEMPERATURE FOR THE MONTH: 49 DEGREES ON THE 26TH.

...PRECIPITATION...

TOTAL FOR THE MONTH  3.61 INCHES OR 0.02 INCHES BELOW NORMAL.
TOTAL FOR THE YEAR   3.61 INCHES OR 0.02 INCHES BELOW NORMAL.
GREATEST 24-HOUR PERIOD RAINFALL 2.20 INCHES ON THE 13TH.

NUMBER OF DAYS HAVING 0.01 INCHES OR MORE ...  7.
NUMBER OF DAYS HAVING 0.10 INCHES OR MORE ...  6.
NUMBER OF DAYS HAVING 0.50 INCHES OR MORE ...  2.
NUMBER OF DAYS HAVING 1.00 INCHES OR MORE ...  1.

$$
