000
CXUS53 KIWX 011859
CLMFWA

CLIMATE REPORT
NATIONAL WEATHER SERVICE NORTHERN INDIANA
255 PM EDT SAT OCT 1 2016

...................................

...THE FORT WAYNE CLIMATE SUMMARY FOR THE MONTH OF SEPTEMBER 2016...

CLIMATE NORMAL PERIOD 1981 TO 2010
CLIMATE RECORD PERIOD 1897 TO 2016

WEATHER         OBSERVED          NORMAL  DEPART  LAST YEAR`S
                 VALUE   DATE(S)  VALUE   FROM    VALUE  DATE(S)
                                          NORMAL
................................................................
TEMPERATURE (F)
RECORD
 HIGH             100   09/02/1953
 LOW               29   09/23/1995
                        09/29/1951
HIGHEST            92   09/07        MM      MM       90  09/03
LOWEST             47   09/27        MM      MM       45  09/22
                                                          09/21
AVG. MAXIMUM     79.4              76.0     3.4     78.7
AVG. MINIMUM     57.9              52.6     5.3     57.0
MEAN             68.7              64.3     4.4
DAYS MAX >= 90      2               1.2     0.8        1
DAYS MAX <= 32      0               0.0     0.0        0
DAYS MIN <= 32      0               0.1    -0.1        0
DAYS MIN <= 0       0               0.0     0.0        0

PRECIPITATION (INCHES)
RECORD
 MAXIMUM         7.44   1933
 MINIMUM         0.34   1979
TOTALS           5.44              2.80    2.64     3.03
DAILY AVG.       0.18              0.09    0.09     0.10
DAYS >= .01        10               9.1     0.9        6
DAYS >= .10         8               5.3     2.7        5
DAYS >= .50         4               2.2     1.8        2
DAYS >= 1.00        2               0.7     1.3        1
GREATEST
 24 HR. TOTAL    2.46   09/09 TO 09/10

SNOWFALL (INCHES)
RECORDS
 TOTAL              T   2003
TOTALS            0.0               0.0     0.0      0.0
SINCE 7/1         0.0               0.0     0.0      0.0
SNOWDEPTH AVG.      0                MM      MM        0
DAYS >= 1.0         0               0.0     0.0        0
GREATEST
 SNOW DEPTH         0   MM                             0
 24 HR TOTAL      0.0   09/30 TO 09/30

DEGREE_DAYS
HEATING TOTAL      24               104     -80       45
 SINCE 7/1         27               116     -89       54
COOLING TOTAL     143                83      60      136
 SINCE 1/1       1069               800     269      808
.................................................................

WIND (MPH)
AVERAGE WIND SPEED              6.6
HIGHEST WIND SPEED/DIRECTION    24/240    DATE  09/27
HIGHEST GUST SPEED/DIRECTION    34/270    DATE  09/27

SKY COVER
POSSIBLE SUNSHINE (PERCENT)   MM
AVERAGE SKY COVER           0.50
NUMBER OF DAYS FAIR           12
NUMBER OF DAYS PC             12
NUMBER OF DAYS CLOUDY          6

AVERAGE RH (PERCENT)     71

WEATHER CONDITIONS. NUMBER OF DAYS WITH
THUNDERSTORM              0     MIXED PRECIP               0
HEAVY RAIN                6     RAIN                       6
LIGHT RAIN               11     FREEZING RAIN              0
LT FREEZING RAIN          0     HAIL                       0
HEAVY SNOW                0     SNOW                       0
LIGHT SNOW                0     SLEET                      0
FOG                      17     FOG W/VIS <= 1/4 MILE      1
HAZE                      2

-  INDICATES NEGATIVE NUMBERS.
R  INDICATES RECORD WAS SET OR TIED.
MM INDICATES DATA IS MISSING.
T  INDICATES TRACE AMOUNT.

&&

...A WARM AND WET START TO METEOROLOGICAL FALL...

OVERALL IT WAS A WARM SEPTEMBER WITH ABOVE NORMAL PRECIPITATION AT
FORT WAYNE INTERNATIONAL AIRPORT. THE MAJORITY OF THE PRECIPITATION
DURING THE MONTH CAME FROM THREE SEPARATE SYSTEMS. IN BETWEEN THESE
SYSTEMS...MUCH OF THE MONTH WAS DRY AND VERY WARM.

THERE WERE 7 DAYS IN SEPTEMBER WITH AN AVERAGE TEMPERATURE BELOW
NORMAL AND 5 DAYS WITH AN AVERAGE TEMPERATURE OF AT LEAST 10 DEGREES
ABOVE NORMAL. THERE WERE TWO DAYS WITH HIGH TEMPERATURES IN THE
90S...THE 6TH AND 7TH. SEPTEMBER TYPICALLY AVERAGES ABOUT ONE 90
DEGREE DAY.

THE AVERAGE TEMPERATURE FOR THE MONTH WAS 68.7 DEGREES...4.4 DEGREES
ABOVE NORMAL. THIS RANKED AS THE 9TH WARMEST SEPTEMBER ON RECORD.
THIS WAS THE WARMEST SEPTEMBER SINCE 1978. THE AVERAGE HIGH
TEMPERATURE WAS 79.4 WHICH WAS THE 18TH WARMEST ON RECORD. THE
AVERAGE LOW TEMPERATURE WAS 57.9 WHICH WAS THE 8TH WARMEST ON
RECORD.

PRECIPITATION FOR THE MONTH WAS 5.44 INCHES...2.64 INCHES ABOVE
NORMAL. THIS RANKED AS THE 9TH WETTEST SEPTEMBER ON RECORD...TIED
WITH 2003.

$$
LASHLEY
