000
CXUS54 KTSA 011353
CLMFYV

CLIMATE REPORT
NATIONAL WEATHER SERVICE TULSA OK
851 AM CDT FRI AUG 1 2014

...................................

...THE FAYETTEVILLE ARKANSAS CLIMATE SUMMARY FOR THE MONTH OF JULY 2014...

CLIMATE NORMAL PERIOD 1981 TO 2010
CLIMATE RECORD PERIOD 1905 TO 2014

WEATHER         OBSERVED          NORMAL  DEPART  LAST YEAR`S
                 VALUE   DATE(S)  VALUE   FROM    VALUE  DATE(S)
                                          NORMAL
................................................................
TEMPERATURE (F)
RECORD
 HIGH             110   07/13/1954
 LOW               45   07/06/1972
HIGHEST            93   07/23       111     -18       99  07/10
LOWEST             50   07/16        45       5       51  07/03
                                                          07/02
AVG. MAXIMUM     83.9              88.6    -4.7     88.5
AVG. MINIMUM     61.5              66.6    -5.1     63.8
MEAN             72.7              77.6    -4.9     76.1
DAYS MAX >= 90      8              12.9    -4.9       14
DAYS MAX <= 32      0               0.0     0.0        0
DAYS MIN <= 32      0               0.0     0.0        0
DAYS MIN <= 0       0               0.0     0.0        0

PRECIPITATION (INCHES)
RECORD
 MAXIMUM        12.03   1960
 MINIMUM         0.26   1964
TOTALS           2.43              3.46   -1.03     2.78
DAILY AVG.       0.08              0.11   -0.03     0.09
DAYS >= .01         7               8.1    -1.1        8
DAYS >= .10         5               5.0     0.0        6
DAYS >= .50         2               2.0     0.0        2
DAYS >= 1.00        1               1.1    -0.1        0
GREATEST
 24 HR. TOTAL    1.44   07/30 TO 07/31           07/15 TO 07/16
                                                          07/31 TO 07/31
                                                          07/31 TO 07/31

SNOWFALL (INCHES)
RECORDS
 TOTAL            0.0   2002
 24 HR TOTAL       MM
TOTALS            0.0               0.0     0.0      0.0
SINCE 7/1         0.0               0.0     0.0      0.0
SNOWDEPTH AVG.      0                MM      MM        0
DAYS >= TRACE       0               0.0     0.0        0
DAYS >= 1.0         0               0.0     0.0        0
GREATEST
 SNOW DEPTH         0   MM                             0  MM
 24 HR TOTAL      0.0   07/31 TO 07/31           07/31 TO 07/31
                                                          07/31 TO 07/31
                                                          07/31 TO 07/31

DEGREE_DAYS
HEATING TOTAL       4                 0       4        0
 SINCE 7/1          4                 0       4        0
COOLING TOTAL     252               391    -139      355
 SINCE 1/1        662               749     -87      781
..................................................

WIND (MPH)
AVERAGE WIND SPEED              4.5
HIGHEST WIND SPEED/DIRECTION    46/320    DATE  07/23
HIGHEST GUST SPEED/DIRECTION    61/320    DATE  07/23

SKY COVER
POSSIBLE SUNSHINE (PERCENT)   MM
AVERAGE SKY COVER           0.30
NUMBER OF DAYS FAIR           22
NUMBER OF DAYS PC              6
NUMBER OF DAYS CLOUDY          3

AVERAGE RH (PERCENT)     76

WEATHER CONDITIONS. NUMBER OF DAYS WITH
THUNDERSTORM              3     MIXED PRECIP               0
HEAVY RAIN                3     RAIN                       4
LIGHT RAIN                7     FREEZING RAIN              0
LT FREEZING RAIN          0     HAIL                       0
HEAVY SNOW                0     SNOW                       0
LIGHT SNOW                0     SLEET                      0
FOG                      18     FOG W/VIS <= 1/4 MILE      3
HAZE                      2

-  INDICATES NEGATIVE NUMBERS.
R  INDICATES RECORD WAS SET OR TIED.
MM INDICATES DATA IS MISSING.
T  INDICATES TRACE AMOUNT.

&&
-------------------------------------------------------------------
 YEARLY PRECIPITATION (INCHES):
 TOTAL.....................21.05
 DEPARTURE FROM NORMAL.....-7.60
$$
