000
CXUS53 KDDC 011540
CLMGCK


CLIMATE REPORT
NATIONAL WEATHER SERVICE DODGE CITY KS
1033 AM CDT TUE APR 1 2014

...................................

...THE GARDEN CITY REGIONAL ARPT KS CLIMATE SUMMARY FOR THE MONTH OF MARCH 2014...

CLIMATE NORMAL PERIOD 1981 TO 2010
CLIMATE RECORD PERIOD 1948 TO 2014

WEATHER         OBSERVED          NORMAL  DEPART  LAST YEAR`S
                 VALUE   DATE(S)  VALUE   FROM    VALUE  DATE(S)
                                          NORMAL
................................................................
TEMPERATURE (F)
RECORD
 HIGH              93   03/10/1989
                        03/19/1972
 LOW               -6   03/07/1996
HIGHEST            82   03/30        MM      MM       84  03/15
LOWEST             -5   03/03        MM      MM       10  03/26
AVG. MAXIMUM     56.3              57.8    -1.5     58.2
AVG. MINIMUM     25.3              29.4    -4.1     26.8
MEAN             40.8              43.6    -2.8     42.3
DAYS MAX >= 90      0               0.0     0.0        0
DAYS MAX <= 32      3               1.5     1.5        0
DAYS MIN <= 32     24              18.9     5.1       24
DAYS MIN <= 0       2               0.1     1.9        0

PRECIPITATION (INCHES)
RECORD
 MAXIMUM         7.26   1973
 MINIMUM         0.01   1966
TOTALS           0.04              1.46   -1.42     0.08
DAYS >= .01         3               5.3    -2.3        5
DAYS >= .10         0               2.7    -2.7        0
DAYS >= .50         0               0.8    -0.8        0
DAYS >= 1.00        0               0.2    -0.2        0
GREATEST
 24 HR. TOTAL    0.02   03/05 TO 03/05           03/10 TO 03/10

DEGREE_DAYS
HEATING TOTAL     741               664      77      649
 SINCE 7/1       4917              4688     229     4550
COOLING TOTAL       0                 0       0        0
 SINCE 1/1          0                 0       0        0
.................................................

WIND (MPH)
AVERAGE WIND SPEED              15.0
HIGHEST WIND SPEED/DIRECTION    49/010    DATE  03/11
HIGHEST GUST SPEED/DIRECTION    59/010    DATE  03/11


WEATHER CONDITIONS. NUMBER OF DAYS WITH
THUNDERSTORM              0     MIXED PRECIP               0
HEAVY RAIN                0     RAIN                       0
LIGHT RAIN                1     FREEZING RAIN              0
LT FREEZING RAIN          1     HAIL                       0
HEAVY SNOW                0     SNOW                       3
LIGHT SNOW                8     SLEET                      0
FOG                       9     FOG W/VIS <= 1/4 MILE      2
HAZE                      9

-  INDICATES NEGATIVE NUMBERS.
R  INDICATES RECORD WAS SET OR TIED.
MM INDICATES DATA IS MISSING.
T  INDICATES TRACE AMOUNT.

$$
