000
CXUS53 KIND 011612
CLMGEZ


CLIMATE REPORT
NATIONAL WEATHER SERVICE INDIANAPOLIS IN
1112 AM EST SUN JAN 1 2017

...................................

...THE SHELBYVILLE IN CLIMATE SUMMARY FOR THE MONTH OF DECEMBER 2016...

CLIMATE NORMAL PERIOD 1981 TO 2010
CLIMATE RECORD PERIOD 9999 TO 9999

WEATHER         OBSERVED          NORMAL  DEPART  LAST YEAR`S
                 VALUE   DATE(S)  VALUE   FROM    VALUE  DATE(S)
                                          NORMAL
................................................................
TEMPERATURE (F)
HIGHEST            65   12/26                         71  12/12
LOWEST             -2   12/14                         24  12/19
AVG. MAXIMUM     38.2              39.4    -1.2     51.6
AVG. MINIMUM     24.8              24.2     0.6     37.1
MEAN             31.5              31.8    -0.3     44.4
DAYS MAX >= 90      0               0.0     0.0        0
DAYS MAX <= 32      7               8.0    -1.0        0
DAYS MIN <= 32     23              23.2    -0.2       11
DAYS MIN <= 0       1               0.5     0.5        0

PRECIPITATION (INCHES)
TOTALS           2.19              3.27   -1.08     6.16
DAILY AVG.       0.07              0.11   -0.04     0.20
DAYS >= .01        11                MM      MM       11
DAYS >= .10         6                MM      MM        8
DAYS >= .50         1                MM      MM        5
DAYS >= 1.00        0                MM      MM        2
GREATEST
 24 HR. TOTAL    0.82   12/16 TO 12/17

DEGREE_DAYS
HEATING TOTAL    1029              1029       0      633
 SINCE 7/1       1715              2104    -389     1360
COOLING TOTAL       0                 0       0        1
 SINCE 1/1       1470               913     557     1230
.................................................................

WIND (MPH)
AVERAGE WIND SPEED              9.5
HIGHEST WIND SPEED/DIRECTION    31/220    DATE  12/31
HIGHEST GUST SPEED/DIRECTION    41/220    DATE  12/31

SKY COVER
POSSIBLE SUNSHINE (PERCENT)   MM
AVERAGE SKY COVER           0.60
NUMBER OF DAYS FAIR            8
NUMBER OF DAYS PC              8
NUMBER OF DAYS CLOUDY         15

AVERAGE RH (PERCENT)     72

WEATHER CONDITIONS. NUMBER OF DAYS WITH
THUNDERSTORM              0     MIXED PRECIP               0
HEAVY RAIN                2     RAIN                       3
LIGHT RAIN               12     FREEZING RAIN              1
LT FREEZING RAIN          2     HAIL                       0
HEAVY SNOW                1     SNOW                       1
LIGHT SNOW                6     SLEET                      0
FOG                      17     FOG W/VIS <= 1/4 MILE      5
HAZE                      7

-  INDICATES NEGATIVE NUMBERS.
R  INDICATES RECORD WAS SET OR TIED.
MM INDICATES DATA IS MISSING.
T  INDICATES TRACE AMOUNT.

$$
