513
CXUS55 KGJT 011200
CLMGJT


CLIMATE REPORT
NATIONAL WEATHER SERVICE GRAND JUNCTION CO
444 AM MST FRI DEC 1 2017

...................................

...THE GRAND JUNCTION CO CLIMATE SUMMARY FOR THE MONTH OF NOVEMBER 2017...

CLIMATE NORMAL PERIOD 1981 TO 2010
CLIMATE RECORD PERIOD 1893 TO 2017

WEATHER         OBSERVED          NORMAL  DEPART  LAST YEAR`S
                 VALUE   DATE(S)  VALUE   FROM    VALUE  DATE(S)
                                          NORMAL
................................................................
TEMPERATURE (F)
RECORD
 HIGH              76   11/02/2008
 LOW               -4   11/30/2004
HIGHEST            69   11/03        58      11       69  11/16
                        11/02
LOWEST             14   11/19        21      -7       18  11/30
AVG. MAXIMUM     59.6              50.4     9.2     57.1
AVG. MINIMUM     30.9              27.6     3.3     32.5
MEAN             45.3              39.0     6.3     44.8
DAYS MAX >= 90      0               0.0     0.0        0
DAYS MAX <= 32      0               0.5    -0.5        0
DAYS MIN <= 32     21              22.8    -1.8       14
DAYS MIN <= 0       0               0.0     0.0        0

PRECIPITATION (INCHES)
RECORD
 MAXIMUM         2.39   1895
 MINIMUM         0.00   1904
TOTALS           0.01              0.73   -0.72     0.81
DAILY AVG.       0.00              0.02   -0.02     0.03
DAYS >= .01         1               5.9    -4.9        8
DAYS >= .10         0               2.5    -2.5        3
DAYS >= .50         0               0.1    -0.1        0
DAYS >= 1.00        0               0.0     0.0        0
GREATEST
 24 HR. TOTAL    0.01   11/17 TO 11/17              0.48

SNOWFALL (INCHES)
RECORDS
 TOTAL           23.6   1919

TOTALS              T               2.1    -2.1      0.5
SINCE 7/1           T               2.5    -2.5      0.5
SNOWDEPTH AVG.      0                MM      MM        0
DAYS >= 1.0         0               0.7    -0.7        0
GREATEST
 SNOW DEPTH         0   11/30                          0  MM
 24 HR TOTAL        T   11/17 TO 11/17               0.4

DEGREE_DAYS
HEATING TOTAL     583               780    -197      595
 SINCE 7/1       1114              1228    -114      870
COOLING TOTAL       0                 0       0        0
 SINCE 1/1       1479              1125     354     1245
.................................................................

WIND (MPH)
AVERAGE WIND SPEED              5.2
HIGHEST WIND SPEED/DIRECTION    35/300    DATE  11/17
HIGHEST GUST SPEED/DIRECTION    45/290    DATE  11/17

SKY COVER
POSSIBLE SUNSHINE (PERCENT)   MM
AVERAGE SKY COVER           0.10
NUMBER OF DAYS FAIR           27
NUMBER OF DAYS PC              3
NUMBER OF DAYS CLOUDY          0

AVERAGE RH (PERCENT)     47

WEATHER CONDITIONS. NUMBER OF DAYS WITH
THUNDERSTORM              0     MIXED PRECIP               0
HEAVY RAIN                0     RAIN                       0
LIGHT RAIN                3     FREEZING RAIN              0
LT FREEZING RAIN          0     HAIL                       1
HEAVY SNOW                0     SNOW                       0
LIGHT SNOW                0     SLEET                      0
FOG                       0     FOG W/VIS <= 1/4 MILE      0
HAZE                      2

-  INDICATES NEGATIVE NUMBERS.
R  INDICATES RECORD WAS SET OR TIED.
MM INDICATES DATA IS MISSING.
T  INDICATES TRACE AMOUNT.

$$
