000
CXUS53 KGLD 020948
CLMGLD

CLIMATE REPORT
NATIONAL WEATHER SERVICE GOODLAND
346 AM MDT TUE AUG 2 2016

...................................

...THE GOODLAND KS CLIMATE SUMMARY FOR THE MONTH OF JULY 2016...

CLIMATE NORMAL PERIOD 1981 TO 2010
CLIMATE RECORD PERIOD 1895 TO 2016

WEATHER         OBSERVED          NORMAL  DEPART  LAST YEAR`S
                 VALUE   DATE(S)  VALUE   FROM    VALUE  DATE(S)
                                          NORMAL
................................................................
TEMPERATURE (F)
RECORD
 HIGH             111   07/25/1940
 LOW               40   07/11/1895
HIGHEST           104   07/22       102       2      101  07/24
                        07/21
LOWEST             56   07/12        52       4       52  07/07
AVG. MAXIMUM     92.3              90.0     2.3     90.0
AVG. MINIMUM     63.1              61.3     1.8     61.5
MEAN             77.7              75.7     2.0     75.8
DAYS MAX >= 90     23              17.0     6.0       17
DAYS MAX <= 32      0               0.0     0.0        0
DAYS MIN <= 32      0               0.0     0.0        0
DAYS MIN <= 0       0               0.0     0.0        0

PRECIPITATION (INCHES)
RECORD
 MAXIMUM        10.10   1985
                        2001
 MINIMUM         0.27   1916
TOTALS           2.75              3.47   -0.72     2.28
DAILY AVG.       0.09              0.11   -0.02     0.07
DAYS >= .01        17               9.9     7.1       12
DAYS >= .10         9               5.9     3.1        9
DAYS >= .50         1               2.3    -1.3        1
DAYS >= 1.00        0               1.0    -1.0        0
GREATEST
 24 HR. TOTAL    0.81   07/27 TO 07/28              0.88

SNOWFALL (INCHES)
RECORDS
 TOTAL              T   2009
                        2005
TOTALS            0.0               0.0     0.0      0.0
SINCE 7/1         0.0               0.0     0.0      0.0
SNOWDEPTH AVG.      0                                  0
DAYS >= 1.0         0               0.0     0.0        0
GREATEST
 SNOW DEPTH         0                                  0
 24 HR TOTAL      0.0

DEGREE_DAYS
HEATING TOTAL       0                 4      -4        1
 SINCE 7/1          0                 4      -4        1
COOLING TOTAL     402               334      68      343
 SINCE 1/1        715               554     161      591
.......................................................

WIND (MPH)
AVERAGE WIND SPEED              10.7
HIGHEST WIND SPEED/DIRECTION    54/360    DATE  07/13
HIGHEST GUST SPEED/DIRECTION    66/360    DATE  07/13

SKY COVER
AVERAGE SKY COVER           0.20

AVERAGE RH (PERCENT)     61

WEATHER CONDITIONS. NUMBER OF DAYS WITH
THUNDERSTORM             18     MIXED PRECIP               0
HEAVY RAIN                9     RAIN                       3
LIGHT RAIN               13     FREEZING RAIN              0
LT FREEZING RAIN          0     HAIL                       2
HEAVY SNOW                0     SNOW                       0
LIGHT SNOW                0     SLEET                      0
FOG                      15     FOG W/VIS <= 1/4 MILE      1
HAZE                      3

-  INDICATES NEGATIVE NUMBERS.
R  INDICATES RECORD WAS SET OR TIED.
MM INDICATES DATA IS MISSING.
T  INDICATES TRACE AMOUNT.

$$
