000
CXUS53 KGID 021335 CCA
CLMGRI

CLIMATE REPORT...CORRECTED
NATIONAL WEATHER SERVICE HASTINGS NE
525 PM CDT WED NOV 1 2017

...CORRECTED TO PREVIOUS VERSION 11/01/2017 10:29AM DATA...

...................................

...THE GRAND ISLAND NE CLIMATE SUMMARY FOR THE MONTH OF OCTOBER 2017...

CLIMATE NORMAL PERIOD 1981 TO 2010
CLIMATE RECORD PERIOD 1895 TO 2017

WEATHER         OBSERVED          NORMAL  DEPART  LAST YEAR`S
                 VALUE   DATE(S)  VALUE   FROM    VALUE  DATE(S)
                                          NORMAL
................................................................
TEMPERATURE (F)
RECORD
 HIGH              97   10/11/2015
 LOW                6   10/28/1925
HIGHEST            81   10/19        90      -9       83  10/27
LOWEST             15   10/28        19      -4       29  10/13
AVG. MAXIMUM     65.2              64.8     0.4     70.7
AVG. MINIMUM     40.2              39.6     0.6     42.6
MEAN             52.7              52.2     0.5     56.7
DAYS MAX >= 90      0               0.4    -0.4        0
DAYS MAX <= 32      1               0.2     0.8        0
DAYS MIN <= 32      7               6.0     1.0        4
DAYS MIN <= 0       0               0.0     0.0        0

PRECIPITATION (INCHES)
RECORD
 MAXIMUM         6.10   1897
 MINIMUM         0.00   1958
                        1945
                        1933
TOTALS           5.36              1.86    3.50     0.12
DAILY AVG.       0.17              0.06    0.11     0.00
DAYS >= .01        10               6.6     3.4        3
DAYS >= .10         7               4.0     3.0        0
DAYS >= .50         3               1.2     1.8        0
DAYS >= 1.00        1               0.4     0.6        0
GREATEST
 24 HR. TOTAL    3.05   10/02 TO 10/02

SNOWFALL (INCHES)
RECORDS
 TOTAL            9.8   1991
TOTALS            0.9               1.0    -0.1      0.0
SINCE 7/1         0.9               1.1    -0.2      0.0
SNOWDEPTH AVG.      0                MM      MM        0
DAYS >= 1.0         0               0.2    -0.2        0
GREATEST
 SNOW DEPTH         0   MM                             0  MM

DEGREE_DAYS
HEATING TOTAL     378               408     -30      256
 SINCE 7/1        438               523     -85      328
COOLING TOTAL       4                11      -7        5
 SINCE 1/1       1062              1034      28     1146
.................................................................

WIND (MPH)
AVERAGE WIND SPEED              12.5
HIGHEST WIND SPEED/DIRECTION    45/350    DATE  10/26
HIGHEST GUST SPEED/DIRECTION    57/340    DATE  10/26

SKY COVER
POSSIBLE SUNSHINE (PERCENT)   MM
NUMBER OF DAYS FAIR           16
NUMBER OF DAYS PC             10
NUMBER OF DAYS CLOUDY          5

AVERAGE RH (PERCENT)     66

WEATHER CONDITIONS. NUMBER OF DAYS WITH
THUNDERSTORM              6     MIXED PRECIP               0
HEAVY RAIN                4     RAIN                       4
LIGHT RAIN               10     FREEZING RAIN              0
LT FREEZING RAIN          0     HAIL                       0
HEAVY SNOW                0     SNOW                       1
LIGHT SNOW                1     SLEET                      0
FOG                       8     FOG W/VIS <= 1/4 MILE      2
HAZE                      0

-  INDICATES NEGATIVE NUMBERS.
R  INDICATES RECORD WAS SET OR TIED.
MM INDICATES DATA IS MISSING.
T  INDICATES TRACE AMOUNT.

$$
REED
