000
CXUS53 KGRR 012023
CLMGRR


CLIMATE REPORT
NATIONAL WEATHER SERVICE GRAND RAPIDS, MI
412 PM EDT TUE AUG 1 2017

...................................

...THE GRAND RAPIDS MI (ASOS) CLIMATE SUMMARY FOR THE MONTH OF JULY 2017...

CLIMATE NORMAL PERIOD 1981 TO 2010
CLIMATE RECORD PERIOD 1892 TO 2017

WEATHER         OBSERVED          NORMAL  DEPART  LAST YEAR`S
                 VALUE   DATE(S)  VALUE   FROM    VALUE  DATE(S)
                                          NORMAL
................................................................
TEMPERATURE (F)
RECORD
 HIGH             108   07/13/1936
 LOW               41   07/06/1983
HIGHEST            90   07/19        93      -3       92  07/23
                                                          07/08
LOWEST             53   07/29        48       5       52  07/03
                                                          07/02
AVG. MAXIMUM     82.9              82.8     0.1     84.9
AVG. MINIMUM     62.2              62.2     0.0     63.6
MEAN             72.6              72.5     0.1     74.3
DAYS MAX >= 90      1               3.5    -2.5        8
DAYS MAX <= 32      0               0.0     0.0        0
DAYS MIN <= 32      0               0.0     0.0        0
DAYS MIN <= 0       0               0.0     0.0        0

PRECIPITATION (INCHES)
RECORD
 MAXIMUM         8.83   1992
 MINIMUM         0.25   1894
TOTALS           1.12              3.78   -2.66     5.62
DAILY AVG.       0.04              0.12   -0.08     0.18
DAYS >= .01         9               9.7    -0.7       12
DAYS >= .10         5               6.1    -1.1        8
DAYS >= .50         0               2.5    -2.5        4
DAYS >= 1.00        0               1.0    -1.0        2
GREATEST
 24 HR. TOTAL    0.34   07/13 TO 07/13

SNOWFALL (INCHES)
RECORDS
 TOTAL              T   1990
 24 HR TOTAL        T   MM
 SNOW DEPTH         T   MM
TOTALS            0.0               0.0     0.0      0.0
SINCE 7/1         0.0               0.0     0.0      0.0
SNOWDEPTH AVG.      0                MM      MM        0
DAYS >= TRACE       0               0.0     0.0        0
DAYS >= 1.0         0               0.0     0.0        0
GREATEST
 SNOW DEPTH         0   MM                             0  MM
 24 HR TOTAL      0.0   07/31 TO 07/31

DEGREE_DAYS
HEATING TOTAL       0                 6      -6        0
 SINCE 7/1          0                 6      -6        0
COOLING TOTAL     240               239       1      296
 SINCE 1/1        432               431       1      557

FREEZE DATES
RECORD
 EARLIEST     09/03/1946
 LATEST       06/04/1945
EARLIEST                        10/13
LATEST                          05/02
.................................................................

WIND (MPH)
AVERAGE WIND SPEED              7.2
RESULTANT WIND SPEED/DIRECTION   2/252
HIGHEST WIND SPEED/DIRECTION    43/330    DATE  07/07
HIGHEST GUST SPEED/DIRECTION    58/330    DATE  07/07

SKY COVER
POSSIBLE SUNSHINE (PERCENT)   71
AVERAGE SKY COVER           0.50
NUMBER OF DAYS FAIR            6
NUMBER OF DAYS PC             22
NUMBER OF DAYS CLOUDY          3

AVERAGE RH (PERCENT)     72

WEATHER CONDITIONS. NUMBER OF DAYS WITH
THUNDERSTORM              5     MIXED PRECIP               0
HEAVY RAIN                1     RAIN                       3
LIGHT RAIN               10     FREEZING RAIN              0
LT FREEZING RAIN          0     HAIL                       0
HEAVY SNOW                0     SNOW                       0
LIGHT SNOW                0     SLEET                      0
FOG                      12     FOG W/VIS <= 1/4 MILE      2
HAZE                      3

-  INDICATES NEGATIVE NUMBERS.
R  INDICATES RECORD WAS SET OR TIED.
MM INDICATES DATA IS MISSING.
T  INDICATES TRACE AMOUNT.

$$
