000
CXUS54 KHGX 071759
CLMHOU

CLIMATE REPORT
NATIONAL WEATHER SERVICE HOUSTON/GALVESTON TX
1049 AM CDT SAT AUG 1 2015

...................................

...THE GALVESTON CLIMATE SUMMARY FOR THE MONTH OF JULY 2015...

CLIMATE NORMAL PERIOD 1981 TO 2010
CLIMATE RECORD PERIOD 1875 TO 2015

WEATHER         OBSERVED          NORMAL  DEPART  LAST YEAR`S
                 VALUE   DATE(S)  VALUE   FROM    VALUE  DATE(S)
                                          NORMAL
................................................................
TEMPERATURE (F)
RECORD
 HIGH             101   07/16/1932
 LOW               66   07/19/1910
HIGHEST            98   07/31                         94  07/29
LOWEST             76   07/01                         75  07/19
AVG. MAXIMUM     91.6              89.6     2.0     90.2
AVG. MINIMUM     81.6              79.4     2.2     79.3
MEAN             86.6              84.5     2.1     84.8
DAYS MAX >= 90     30              13.2    16.8       22
DAYS MAX <= 32      0               0.0     0.0        0
DAYS MIN <= 32      0               0.0     0.0        0
DAYS MIN <= 0       0               0.0     0.0        0

PRECIPITATION (INCHES)
RECORD
 MAXIMUM        18.74   1900
 MINIMUM            T   1962
TOTALS           0.23              3.80   -3.57     1.08
DAILY AVG.       0.01              0.12   -0.11     0.03
DAYS >= .01         3                                  7
DAYS >= .10         1                                  2
DAYS >= .50         0                                  1
DAYS >= 1.00        0                                  0

DEGREE_DAYS
HEATING TOTAL       0                 0       0        0
 SINCE 7/1          0                 0       0        0
COOLING TOTAL     677               604      73      620
 SINCE 1/1       1930              1774     156     1686
.................................................................

WIND (MPH)
AVERAGE WIND SPEED              10.8
HIGHEST WIND SPEED/DIRECTION    31/230    DATE  07/01
HIGHEST GUST SPEED/DIRECTION    43/240    DATE  07/01

SKY COVER
AVERAGE SKY COVER           0.10

AVERAGE RH (PERCENT)     76

WEATHER CONDITIONS. NUMBER OF DAYS WITH
THUNDERSTORM              1     MIXED PRECIP               0
HEAVY RAIN                1     RAIN                       1
LIGHT RAIN                4     FREEZING RAIN              0
LT FREEZING RAIN          0     HAIL                       0
HEAVY SNOW                0     SNOW                       0
LIGHT SNOW                0     SLEET                      0
FOG                       4     FOG W/VIS <= 1/4 MILE      0
HAZE                      3

-  INDICATES NEGATIVE NUMBERS.
R  INDICATES RECORD WAS SET OR TIED.
MM INDICATES DATA IS MISSING.
T  INDICATES TRACE AMOUNT.

$$
