000
CXUS56 KSEW 011032
CLMHQM


CLIMATE REPORT
NATIONAL WEATHER SERVICE SEATTLE WA
332 AM PDT THU JUN 1 2017

...................................

...THE HOQUIAM WA AIRPORT CLIMATE SUMMARY FOR THE MONTH OF MAY 2017...

CLIMATE NORMAL PERIOD 1981 TO 2010
CLIMATE RECORD PERIOD 1953 TO 2017

WEATHER         OBSERVED          NORMAL  DEPART  LAST YEAR`S
                 VALUE   DATE(S)  VALUE   FROM    VALUE  DATE(S)
                                          NORMAL
................................................................
TEMPERATURE (F)
RECORD
 HIGH              93   05/16/2008
 LOW               30   05/07/2002
HIGHEST            80   05/22        MM      MM       80  05/01
LOWEST             38   05/07        MM      MM       41  05/30
                        05/06                             05/13
AVG. MAXIMUM     59.8              59.7     0.1     63.2
AVG. MINIMUM     46.9              46.3     0.6     47.8
MEAN             53.4              53.0     0.4     55.5
DAYS MAX >= 90      0               0.0     0.0        0
DAYS MAX <= 32      0               0.0     0.0        0
DAYS MIN <= 32      0               0.1    -0.1        0
DAYS MIN <= 0       0               0.0     0.0        0

PRECIPITATION (INCHES)
RECORD
 MAXIMUM         7.77   1960
 MINIMUM         0.28   2015
TOTALS           3.85              3.29    0.56     1.11
DAILY AVG.       0.12              0.11    0.01     0.04
DAYS >= .01        13              15.2    -2.2       11
DAYS >= .10         9               8.4     0.6        3
DAYS >= .50         3               2.0     1.0        0
DAYS >= 1.00        0               0.2    -0.2        0
GREATEST
 24 HR. TOTAL    0.86   05/11 TO 05/11

DEGREE_DAYS
HEATING TOTAL     353               373     -20      286
COOLING TOTAL       0                 1      -1        1
 SINCE 1/1          0                 1      -1        5
.................................................................

WIND (MPH)
AVERAGE WIND SPEED              7.8
HIGHEST WIND SPEED/DIRECTION    29/270    DATE  05/16
HIGHEST GUST SPEED/DIRECTION    38/270    DATE  05/16

SKY COVER
POSSIBLE SUNSHINE (PERCENT)   MM
AVERAGE SKY COVER           0.60
NUMBER OF DAYS FAIR            8
NUMBER OF DAYS PC              8
NUMBER OF DAYS CLOUDY         15

AVERAGE RH (PERCENT)     84

WEATHER CONDITIONS. NUMBER OF DAYS WITH
THUNDERSTORM              0     MIXED PRECIP               0
HEAVY RAIN                1     RAIN                       3
LIGHT RAIN               15     FREEZING RAIN              0
LT FREEZING RAIN          0     HAIL                       0
HEAVY SNOW                0     SNOW                       0
LIGHT SNOW                0     SLEET                      0
FOG                      28     FOG W/VIS <= 1/4 MILE      3
HAZE                      0

-  INDICATES NEGATIVE NUMBERS.
R  INDICATES RECORD WAS SET OR TIED.
MM INDICATES DATA IS MISSING.
T  INDICATES TRACE AMOUNT.

$$
