000
CXUS53 KGID 011311
CLMHSI


CLIMATE REPORT
NATIONAL WEATHER SERVICE HASTINGS NE
806 AM CDT THU SEP 1 2016

...................................

...THE HASTINGS NE CLIMATE SUMMARY FOR THE MONTH OF AUGUST 2016...

CLIMATE NORMAL PERIOD 1981 TO 2010
CLIMATE RECORD PERIOD 1894 TO 2016

WEATHER         OBSERVED          NORMAL  DEPART  LAST YEAR`S
                 VALUE   DATE(S)  VALUE   FROM    VALUE  DATE(S)
                                          NORMAL
................................................................
TEMPERATURE (F)
RECORD
 HIGH             111   08/23/1943
                        08/08/1934
 LOW               40   08/20/1950
                        08/30/1911
HIGHEST            94   08/18       101      -7       94  08/02
                        08/10
                        08/01
LOWEST             50   08/21        51      -1       45  08/24
AVG. MAXIMUM     84.9              85.2    -0.3     83.6
AVG. MINIMUM     63.4              63.4     0.0     61.3
MEAN             74.1              74.3    -0.2     72.4
DAYS MAX >= 90      9               8.0     1.0        4
DAYS MAX <= 32      0               0.0     0.0        0
DAYS MIN <= 32      0               0.0     0.0        0
DAYS MIN <= 0       0               0.0     0.0        0

PRECIPITATION (INCHES)
RECORD
 MAXIMUM         9.86   1903
 MINIMUM         0.37   1919
TOTALS           1.77              3.30   -1.53     2.15
DAILY AVG.       0.06              0.11   -0.05     0.07
DAYS >= .01         9                MM      MM        8
DAYS >= .10         4                MM      MM        3
DAYS >= .50         1                MM      MM        3
DAYS >= 1.00        0                MM      MM        0
GREATEST
 24 HR. TOTAL    0.73   08/19 TO 08/19

SNOWFALL (INCHES)
RECORDS
 TOTAL            0.0   MM
TOTALS            0.0               0.0     0.0      0.0
SINCE 7/1         0.0               0.0     0.0      0.0
SNOWDEPTH AVG.      0                MM      MM        0
DAYS >= 1.0         0                MM      MM        0
GREATEST
 SNOW DEPTH         0   MM                             0  MM

DEGREE_DAYS
HEATING TOTAL       1                 5      -4       11
 SINCE 7/1          4                 6      -2       15
COOLING TOTAL     291               293      -2      248
 SINCE 1/1       1048               953      95      843
.................................................................

WIND (MPH)
AVERAGE WIND SPEED              8.1
HIGHEST WIND SPEED/DIRECTION    25/170    DATE  08/22
HIGHEST GUST SPEED/DIRECTION    33/040    DATE  08/02

SKY COVER
POSSIBLE SUNSHINE (PERCENT)   MM
AVERAGE SKY COVER           0.30
NUMBER OF DAYS FAIR           23
NUMBER OF DAYS PC              6
NUMBER OF DAYS CLOUDY          2

AVERAGE RH (PERCENT)     70

WEATHER CONDITIONS. NUMBER OF DAYS WITH
THUNDERSTORM              7     MIXED PRECIP               0
HEAVY RAIN                2     RAIN                       4
LIGHT RAIN               12     FREEZING RAIN              0
LT FREEZING RAIN          0     HAIL                       0
HEAVY SNOW                0     SNOW                       0
LIGHT SNOW                0     SLEET                      0
FOG                      12     FOG W/VIS <= 1/4 MILE      1
HAZE                      2

-  INDICATES NEGATIVE NUMBERS.
R  INDICATES RECORD WAS SET OR TIED.
MM INDICATES DATA IS MISSING.
T  INDICATES TRACE AMOUNT.

$$
MANGELS
