000
CXUS51 KCAR 011233
CLMHUL


CLIMATE REPORT
NATIONAL WEATHER SERVICE CARIBOU, ME
833 AM EDT WED JUL 1 2015

...................................

...THE HOULTON ME CLIMATE SUMMARY FOR THE MONTH OF JUNE 2015...

CLIMATE NORMAL PERIOD 1981 TO 2010
CLIMATE RECORD PERIOD 1948 TO 2015

WEATHER         OBSERVED          NORMAL  DEPART  LAST YEAR`S
                 VALUE   DATE(S)  VALUE   FROM    VALUE  DATE(S)
                                          NORMAL
................................................................
TEMPERATURE (F)
RECORD
 HIGH              97   06/13/1969
 LOW               28   06/06/1971
HIGHEST            80   06/12        MM      MM       87  06/30
                        06/11                             06/29
                                                          06/28
LOWEST             33   06/07        MM      MM       36  06/01
AVG. MAXIMUM     67.4              72.5    -5.1     73.5
AVG. MINIMUM     46.5              47.8    -1.3     49.0
MEAN             57.0              60.2    -3.2     61.2
DAYS MAX >= 90      0               0.4    -0.4        0
DAYS MAX <= 32      0               0.0     0.0        0
DAYS MIN <= 32      0               0.5    -0.5        0
DAYS MIN <= 0       0               0.0     0.0        0

PRECIPITATION (INCHES)
RECORD
 MAXIMUM           MM   MM
 MINIMUM           MM   MM
TOTALS           4.02                      0.37
DAILY AVG.       0.13              0.12    0.01     0.14
DAYS >= .01        14              12.9     1.1       14
DAYS >= .10        11               7.7     3.3       12
DAYS >= .50         1               2.4    -1.4        4
DAYS >= 1.00        1               0.7     0.3        0
GREATEST
 24 HR. TOTAL    1.23   06/21 TO 06/21           06/24 TO 06/25
                                                          06/25 TO 06/25
                                                          06/25 TO 06/25

SNOWFALL (INCHES)
RECORDS
 TOTAL             MM   MM
TOTALS            0.0               0.0     0.0       MM
SINCE 7/1         0.0              89.5   -89.5       MM
SNOWDEPTH AVG.     MM                MM      MM       MM
DAYS >= 1.0         0               0.0     0.0        0
GREATEST
 SNOW DEPTH        MM                                 MM  MM
 24 HR TOTAL      0.0   06/26 TO 06/26                MM

DEGREE_DAYS
HEATING TOTAL     237               181      56
......................................................

WIND (MPH)
AVERAGE WIND SPEED              6.3
HIGHEST WIND SPEED/DIRECTION    22/270    DATE  06/11
HIGHEST GUST SPEED/DIRECTION    30/290    DATE  06/25

SKY COVER
POSSIBLE SUNSHINE (PERCENT)   MM
AVERAGE SKY COVER           0.50
NUMBER OF DAYS FAIR           12
NUMBER OF DAYS PC             11
NUMBER OF DAYS CLOUDY          7

AVERAGE RH (PERCENT)     72

WEATHER CONDITIONS. NUMBER OF DAYS WITH
THUNDERSTORM              0     MIXED PRECIP               0
HEAVY RAIN                2     RAIN                       7
LIGHT RAIN               14     FREEZING RAIN              0
LT FREEZING RAIN          0     HAIL                       0
HEAVY SNOW                0     SNOW                       0
LIGHT SNOW                0     SLEET                      0
FOG                      18     FOG W/VIS <= 1/4 MILE      1
HAZE                      0

-  INDICATES NEGATIVE NUMBERS.
R  INDICATES RECORD WAS SET OR TIED.
MM INDICATES DATA IS MISSING.
T  INDICATES TRACE AMOUNT.

$$
