000
CXUS53 KUNR 011610
CLMICR


CLIMATE REPORT
NATIONAL WEATHER SERVICE RAPID CITY SD
1010 AM MDT WED NOV 1 2017

...................................

...THE WINNER REGIONAL AIRPORT SD CLIMATE SUMMARY FOR THE MONTH OF OCTOBER 2017...

CLIMATE NORMAL PERIOD 1981 TO 2010
CLIMATE RECORD PERIOD 9999 TO 9999

WEATHER         OBSERVED          NORMAL  DEPART  LAST YEAR`S
                 VALUE   DATE(S)  VALUE   FROM    VALUE  DATE(S)
                                          NORMAL
................................................................
TEMPERATURE (F)
HIGHEST            84   10/19                         89  10/31
LOWEST             17   10/31                         32  10/07
AVG. MAXIMUM     63.7              62.4     1.3     71.0
AVG. MINIMUM     39.4              38.8     0.6     44.8
MEAN             51.5              50.6     0.9     57.9
DAYS MAX >= 90      0                                  0
DAYS MAX <= 32      0                                  0
DAYS MIN <= 32      7                                  1
DAYS MIN <= 0       0                                  0

PRECIPITATION (INCHES)
TOTALS           0.56              1.64   -1.08     1.29
DAILY AVG.       0.02              0.05   -0.03     0.04
DAYS >= .01         5                                  6
DAYS >= .10         3                                  2
DAYS >= .50         0                                  2
DAYS >= 1.00        0                                  0
GREATEST
 24 HR. TOTAL    0.19   10/01 TO 10/01              0.67

DEGREE_DAYS
HEATING TOTAL     417               456     -39      249
 SINCE 7/1        527               598     -71      322
COOLING TOTAL       6                10      -4       33
 SINCE 1/1       1113               916     197     1193
.................................................................

WIND (MPH)
AVERAGE WIND SPEED              12.7
HIGHEST WIND SPEED/DIRECTION    45/320    DATE  10/26
HIGHEST GUST SPEED/DIRECTION    59/320    DATE  10/26

AVERAGE RH (PERCENT)     57

WEATHER CONDITIONS. NUMBER OF DAYS WITH
THUNDERSTORM              0     MIXED PRECIP               0
HEAVY RAIN                0     RAIN                       1
LIGHT RAIN               11     FREEZING RAIN              0
LT FREEZING RAIN          0     HAIL                       0
HEAVY SNOW                0     SNOW                       0
LIGHT SNOW                1     SLEET                      0
FOG                       5     FOG W/VIS <= 1/4 MILE      1
HAZE                      2

-  INDICATES NEGATIVE NUMBERS.
R  INDICATES RECORD WAS SET OR TIED.
MM INDICATES DATA IS MISSING.
T  INDICATES TRACE AMOUNT.

$$
