000
CXUS52 KILM 020420
CLMILM


CLIMATE REPORT
NATIONAL WEATHER SERVICE WILMINGTON NC
1117 PM EST SUN FEB 1 2015

...................................

...THE WILMINGTON NC CLIMATE SUMMARY FOR THE MONTH OF JANUARY 2015...

CLIMATE NORMAL PERIOD 1981 TO 2010
CLIMATE RECORD PERIOD 1871 TO 2015

WEATHER         OBSERVED          NORMAL  DEPART  LAST YEAR`S
                 VALUE   DATE(S)  VALUE   FROM    VALUE  DATE(S)
                                          NORMAL
................................................................
TEMPERATURE (F)
RECORD
 HIGH              82   01/31/1975
 LOW                5   01/21/1985
HIGHEST            76   01/04                         76  01/11
LOWEST             16   01/08                         14  01/25
AVG. MAXIMUM     56.9              56.4     0.5     54.9
AVG. MINIMUM     34.6              35.6    -1.0     31.3
MEAN             45.8              46.0    -0.2     43.1
DAYS MAX >= 90      0               0.0     0.0        0
DAYS MAX <= 32      1               0.3     0.7        2
DAYS MIN <= 32     12              11.8     0.2       19
DAYS MIN <= 0       0               0.0     0.0        0

PRECIPITATION (INCHES)
RECORD
 MAXIMUM        10.22   1991
 MINIMUM         0.45   1951
TOTALS           4.98              3.76    1.22     2.77
DAILY AVG.       0.16              0.12    0.04     0.09
DAYS >= .01        13              10.2     2.8       11
DAYS >= .10         7               6.4     0.6        5
DAYS >= .50         4               2.6     1.4        2
DAYS >= 1.00        2               1.0     1.0        0
GREATEST
 24 HR. TOTAL    2.12   01/23 TO 01/24

SNOWFALL (INCHES)
RECORDS
 TOTAL            8.6   1912
 24 HR TOTAL      8.4   01/13/1912 TO 01/13/1912
TOTALS            0.0               0.4    -0.4      1.0
SINCE 7/1         0.0               1.2    -1.2      1.0
DAYS >= TRACE       0               0.3    -0.3        3
DAYS >= 1.0         0               0.2    -0.2        0
GREATEST
 SNOW DEPTH         0   MM                             1  01/31

 24 HR TOTAL      0.0   MM

DEGREE_DAYS
HEATING TOTAL     595               591       4      674
COOLING TOTAL       6                 2       4        3
.........................................................

WIND (MPH)
AVERAGE WIND SPEED              7.9
RESULTANT WIND SPEED/DIRECTION   3/317
HIGHEST WIND SPEED/DIRECTION    35/310    DATE  01/24
HIGHEST GUST SPEED/DIRECTION    44/220    DATE  01/24

SKY COVER
POSSIBLE SUNSHINE (PERCENT)   MM
AVERAGE SKY COVER           0.40
NUMBER OF DAYS FAIR           17
NUMBER OF DAYS PC              7
NUMBER OF DAYS CLOUDY          7

AVERAGE RH (PERCENT)     69

WEATHER CONDITIONS. NUMBER OF DAYS WITH
THUNDERSTORM              3     MIXED PRECIP               0
HEAVY RAIN                5     RAIN                       7
LIGHT RAIN               15     FREEZING RAIN              0
LT FREEZING RAIN          0     HAIL                       0
HEAVY SNOW                0     SNOW                       0
LIGHT SNOW                0     SLEET                      0
FOG                      17     FOG W/VIS <= 1/4 MILE      3
HAZE                      3

-  INDICATES NEGATIVE NUMBERS.
R  INDICATES RECORD WAS SET OR TIED.
MM INDICATES DATA IS MISSING.
T  INDICATES TRACE AMOUNT.

$$
