000
CXUS53 KLBF 011138
CLMIML


CLIMATE REPORT
NATIONAL WEATHER SERVICE NORTH PLATTE
634 AM CDT WED NOV 1 2017

...................................

...THE IMPERIAL NE CLIMATE SUMMARY FOR THE MONTH OF OCTOBER 2017...

CLIMATE NORMAL PERIOD 1981 TO 2010
CLIMATE RECORD PERIOD 1893 TO 2017

WEATHER         OBSERVED          NORMAL  DEPART  LAST YEAR`S
                 VALUE   DATE(S)  VALUE   FROM    VALUE  DATE(S)
                                          NORMAL
................................................................
TEMPERATURE (F)
RECORD
 HIGH              96   10/05/1947
 LOW               -3   10/22/1917
HIGHEST            85   10/19        87      -2       87  10/14
LOWEST             18   10/30        21      -3       28  10/07
AVG. MAXIMUM     67.3              65.1     2.2     73.9
AVG. MINIMUM     36.2              36.5    -0.3     39.7
MEAN             51.8              50.8     1.0     56.8
DAYS MAX >= 90      0               0.6    -0.6        0
DAYS MAX <= 32      0               0.5    -0.5        0
DAYS MIN <= 32     10               8.1     1.9        4
DAYS MIN <= 0       0               0.0     0.0        0

PRECIPITATION (INCHES)
RECORD
 MAXIMUM         4.22   1930
 MINIMUM         0.00   1933
TOTALS           0.31              1.34   -1.03     0.46
DAILY AVG.       0.01              0.04   -0.03     0.01
DAYS >= .01         7                MM      MM        4
DAYS >= .10         1                MM      MM        2
DAYS >= .50         0                MM      MM        0
DAYS >= 1.00        0                MM      MM        0
GREATEST
 24 HR. TOTAL    0.15   10/06 TO 10/06           10/11 TO 10/12
                                                          10/12 TO 10/12
                                                          10/12 TO 10/12

SNOWFALL (INCHES)
TOTALS             MM

DEGREE_DAYS
HEATING TOTAL     403               446     -43      252
 SINCE 7/1        500               562     -62      319
COOLING TOTAL       1                 6      -5        8
 SINCE 1/1       1042               963      79     1011
...................................................

WIND (MPH)
HIGHEST WIND SPEED/DIRECTION    45/360    DATE  10/26
HIGHEST GUST SPEED/DIRECTION    53/360    DATE  10/26

AVERAGE RH (PERCENT)     56

WEATHER CONDITIONS. NUMBER OF DAYS WITH
THUNDERSTORM              0     MIXED PRECIP               0
HEAVY RAIN                0     RAIN                       1
LIGHT RAIN                6     FREEZING RAIN              0
LT FREEZING RAIN          0     HAIL                       0
HEAVY SNOW                0     SNOW                       0
LIGHT SNOW                2     SLEET                      0
FOG                       6     FOG W/VIS <= 1/4 MILE      1
HAZE                      0

-  INDICATES NEGATIVE NUMBERS.
R  INDICATES RECORD WAS SET OR TIED.
MM INDICATES DATA IS MISSING.
T  INDICATES TRACE AMOUNT.

$$
