000
CXUS53 KIND 011610
CLMIND


CLIMATE REPORT
NATIONAL WEATHER SERVICE INDIANAPOLIS IN
1110 AM EST FRI DEC 1 2017

...................................

...THE INDIANAPOLIS IN CLIMATE SUMMARY FOR THE MONTH OF NOVEMBER 2017...

CLIMATE NORMAL PERIOD 1981 TO 2010
CLIMATE RECORD PERIOD 1871 TO 2017

WEATHER         OBSERVED          NORMAL  DEPART  LAST YEAR`S
                 VALUE   DATE(S)  VALUE   FROM    VALUE  DATE(S)
                                          NORMAL
................................................................
TEMPERATURE (F)
RECORD
 HIGH              81   11/01/1950
 LOW               -5   11/22/1880
HIGHEST            73   11/05                         79  11/01
LOWEST             23   11/22                         23  11/21
AVG. MAXIMUM     52.7              52.2     0.5     57.8
AVG. MINIMUM     35.2              35.1     0.1     38.4
MEAN             43.9              43.6     0.3     48.1
DAYS MAX >= 90      0               0.0     0.0        0
DAYS MAX <= 32      0               0.8    -0.8        0
DAYS MIN <= 32     13              11.8     1.2        8
DAYS MIN <= 0       0               0.0     0.0        0

PRECIPITATION (INCHES)
RECORD
 MAXIMUM         9.35   1881
 MINIMUM         0.11   1904
TOTALS           3.96              3.70    0.26     2.77
DAILY AVG.       0.13              0.12    0.01     0.09
DAYS >= .01        10              10.8    -0.8        6
DAYS >= .10         5               6.5    -1.5        3
DAYS >= .50         4               2.5     1.5        3
DAYS >= 1.00        1               1.0     0.0        1
GREATEST
 24 HR. TOTAL    1.17   11/05 TO 11/05

SNOWFALL (INCHES)
RECORDS
 TOTAL            9.8   1932
 SNOW DEPTH         9   11/16/1932
TOTALS              T               0.7    -0.7        T
SINCE 7/1           T               1.1    -1.1        T
SNOWDEPTH AVG.      0
DAYS >= 1.0         0               0.2    -0.2        0
DAYS >= 0.1         0                                  0
GREATEST
 SNOW DEPTH         0   MM                             0  MM
 24 HR TOTAL        T   11/21 TO 11/21                 T  11/19 TO 11/19
                        11/01 TO 11/01

DEGREE_DAYS
HEATING TOTAL     624               641     -17      503
 SINCE 7/1        904              1042    -138      693
COOLING TOTAL       0                 1      -1        5
 SINCE 1/1       1164              1066      98     1443
..........................................................

WIND (MPH)
AVERAGE WIND SPEED              10.0
HIGHEST WIND SPEED/DIRECTION    39/210    DATE  11/18
HIGHEST GUST SPEED/DIRECTION    48/200    DATE  11/18

SKY COVER
POSSIBLE SUNSHINE (PERCENT)   MM
AVERAGE SKY COVER           0.60
NUMBER OF DAYS FAIR            7
NUMBER OF DAYS PC             11
NUMBER OF DAYS CLOUDY         12

AVERAGE RH (PERCENT)     70

WEATHER CONDITIONS. NUMBER OF DAYS WITH
THUNDERSTORM              3     MIXED PRECIP               0
HEAVY RAIN                2     RAIN                       7
LIGHT RAIN               12     FREEZING RAIN              0
LT FREEZING RAIN          0     HAIL                       0
HEAVY SNOW                0     SNOW                       0
LIGHT SNOW                2     SLEET                      1
FOG                      13     FOG W/VIS <= 1/4 MILE      0
HAZE                      2

-  INDICATES NEGATIVE NUMBERS.
R  INDICATES RECORD WAS SET OR TIED.
MM INDICATES DATA IS MISSING.
T  INDICATES TRACE AMOUNT.

$$
