000
CXCA52 TJSJ 041147
CLMIST

CLIMATE REPORT
NATIONAL WEATHER SERVICE SAN JUAN, PR
115 AM AST MON DEC 1 2014

...................................

...THE CYRIL E. KING AIRPORT/USVI CLIMATE SUMMARY FOR THE MONTH OF NOVEMBER 2014...

CLIMATE NORMAL PERIOD 1981 TO 2010
CLIMATE RECORD PERIOD 1953 TO 2014

WEATHER         OBSERVED          NORMAL  DEPART
                 VALUE   DATE(S)  VALUE   FROM
                                          NORMAL
................................................
TEMPERATURE (F)
RECORD
 HIGH              95   11/25/1995
 LOW               61   11/25/1999
                        11/25/1983
HIGHEST            88   11/18        88       0
                        11/02
LOWEST             69   11/05        74      -5
AVG. MAXIMUM     85.5              87.0    -1.5
AVG. MINIMUM     75.1              75.2    -0.1
MEAN             80.3              81.1    -0.8
DAYS MAX >= 90      0               4.3    -4.3
DAYS MAX <= 32      0               0.0     0.0
DAYS MIN <= 32      0               0.0     0.0
DAYS MIN <= 0       0               0.0     0.0

PRECIPITATION (INCHES)
RECORD
 MAXIMUM        18.39   2003
 MINIMUM         0.78   1962
TOTALS           7.13              5.23    1.90
DAILY AVG.       0.24              0.16    0.08
DAYS >= .01        19              17.8     1.2
DAYS >= .10        11              10.0     1.0
DAYS >= .50         3               3.2    -0.2
DAYS >= 1.00        2               1.3     0.7
GREATEST
 24 HR. TOTAL    2.69   11/07 TO 11/07

DEGREE_DAYS
HEATING TOTAL       0                 0       0
 SINCE 7/1          0                 0       0
COOLING TOTAL     468               483     -15
 SINCE 1/1       5548              5594     -46
.................................................

WIND (MPH)
AVERAGE WIND SPEED              9.8
RESULTANT WIND SPEED/DIRECTION   8/103
HIGHEST WIND SPEED/DIRECTION    25/100    DATE  11/25

SKY COVER
AVERAGE SKY COVER           0.30

AVERAGE RH (PERCENT)     81

WEATHER CONDITIONS. NUMBER OF DAYS WITH
THUNDERSTORM              0     MIXED PRECIP               0
HEAVY RAIN                2     RAIN                       4
LIGHT RAIN                9     FREEZING RAIN              0
LT FREEZING RAIN          0     HAIL                       0
HEAVY SNOW                0     SNOW                       0
LIGHT SNOW                0     SLEET                      0
FOG                       6     FOG W/VIS <= 1/4 MILE      0
HAZE                      1

-  INDICATES NEGATIVE NUMBERS.
R  INDICATES RECORD WAS SET OR TIED.
MM INDICATES DATA IS MISSING.
T  INDICATES TRACE AMOUNT.

$$
