000
CXHW53 PHFO 070501
CLMITO


CLIMATE REPORT
NATIONAL WEATHER SERVICE HONOLULU HI
701 PM HST SAT AUG 6 2016

...................................

...THE HILO HI CLIMATE SUMMARY FOR THE MONTH OF JULY 2016...

CLIMATE NORMAL PERIOD 1981 TO 2010
CLIMATE RECORD PERIOD 1946 TO 2016

WEATHER         OBSERVED          NORMAL  DEPART  LAST YEAR`S
                 VALUE   DATE(S)  VALUE   FROM    VALUE  DATE(S)
                                          NORMAL
................................................................
TEMPERATURE (F)
RECORD
 HIGH              91   07/24/2004
                        07/17/2004
 LOW               62   07/11/1970
HIGHEST            88   07/26        83       5       MM  MM
LOWEST             68   07/11        69      -1       MM  MM
AVG. MAXIMUM     85.2              82.8     2.4       MM
AVG. MINIMUM     71.8              69.3     2.5       MM
MEAN             78.5              76.1     2.4       MM
DAYS MAX >= 90      0               0.0     0.0       MM
DAYS MAX <= 32      0               0.0     0.0       MM
DAYS MIN <= 32      0               0.0     0.0       MM
DAYS MIN <= 0       0               0.0     0.0       MM

PRECIPITATION (INCHES)
RECORD
 MAXIMUM        28.59   1982
 MINIMUM         3.54   1999
TOTALS           7.36             10.81   -3.45       MM
DAILY AVG.       0.24              0.35   -0.11       MM
DAYS >= .01        23              26.8    -3.8       MM
DAYS >= .10        17              19.5    -2.5       MM
DAYS >= .50         4               6.1    -2.1       MM
DAYS >= 1.00        2               2.2    -0.2       MM
GREATEST
 24 HR. TOTAL    1.97   07/22 TO 07/23                MM

SNOWFALL (INCHES)
RECORDS
 TOTAL             MM   5
TOTALS            0.0               0.0     0.0       MM
SINCE 7/1         0.0               0.0     0.0       MM
SNOWDEPTH AVG.      0                MM      MM       MM
DAYS >= 1.0         0               0.0     0.0       MM
GREATEST
 SNOW DEPTH         0   MM                            MM  MM
 24 HR TOTAL      0.0   07/31 TO 07/31                MM

DEGREE_DAYS
HEATING TOTAL       0                 0       0       MM
 SINCE 7/1          0                 0       0       MM
COOLING TOTAL     429               343      86       MM
 SINCE 1/1       2341              1717     624       MM
.................................................................

WIND (MPH)
AVERAGE WIND SPEED              7.2
HIGHEST WIND SPEED/DIRECTION    25/070    DATE  07/23
HIGHEST GUST SPEED/DIRECTION    32/070    DATE  07/23

SKY COVER
POSSIBLE SUNSHINE (PERCENT)   MM
AVERAGE SKY COVER           0.60
NUMBER OF DAYS FAIR            4
NUMBER OF DAYS PC             21
NUMBER OF DAYS CLOUDY          6

AVERAGE RH (PERCENT)     78

WEATHER CONDITIONS. NUMBER OF DAYS WITH
THUNDERSTORM              0     MIXED PRECIP               0
HEAVY RAIN               12     RAIN                      11
LIGHT RAIN               24     FREEZING RAIN              0
LT FREEZING RAIN          0     HAIL                       0
HEAVY SNOW                0     SNOW                       0
LIGHT SNOW                0     SLEET                      0
FOG                      23     FOG W/VIS <= 1/4 MILE      0
HAZE                      2

-  INDICATES NEGATIVE NUMBERS.
R  INDICATES RECORD WAS SET OR TIED.
MM INDICATES DATA IS MISSING.
T  INDICATES TRACE AMOUNT.

$$
