000
CXUS53 KGLD 041140
CLMITR

CLIMATE REPORT
NATIONAL WEATHER SERVICE GOODLAND
536 AM MDT FRI AUG 4 2017

...................................

...THE BURLINGTON CLIMATE SUMMARY FOR THE MONTH OF JULY 2017...

CLIMATE NORMAL PERIOD 1981 TO 2010
CLIMATE RECORD PERIOD 1896 TO 2017

WEATHER         OBSERVED          NORMAL  DEPART  LAST YEAR`S
                 VALUE   DATE(S)  VALUE   FROM    VALUE  DATE(S)
                                          NORMAL
................................................................
TEMPERATURE (F)
RECORD
 HIGH             108   07/07/2001
 LOW               36   07/03/1905
HIGHEST           100   07/10       101      -1      103  07/20
                        07/06
LOWEST             54   07/23        52       2       53  07/12
AVG. MAXIMUM     90.9              88.5     2.4     91.9
AVG. MINIMUM     61.9              60.4     1.5     61.6
MEAN             76.4              74.5     1.9     76.7
DAYS MAX >= 90     18              15.0     3.0       23
DAYS MAX <= 32      0               0.0     0.0        0
DAYS MIN <= 32      0               0.0     0.0        0
DAYS MIN <= 0       0               0.0     0.0        0

PRECIPITATION (INCHES)
RECORD
 MAXIMUM         7.13   1958
 MINIMUM         0.29   1955
TOTALS           4.05              3.13    0.92     2.16
DAILY AVG.       0.13              0.10    0.03     0.07
DAYS >= .01        11                MM      MM       11
DAYS >= .10         7                MM      MM        7
DAYS >= .50         3                MM      MM        1
DAYS >= 1.00        1                MM      MM        0
GREATEST
 24 HR. TOTAL    1.40   07/12 TO 07/12              1.53


.................................................................



-  INDICATES NEGATIVE NUMBERS.
R  INDICATES RECORD WAS SET OR TIED.
MM INDICATES DATA IS MISSING.
T  INDICATES TRACE AMOUNT.

$$
