000
CXUS51 KOKX 011432 RRA
CLMJFK

CLIMATE REPORT
NATIONAL WEATHER SERVICE NEW YORK NY
924 AM EST THU DEC 1 2016



...THE KENNEDY NY CLIMATE SUMMARY FOR THE MONTH OF NOVEMBER 2016...

CLIMATE NORMAL PERIOD 1981 TO 2010
CLIMATE RECORD PERIOD 1948 TO 2016

WEATHER         OBSERVED          NORMAL  DEPART  LAST YEAR`S
                 VALUE   DATE(S)  VALUE   FROM    VALUE  DATE(S)
                                          NORMAL
................................................................
TEMPERATURE (F)
RECORD
 HIGH              77   11/15/1993
                        11/04/1975
 LOW               19   11/21/1987
                        11/30/1976
HIGHEST            73   11/03        MM      MM       75  11/06
LOWEST             36   11/23        MM      MM       31  11/24
AVG. MAXIMUM     57.8              54.3     3.5     60.1
AVG. MINIMUM     43.4              40.7     2.7     44.9
MEAN             50.6              47.5     3.1     52.5
DAYS MAX >= 90      0               0.0     0.0        0
DAYS MAX <= 32      0               0.1    -0.1        0
DAYS MIN <= 32      0               3.1    -3.1        2
DAYS MIN <= 0       0               0.0     0.0        0

PRECIPITATION (INCHES)
RECORD
 MAXIMUM         9.51   1972
 MINIMUM         0.32   1976
TOTALS           3.48              3.30    0.18     1.20
DAILY AVG.       0.12              0.11    0.01     0.04
DAYS >= .01         6               9.4    -3.4        6
DAYS >= .10         4               6.1    -2.1        2
DAYS >= .50         2               2.4    -0.4        1
DAYS >= 1.00        2               0.8     1.2        0
GREATEST
 24 HR. TOTAL    1.42   11/29 TO 11/29           11/19 TO 11/19
                                                          11/19 TO 11/20
                                                          11/20 TO 11/20
 STORM TOTAL       MM                                 MM
 (MM/DD(HH))            MM                    11/19(00) TO 11/19(00)
                                                 11/20(00) TO 11/20(00)0
                                                 11/20(00) TO 11/20(00)0

SNOWFALL (INCHES)
RECORDS
 TOTAL             MM   5
 24 HR TOTAL       MM
TOTALS              T               0.2    -0.2      0.0
 LIQUID EQUIV      MM              0.00      MM     0.00
SINCE 7/1           T               0.2    -0.2
 LIQUID 7/1        MM              0.00             0.00
DAYS >= TRACE       3               0.2     2.8        0
DAYS >= 1.0         0               0.1    -0.1        0
GREATEST
 SNOW DEPTH         0   MM                             0  MM
 24 HR TOTAL        T   11/22 TO 11/22           11/30 TO 11/30
                                                          11/20 TO 11/20
                                                          11/20 TO 11/20
 STORM TOTAL       MM                                 MM
 (MM/DD(HH))            MM                    11/30(00) TO 11/30(00)
                                                 11/20(00) TO 11/20(00)0
                                                 11/20(00) TO 11/20(00)0

DEGREE_DAYS
HEATING TOTAL     426               525     -99      369
 SINCE 7/1        640               824    -184      591
COOLING TOTAL       0                 0       0        4
 SINCE 1/1       1362              1005     357     1387
.................................................

WIND (MPH)
AVERAGE WIND SPEED              12.0
HIGHEST WIND SPEED/DIRECTION    37/270    DATE  11/20
HIGHEST GUST SPEED/DIRECTION    50/280    DATE  11/21

SKY COVER
POSSIBLE SUNSHINE (PERCENT)   MM
AVERAGE SKY COVER           0.50
NUMBER OF DAYS FAIR            8
NUMBER OF DAYS PC             14
NUMBER OF DAYS CLOUDY          8

AVERAGE RH (PERCENT)     58

WEATHER CONDITIONS. NUMBER OF DAYS WITH
THUNDERSTORM              0     MIXED PRECIP               0
HEAVY RAIN                2     RAIN                       5
LIGHT RAIN                9     FREEZING RAIN              0
LT FREEZING RAIN          0     HAIL                       0
HEAVY SNOW                0     SNOW                       0
LIGHT SNOW                3     SLEET                      0
FOG                       7     FOG W/VIS <= 1/4 MILE      1
HAZE                      6

-  INDICATES NEGATIVE NUMBERS.
R  INDICATES RECORD WAS SET OR TIED.
MM INDICATES DATA IS MISSING.
T  INDICATES TRACE AMOUNT.

$$
