155
CXUS53 KGRR 011219
CLMJXN

CLIMATE REPORT
NATIONAL WEATHER SERVICE GRAND RAPIDS, MI
819 AM EDT SUN MAY 1 2016

...................................

...THE JACKSON MI CLIMATE SUMMARY FOR THE MONTH OF APRIL 2016...

CLIMATE NORMAL PERIOD 1981 TO 2010
CLIMATE RECORD PERIOD 1944 TO 9999

WEATHER         OBSERVED          NORMAL  DEPART  LAST YEAR`S
                 VALUE   DATE(S)  VALUE   FROM    VALUE  DATE(S)
                                          NORMAL
................................................................
TEMPERATURE (F)
HIGHEST            81   04/18        MM      MM       76  04/17
LOWEST             19   04/05        MM      MM       20  04/24
AVG. MAXIMUM     56.8              58.7    -1.9     59.5
AVG. MINIMUM     35.6              36.9    -1.3     35.9
MEAN             46.2              47.8    -1.6     47.7
DAYS MAX >= 90      0               0.0     0.0        0
DAYS MAX <= 32      1               0.3     0.7        0
DAYS MIN <= 32     12               9.7     2.3        7
DAYS MIN <= 0       0               0.0     0.0        0

PRECIPITATION (INCHES)
TOTALS           3.27              2.61    0.66     2.59
DAILY AVG.       0.11              0.09    0.02     0.09
DAYS >= .01        15              11.8     3.2       13
DAYS >= .10         8               6.6     1.4        6
DAYS >= .50         1               1.5    -0.5        3
DAYS >= 1.00        0               0.3    -0.3        0
GREATEST
 24 HR. TOTAL    0.88   04/30 TO 04/30

DEGREE_DAYS
HEATING TOTAL     557               522      35      510
 SINCE 7/1       5388              6346    -958     7008
COOLING TOTAL       0                 6      -6        0
 SINCE 1/1          0                 6      -6        0
.................................................................

WIND (MPH)
AVERAGE WIND SPEED              8.8
RESULTANT WIND SPEED/DIRECTION   2/117
HIGHEST WIND SPEED/DIRECTION    29/330    DATE  04/02
HIGHEST GUST SPEED/DIRECTION    37/330    DATE  04/02

SKY COVER
POSSIBLE SUNSHINE (PERCENT)   MM
AVERAGE SKY COVER           0.50
NUMBER OF DAYS FAIR           10
NUMBER OF DAYS PC             10
NUMBER OF DAYS CLOUDY         10

AVERAGE RH (PERCENT)     61

WEATHER CONDITIONS. NUMBER OF DAYS WITH
THUNDERSTORM              3     MIXED PRECIP               0
HEAVY RAIN                1     RAIN                       4
LIGHT RAIN               12     FREEZING RAIN              0
LT FREEZING RAIN          0     HAIL                       0
HEAVY SNOW                2     SNOW                       4
LIGHT SNOW                6     SLEET                      0
FOG                      12     FOG W/VIS <= 1/4 MILE      5
HAZE                     10

-  INDICATES NEGATIVE NUMBERS.
R  INDICATES RECORD WAS SET OR TIED.
MM INDICATES DATA IS MISSING.
T  INDICATES TRACE AMOUNT.

&&

APRIL 2016 FEATURED BELOW NORMAL TEMPERATURES ACROSS SOUTHWEST LOWER
MICHIGAN FOR THE FIRST TIME SINCE AUGUST 2015. PRECIPITATION WAS
VARIABLE... BUT AVERAGED NEAR NORMAL ACROSS THE AREA. SNOWFALL WAS
ABOVE NORMAL.

THE FIRST HALF OF APRIL WAS LARGELY COOLER THAN NORMAL ACROSS
SOUTHWEST LOWER MICHIGAN... WITH HIGHS JUST IN THE 30S AND 40S FOR
SEVERAL DAYS. THE WEATHER PATTERN THEN FLIPPED AND PRODUCED WELL
ABOVE NORMAL TEMPERATURES FOR A WEEK BETWEEN APRIL 15-21. AFTER A
FEW 70 DEGREE DAYS... MOST LOCATIONS HIT 80 DEGREES ON APRIL 18.
HOWEVER... APRIL 2016 ENDED RATHER GLOOMILY WITH COOL AND DAMP
CONDITIONS.

WITH MUCH COOLER THAN NORMAL TEMPERATURES IN PLACE DURING THE FIRST
HALF OF APRIL... SOUTHWEST LOWER MICHIGAN RECEIVED BOUTS OF SNOW
MIXED WITH RAIN...SLEET... AND FREEZING RAIN AT TIMES. CENTRAL AND
NORTHERN LOWER MICHIGAN SAW THE HEAVIEST SNOW... BUT MOST LOCATIONS
RECEIVED ACCUMULATING SNOW ON APRIL 2 AND AGAIN APRIL 8-10. GRAND
RAPIDS AND LANSING RECEIVED 4-6 INCHES OF SNOW ON APRIL 8.

THE LAST WEEK OF APRIL FEATURED 1 OR 2 SUNNY DAYS... BUT OTHERWISE A
FAIR AMOUNT OF CLOUD COVER. SEVERE WEATHER STRUCK SOUTHWEST LOWER
MICHIGAN ON APRIL 25. THE STORMS BROUGHT FREQUENT LIGHTNING... LARGE
HAIL... MODERATE TO HEAVY RAIN... AND GUSTY WINDS. THE MONTH ENDED
WITH COOLER TEMPERATURES AND SOME STEADY RAIN ON APRIL 28 AND APRIL
30.

$$

EBW
