000
CXUS55 KVEF 011322 CCA
CLMLAS

CLIMATE REPORT
NATIONAL WEATHER SERVICE LAS VEGAS, NV
613 AM PDT SUN MAY 1 2016

...................................

...THE LAS VEGAS NV CLIMATE SUMMARY FOR THE MONTH OF APRIL 2016...

CLIMATE NORMAL PERIOD 1981 TO 2010
CLIMATE RECORD PERIOD 1937 TO 2016

WEATHER         OBSERVED          NORMAL  DEPART  LAST YEAR`S
                 VALUE   DATE(S)  VALUE   FROM    VALUE  DATE(S)
                                          NORMAL
................................................................
TEMPERATURE (F)
RECORD
 HIGH              99   04/29/2013
                        04/22/2012
                        04/27/2000
 LOW               31   04/02/1975
                        04/03/1955
                        04/04/1945
HIGHEST            91   04/22        93      -2       95  04/30
                        04/21
                        04/20
LOWEST             49   04/30        44       5       49  04/15
                        04/09                             04/04
AVG. MAXIMUM     78.6              78.3     0.3     80.0
AVG. MINIMUM     58.0              56.1     1.9     57.6
MEAN             68.3              67.2     1.1     68.8
DAYS MAX >= 90      3               3.1    -0.1        3
DAYS MAX <= 32      0               0.0     0.0        0
DAYS MIN <= 32      0               0.0     0.0        0
DAYS MIN <= 0       0               0.0     0.0        0

PRECIPITATION (INCHES)
RECORD
 MAXIMUM         2.44   1965
 MINIMUM         0.00   2011
                        2008
                        2002
TOTALS           2.26              0.15    2.11     0.26
DAILY AVG.       0.08              0.01    0.07     0.01
DAYS >= .01         7               1.6     5.4        1
DAYS >= .10         4               0.4     3.6        1
DAYS >= .50         2               0.1     1.9        0
DAYS >= 1.00        0               0.0     0.0        0
GREATEST
 24 HR. TOTAL    0.93   04/30 TO 04/30

SNOWFALL (INCHES)
RECORDS
 TOTAL            0.0   2002
                        2001
                        2000
 24 HR TOTAL      0.0
TOTALS            0.0               0.0     0.0      0.0
SINCE 7/1           T
SNOWDEPTH AVG.      0
DAYS >= TRACE       0
DAYS >= 1.0         0
GREATEST
 SNOW DEPTH         0
 24 HR TOTAL      0.0   04/30 TO 04/30
 STORM TOTAL       MM
 (MM/DD(HH))

DEGREE_DAYS
HEATING TOTAL      36                63     -27       26
 SINCE 7/1       1693              1943    -250     1209
COOLING TOTAL     142               129      13      147
 SINCE 1/1        206               160      46      295

FREEZE DATES
RECORD
 EARLIEST     10/21/1949
 LATEST       04/12/1967
EARLIEST                        11/25
LATEST                          02/28
.................................................................

WIND (MPH)
AVERAGE WIND SPEED              8.3
HIGHEST WIND SPEED/DIRECTION    37/310    DATE  04/15
HIGHEST GUST SPEED/DIRECTION    47/310    DATE  04/15

SKY COVER
POSSIBLE SUNSHINE (PERCENT)   MM
AVERAGE SKY COVER           0.50
NUMBER OF DAYS FAIR            9
NUMBER OF DAYS PC             16
NUMBER OF DAYS CLOUDY          5

AVERAGE RH (PERCENT)     32

WEATHER CONDITIONS. NUMBER OF DAYS WITH
THUNDERSTORM              5     MIXED PRECIP               0
HEAVY RAIN                1     RAIN                       3
LIGHT RAIN                7     FREEZING RAIN              0
LT FREEZING RAIN          0     HAIL                       0
HEAVY SNOW                0     SNOW                       0
LIGHT SNOW                0     SLEET                      0
FOG                       4     FOG W/VIS <= 1/4 MILE      0
HAZE                      0

-  INDICATES NEGATIVE NUMBERS.
R  INDICATES RECORD WAS SET OR TIED.
MM INDICATES DATA IS MISSING.
T  INDICATES TRACE AMOUNT.

$$
