000
CXUS54 KLUB 011439
CLMLBB


CLIMATE REPORT
NATIONAL WEATHER SERVICE LUBBOCK, TX
938 AM CDT SUN OCT 1 2017

...................................

...THE LUBBOCK CLIMATE SUMMARY FOR THE MONTH OF SEPTEMBER 2017...

CLIMATE NORMAL PERIOD 1981 TO 2010
CLIMATE RECORD PERIOD 1911 TO 2017

WEATHER         OBSERVED          NORMAL  DEPART  LAST YEAR`S
                 VALUE   DATE(S)  VALUE   FROM    VALUE  DATE(S)
                                          NORMAL
................................................................
TEMPERATURE (F)
RECORD
 HIGH             105   09/19/1930
 LOW               33   09/21/1983
                        09/29/1916
HIGHEST            97   09/16                         93  09/19
                        09/14
                        09/12
LOWEST             52   09/06                         48  09/28
AVG. MAXIMUM     84.7              84.5     0.2     84.2
AVG. MINIMUM     59.9              58.8     1.1     62.1
MEAN             72.3              71.7     0.6     73.1
DAYS MAX >= 90     13               8.0     5.0        4
DAYS MAX <= 32      0               0.0     0.0        0
DAYS MIN <= 32      0               0.0     0.0        0
DAYS MIN <= 0       0               0.0     0.0        0

PRECIPITATION (INCHES)
RECORD
 MAXIMUM        13.93   1936
 MINIMUM         0.00   1954
TOTALS           3.46              2.51    0.95     1.47
DAILY AVG.       0.12              0.08    0.04     0.05
DAYS >= .01         9                                 10
DAYS >= .10         6                                  5
DAYS >= .50         3                                  1
DAYS >= 1.00        0                                  0
GREATEST
 24 HR. TOTAL    0.94   09/25 TO 09/25

DEGREE_DAYS
HEATING TOTAL      25                23       2        2
 SINCE 7/1         25                23       2        2
COOLING TOTAL     250               223      27      254
 SINCE 1/1       1895              1749     146     1980
.................................................................

WIND (MPH)
AVERAGE WIND SPEED              10.4
HIGHEST WIND SPEED/DIRECTION    37/320    DATE  09/17
HIGHEST GUST SPEED/DIRECTION    49/310    DATE  09/17

SKY COVER
POSSIBLE SUNSHINE (PERCENT)   MM
AVERAGE SKY COVER           0.40
NUMBER OF DAYS FAIR           17
NUMBER OF DAYS PC              7
NUMBER OF DAYS CLOUDY          6

AVERAGE RH (PERCENT)     61

WEATHER CONDITIONS. NUMBER OF DAYS WITH
THUNDERSTORM              0     MIXED PRECIP               0
HEAVY RAIN                6     RAIN                       5
LIGHT RAIN               10     FREEZING RAIN              0
LT FREEZING RAIN          0     HAIL                       0
HEAVY SNOW                0     SNOW                       0
LIGHT SNOW                0     SLEET                      0
FOG                      11     FOG W/VIS <= 1/4 MILE      0
HAZE                      6

-  INDICATES NEGATIVE NUMBERS.
R  INDICATES RECORD WAS SET OR TIED.
MM INDICATES DATA IS MISSING.
T  INDICATES TRACE AMOUNT.

$$
