000
CXUS54 KLUB 011538
CLMLBB


CLIMATE REPORT
NATIONAL WEATHER SERVICE LUBBOCK, TX
1037 AM CDT THU SEP 1 2016

...................................

...THE LUBBOCK CLIMATE SUMMARY FOR THE MONTH OF AUGUST 2016...

CLIMATE NORMAL PERIOD 1981 TO 2010
CLIMATE RECORD PERIOD 1911 TO 2016

WEATHER         OBSERVED          NORMAL  DEPART  LAST YEAR`S
                 VALUE   DATE(S)  VALUE   FROM    VALUE  DATE(S)
                                          NORMAL
................................................................
TEMPERATURE (F)
RECORD
 HIGH             107   08/03/1944
                        08/13/1936
                        08/12/1936
 LOW               43   08/31/1915
HIGHEST           100   08/04                        100  08/14
                                                          08/13
                                                          08/06
LOWEST             58   08/21                         56  08/24
                        08/17
                        08/15
AVG. MAXIMUM     90.6              91.3    -0.7     93.6
AVG. MINIMUM     66.6              66.6     0.0     67.0
MEAN             78.6              79.0    -0.4     80.3
DAYS MAX >= 90     18              20.2    -2.2       26
DAYS MAX <= 32      0               0.0     0.0        0
DAYS MIN <= 32      0               0.0     0.0        0
DAYS MIN <= 0       0               0.0     0.0        0

PRECIPITATION (INCHES)
RECORD
 MAXIMUM         8.85   1966
 MINIMUM            T   1943
TOTALS           3.03              1.91    1.12     0.25
DAILY AVG.       0.10              0.06    0.04     0.01
DAYS >= .01        11                                  3
DAYS >= .10         8                                  1
DAYS >= .50         1                                  0
DAYS >= 1.00        0                                  0
GREATEST
 24 HR. TOTAL    1.22   08/30 TO 08/31

DEGREE_DAYS
HEATING TOTAL       0                 0       0        0
 SINCE 7/1          0                 0       0        0
COOLING TOTAL     431               433      -2      481
 SINCE 1/1       1726              1526     200     1505
.................................................................

WIND (MPH)
AVERAGE WIND SPEED              9.8
HIGHEST WIND SPEED/DIRECTION    37/140    DATE  08/10
HIGHEST GUST SPEED/DIRECTION    46/300    DATE  08/23

SKY COVER
POSSIBLE SUNSHINE (PERCENT)   MM
AVERAGE SKY COVER           0.50
NUMBER OF DAYS FAIR            8
NUMBER OF DAYS PC             18
NUMBER OF DAYS CLOUDY          5

AVERAGE RH (PERCENT)     58

WEATHER CONDITIONS. NUMBER OF DAYS WITH
THUNDERSTORM              0     MIXED PRECIP               0
HEAVY RAIN                6     RAIN                       6
LIGHT RAIN               15     FREEZING RAIN              0
LT FREEZING RAIN          0     HAIL                       0
HEAVY SNOW                0     SNOW                       0
LIGHT SNOW                0     SLEET                      0
FOG                      13     FOG W/VIS <= 1/4 MILE      0
HAZE                      8

-  INDICATES NEGATIVE NUMBERS.
R  INDICATES RECORD WAS SET OR TIED.
MM INDICATES DATA IS MISSING.
T  INDICATES TRACE AMOUNT.

$$
