000
CXUS53 KLBF 011429
CLMLBF


CLIMATE REPORT
NATIONAL WEATHER SERVICE NORTH PLATTE
827 AM CST FRI DEC 1 2017

...................................

...THE NORTH PLATTE NE CLIMATE SUMMARY FOR THE MONTH OF NOVEMBER 2017...

CLIMATE NORMAL PERIOD 1981 TO 2010
CLIMATE RECORD PERIOD 1874 TO 2017

WEATHER         OBSERVED          NORMAL  DEPART  LAST YEAR`S
                 VALUE   DATE(S)  VALUE   FROM    VALUE  DATE(S)
                                          NORMAL
................................................................
TEMPERATURE (F)
RECORD
 HIGH              83   11/08/2006
                        11/05/1915
                        00/-1/1709
 LOW              -25   11/27/1887
HIGHEST            77   11/27        72       5       77  11/10
LOWEST             16   11/19         3      13        6  11/19
                        11/08
AVG. MAXIMUM     55.6              50.2     5.4     58.9
AVG. MINIMUM     25.0              21.0     4.0     26.4
MEAN             40.3              35.6     4.7     42.7
DAYS MAX >= 90      0               0.0     0.0        0
DAYS MAX <= 32      0               3.2    -3.2        0
DAYS MIN <= 32     26              27.2    -1.2       26
DAYS MIN <= 0       0               0.9    -0.9        0

PRECIPITATION (INCHES)
RECORD
 MAXIMUM         2.89   1979
 MINIMUM            T   1939
                        1932
                        1914
TOTALS           0.07              0.64   -0.57     0.79
DAILY AVG.       0.00              0.02   -0.02     0.03
DAYS >= .01         3               4.7    -1.7        4
DAYS >= .10         0               1.7    -1.7        3
DAYS >= .50         0               0.3    -0.3        0
DAYS >= 1.00        0               0.0     0.0        0
GREATEST
 24 HR. TOTAL    0.06   10/31 TO 11/01           11/17 TO 11/18
                        11/01 TO 11/02                    11/18 TO 11/18
                        11/02 TO 11/03                    11/18 TO 11/18

SNOWFALL (INCHES)
RECORDS
 TOTAL           20.5   1919
TOTALS            0.4               3.9    -3.5      5.0
SINCE 7/1         1.0               6.2    -5.2      5.0
SNOWDEPTH AVG.      0                MM      MM        0
DAYS >= 1.0         0               1.2    -1.2        2
GREATEST
 SNOW DEPTH         T   11/07                          4  11/18
 24 HR TOTAL      0.4   11/07 TO 11/07

DEGREE_DAYS
HEATING TOTAL     734               882    -148      662
 SINCE 7/1       1291              1551    -260     1041
COOLING TOTAL       0                 0       0        0
 SINCE 1/1        954               768     186      911
.........................................................

WIND (MPH)
AVERAGE WIND SPEED              7.5
HIGHEST WIND SPEED/DIRECTION    35/020    DATE  11/27
HIGHEST GUST SPEED/DIRECTION    48/020    DATE  11/27

SKY COVER
POSSIBLE SUNSHINE (PERCENT)   MM
AVERAGE SKY COVER           0.30
NUMBER OF DAYS FAIR           20
NUMBER OF DAYS PC              6
NUMBER OF DAYS CLOUDY          4

AVERAGE RH (PERCENT)     64

WEATHER CONDITIONS. NUMBER OF DAYS WITH
THUNDERSTORM              0     MIXED PRECIP               0
HEAVY RAIN                0     RAIN                       0
LIGHT RAIN                2     FREEZING RAIN              0
LT FREEZING RAIN          0     HAIL                       0
HEAVY SNOW                0     SNOW                       0
LIGHT SNOW                1     SLEET                      0
FOG                       9     FOG W/VIS <= 1/4 MILE      1
HAZE                      2

-  INDICATES NEGATIVE NUMBERS.
R  INDICATES RECORD WAS SET OR TIED.
MM INDICATES DATA IS MISSING.
T  INDICATES TRACE AMOUNT.

$$
