000
CXUS51 KOKX 031534 CCA
CLMLGA

NYCCLMLGA 000
TTAA00 KOKX 011712


CLIMATE REPORT
NATIONAL WEATHER SERVICE NEW YORK NY
1033 AM EST TUE FEB 3 2015

...................................

...THE LAGUARDIA NY CLIMATE SUMMARY FOR THE MONTH OF JANUARY 2015...

CLIMATE NORMAL PERIOD 1981 TO 2010
CLIMATE RECORD PERIOD 1945 TO 2015

WEATHER         OBSERVED          NORMAL  DEPART  LAST YEAR`S
                 VALUE   DATE(S)  VALUE   FROM    VALUE  DATE(S)
                                          NORMAL
................................................................
TEMPERATURE (F)
RECORD
 HIGH              95   01/12/2015
 LOW               -3   01/19/1994
                        01/21/1985
HIGHEST            57   01/04        MM      MM       56  01/11
LOWEST              8   01/08        MM      MM        4  01/07
AVG. MAXIMUM     36.0              39.3    -3.3     35.5
AVG. MINIMUM     23.6              26.6    -3.0     21.9
MEAN             29.8              32.9    -3.1     28.7
DAYS MAX >= 90      0               0.0     0.0        0
DAYS MAX <= 32      9               7.1     1.9       14
DAYS MIN <= 32     27              20.7     6.3       24
DAYS MIN <= 0       0               0.1    -0.1        0

PRECIPITATION (INCHES)
RECORD
 MAXIMUM         8.68   1979
 MINIMUM         0.51   1981
TOTALS           4.98              3.17    1.81     2.36
DAILY AVG.       0.16              0.10    0.06     0.08
DAYS >= .01        11              10.3     0.7       12
DAYS >= .10         9               5.8     3.2        9
DAYS >= .50         3               2.1     0.9        1
DAYS >= 1.00        1               0.7     0.3        0
GREATEST
 24 HR. TOTAL    1.98   01/18 TO 01/18           01/10 TO 01/11

 STORM TOTAL       MM                                 MM
 (MM/DD(HH))            MM
SNOWFALL (INCHES)
RECORDS
 TOTAL           32.6   2011
 24 HR TOTAL       MM
TOTALS           19.7               7.4    12.3     16.7
 LIQUID EQUIV    1.97              0.70    1.27     1.67
SINCE 7/1        21.4              12.9     8.5     24.5
 LIQUID 7/1      2.14              1.30             2.45
DAYS >= TRACE      11               4.6     6.4       10
DAYS >= 1.0         6               1.9     4.1        3
GREATEST
 SNOW DEPTH        12   01/27                          8  01/22
                                                          01/04
 24 HR TOTAL     11.0   01/26 TO 01/27           01/11 TO 01/11

 STORM TOTAL       MM                                 MM
 (MM/DD(HH))            MM
DEGREE_DAYS
HEATING TOTAL    1083               993      90     1116
 SINCE 7/1       2586              2599     -13     2723
COOLING TOTAL       0                 0       0        0
 SINCE 1/1          0                 0       0        0
..................................................

WIND (MPH)
AVERAGE WIND SPEED              12.7
HIGHEST WIND SPEED/DIRECTION    37/310    DATE  01/16
HIGHEST GUST SPEED/DIRECTION    49/300    DATE  01/05

SKY COVER
POSSIBLE SUNSHINE (PERCENT)   MM
AVERAGE SKY COVER           0.60
NUMBER OF DAYS FAIR            7
NUMBER OF DAYS PC             14
NUMBER OF DAYS CLOUDY         10

AVERAGE RH (PERCENT)     57

WEATHER CONDITIONS. NUMBER OF DAYS WITH
THUNDERSTORM              0     MIXED PRECIP               0
HEAVY RAIN                3     RAIN                       3
LIGHT RAIN                5     FREEZING RAIN              0
LT FREEZING RAIN          2     HAIL                       0
HEAVY SNOW                3     SNOW                       4
LIGHT SNOW               11     SLEET                      1
FOG                      11     FOG W/VIS <= 1/4 MILE      5
HAZE                      8

-  INDICATES NEGATIVE NUMBERS.
R  INDICATES RECORD WAS SET OR TIED.
MM INDICATES DATA IS MISSING.
T  INDICATES TRACE AMOUNT.

$$
