000
CXUS51 KOKX 022307 RRA
CLMLGA

CLIMATE REPORT
NATIONAL WEATHER SERVICE NEW YORK NY
607 PM EST FRI FEB 2 2018

...................................

...THE LAGUARDIA NY CLIMATE SUMMARY FOR THE MONTH OF JANUARY 2018...

CLIMATE NORMAL PERIOD 1981 TO 2010
CLIMATE RECORD PERIOD 1939 TO 2018

WEATHER         OBSERVED          NORMAL  DEPART  LAST YEAR`S
                 VALUE   DATE(S)  VALUE   FROM    VALUE  DATE(S)
                                          NORMAL
................................................................
TEMPERATURE (F)
RECORD
 HIGH              95   01/12/2015
 LOW               -3   01/19/1994
                        01/21/1985
HIGHEST            60   01/23        MM      MM       68  01/12
                        01/12
LOWEST              6   01/07        MM      MM       17  01/09
AVG. MAXIMUM     38.3              39.3    -1.0     44.4
AVG. MINIMUM     24.5              26.6    -2.1     35.0
MEAN             31.4              32.9    -1.5     39.7
DAYS MAX >= 90      0               0.0     0.0        0
DAYS MAX <= 32      9               7.1     1.9        3
DAYS MIN <= 32     22              20.7     1.3       10
DAYS MIN <= 0       0               0.1    -0.1        0

PRECIPITATION (INCHES)
RECORD
 MAXIMUM         8.68   1979
 MINIMUM         0.51   1981
TOTALS           2.12              3.17   -1.05     4.13
DAILY AVG.       0.07              0.10   -0.03     0.13
DAYS >= .01         7              10.3    -3.3       15
DAYS >= .10         6               5.8     0.2        9
DAYS >= .50         2               2.1    -0.1        3
DAYS >= 1.00        0               0.7    -0.7        1
GREATEST
 24 HR. TOTAL    0.80   01/12 TO 01/13           01/23 TO 01/24
                                                          01/07 TO 01/07EATHER         OBSERVED          NORMAL  DEPART  LAST YEAR`S
                                                          01/07 TO 01/07EATHER         OBSERVED          NORMAL  DEPART  LAST YEAR`S
 STORM TOTAL       MM                                 MM
 (MM/DD(HH))            MM                    01/24(00) TO 01/24(00)
                                                 01/07(00) TO 01/07(00)7EATHER         OBSERVED          NORMAL  DEPART  LAST YEAR`S
                                                 01/07(00) TO 01/07(00)7EATHER         OBSERVED          NORMAL  DEPART  LAST YEAR`S

SNOWFALL (INCHES)
RECORDS
 TOTAL           32.6   2011
 24 HR TOTAL       MM
TOTALS            8.7               7.4     1.3     10.1
 LIQUID EQUIV    0.87              0.70    0.17     1.01
SINCE 7/1        16.7              12.9     3.8     13.1
 LIQUID 7/1      1.67              1.30             1.31
DAYS >= TRACE       5               4.6     0.4        5
DAYS >= 1.0         2               1.9     0.1        3
GREATEST
 SNOW DEPTH         7   01/08                          7  01/08
                        01/07
                        01/06
 24 HR TOTAL      7.4   01/04 TO 01/04           01/07 TO 01/07
                                                          01/07 TO 01/07EATHER         OBSERVED          NORMAL  DEPART  LAST YEAR`S
                                                          01/07 TO 01/07EATHER         OBSERVED          NORMAL  DEPART  LAST YEAR`S
 STORM TOTAL       MM                                 MM
 (MM/DD(HH))            MM                    01/07(00) TO 01/07(00)
                                                 01/07(00) TO 01/07(00)7EATHER         OBSERVED          NORMAL  DEPART  LAST YEAR`S
                                                 01/07(00) TO 01/07(00)7EATHER         OBSERVED          NORMAL  DEPART  LAST YEAR`S

DEGREE_DAYS
HEATING TOTAL    1033               993      40      778
 SINCE 7/1       2509              2599     -90     2074
COOLING TOTAL       0                 0       0        0
 SINCE 1/1          0                 0       0        0
.................................................................

WIND (MPH)
AVERAGE WIND SPEED              12.5
HIGHEST WIND SPEED/DIRECTION    40/300    DATE  01/04
HIGHEST GUST SPEED/DIRECTION    53/350    DATE  01/04

SKY COVER
POSSIBLE SUNSHINE (PERCENT)   MM
AVERAGE SKY COVER           0.60
NUMBER OF DAYS FAIR            9
NUMBER OF DAYS PC             11
NUMBER OF DAYS CLOUDY         11

AVERAGE RH (PERCENT)     59

WEATHER CONDITIONS. NUMBER OF DAYS WITH
  0
  4
  0
  0
  1
  1
  4
HAZE                      2

-  INDICATES NEGATIVE NUMBERS.
R  INDICATES RECORD WAS SET OR TIED.
MM INDICATES DATA IS MISSING.
T  INDICATES TRACE AMOUNT.

$$
