000
CXUS53 KARX 011416
CLMLSE

CLIMATE REPORT
NATIONAL WEATHER SERVICE LA CROSSE WI
816 AM CST FRI DEC 1 2017

...SLIGHTLY ABOVE NORMAL TEMPERATURES AND MUCH BELOW NORMAL
PRECIPITATION FOR LA CROSSE WI IN NOVEMBER...

THE AVERAGE TEMPERATURE FOR NOVEMBER WAS 36.6 DEGREES WHICH WAS 0.6
DEGREES ABOVE NORMAL. THE AVERAGE HIGH WAS 45.4...NORMAL IS
43.8...WHILE THE AVERAGE LOW TEMPERATURE WAS 27.7...NORMAL IS 28.1.
THE HIGHEST TEMPERATURE DURING THE MONTH WAS 65 DEGREES ON THE 24TH.
THE LOWEST READING OCCURRED ON THE 10TH AND WAS 12 DEGREES.

LA CROSSE RECEIVED 0.35 INCHES OF PRECIPITATION DURING THE MONTH OF
NOVEMBER WHICH WAS 1.66 INCHES BELOW NORMAL. THE GREATEST 24-HOUR
PRECIPITATION AMOUNT WAS 0.13 INCHES WHICH OCCURRED ON THE 17TH.
THERE WERE 5 DAYS OF MEASURABLE PRECIPITATION AND 7 DAYS WHERE A
TRACE WAS RECORDED. A TRACE OF SNOW FELL DURING THE MONTH...WHICH
WAS 4.1 INCHES BELOW THE NORMAL.

...RECORDS...

NOVEMBER 24TH...NEW RECORD DAILY HIGH TEMPERATURE OF 65 DEGREES.
THE PREVIOUS RECORD WAS 62 DEGREES SET IN 1931

...DISCUSSION...

AFTER A VERY WET OCTOBER, PRECIPITATION WAS HARD TO COME BY DURING
NOVEMBER WITH ONLY 0.35 INCHES RECORDED. THIS RANKED NOVEMBER 2017
AS THE 13TH DRIEST ON RECORD. SNOWFALL WAS ALSO LACKING WITH ONLY A
TRACE RECORDED, NORMALLY THE AREA WOULD SEE 4.1 INCHES. THERE HAVE
ONLY BEEN 15 YEARS ON RECORD WHERE SNOWFALL HAS BEEN A TRACE OR ZERO
DURING NOVEMBER.  TEMPERATURES DURING THE FIRST PART OF THE MONTH
TENDED TO AVERAGE BELOW NORMAL, WITH THE LAST HALF TENDING TO BE
MILDER.

...................................

...THE LA CROSSE WI CLIMATE SUMMARY FOR THE MONTH OF NOVEMBER 2017...

CLIMATE NORMAL PERIOD 1981 TO 2010
CLIMATE RECORD PERIOD 1873 TO 2017

WEATHER         OBSERVED          NORMAL  DEPART  LAST YEAR`S
                 VALUE   DATE(S)  VALUE   FROM    VALUE  DATE(S)
                                          NORMAL
................................................................
TEMPERATURE (F)
RECORD
 HIGH              80   11/01/1933
 LOW              -21   11/29/1875
HIGHEST            65   11/24        MM      MM       73  11/01
LOWEST             12   11/10        MM      MM       19  11/21
AVG. MAXIMUM     45.4              43.8     1.6     56.0
AVG. MINIMUM     27.7              28.1    -0.4     36.4
MEAN             36.5              35.9     0.6     46.2
DAYS MAX >= 90      0               0.0     0.0        0
DAYS MAX <= 32      1               4.5    -3.5        0
DAYS MIN <= 32     23              19.6     3.4       10
DAYS MIN <= 0       0               0.1    -0.1        0

PRECIPITATION (INCHES)
RECORD
 MAXIMUM         7.24   1876
 MINIMUM            T   1976
TOTALS           0.35              2.01   -1.66     1.16
DAILY AVG.       0.01              0.07   -0.06     0.04
DAYS >= .01         5               9.0    -4.0        6
DAYS >= .10         2               4.7    -2.7        4
DAYS >= .50         0               1.2    -1.2        1
DAYS >= 1.00        0               0.3    -0.3        0
GREATEST
 24 HR. TOTAL    0.13   11/17 TO 11/17

SNOWFALL (INCHES)
RECORDS
 TOTAL           30.3   1991
TOTALS              T               4.1    -4.1        T
SINCE 7/1           T               4.3    -4.3        T
SNOWDEPTH AVG.      0                MM      MM        0
DAYS >= TRACE       4               3.1     0.9        3
DAYS >= 1.0         0               1.2    -1.2        0
GREATEST
 SNOW DEPTH         0   MM                             0  MM
 24 HR TOTAL        T   11/22 TO 11/22

DEGREE_DAYS
HEATING TOTAL     845               872     -27      556
 SINCE 7/1       1237              1500    -263      859
COOLING TOTAL       0                 0       0        0
 SINCE 1/1       1001               782     219     1033
.................................................................

WIND (MPH)
AVERAGE WIND SPEED              9.0
HIGHEST WIND SPEED/DIRECTION    33/320    DATE  11/21
HIGHEST GUST SPEED/DIRECTION    44/320    DATE  11/21

SKY COVER
POSSIBLE SUNSHINE (PERCENT)   MM
AVERAGE SKY COVER           0.40
NUMBER OF DAYS FAIR           15
NUMBER OF DAYS PC              6
NUMBER OF DAYS CLOUDY          9

AVERAGE RH (PERCENT)     68

WEATHER CONDITIONS. NUMBER OF DAYS WITH
THUNDERSTORM              0     MIXED PRECIP               0
HEAVY RAIN                0     RAIN                       0
LIGHT RAIN               11     FREEZING RAIN              0
LT FREEZING RAIN          0     HAIL                       0
HEAVY SNOW                0     SNOW                       0
LIGHT SNOW                4     SLEET                      0
FOG                      10     FOG W/VIS <= 1/4 MILE      0
HAZE                      2

-  INDICATES NEGATIVE NUMBERS.
R  INDICATES RECORD WAS SET OR TIED.
MM INDICATES DATA IS MISSING.
T  INDICATES TRACE AMOUNT.

$$

BOYNE
