000
CXUS54 KLZK 011712
CLMLZK

CLIMATE REPORT
NATIONAL WEATHER SERVICE LITTLE ROCK AR
1212 PM CDT SAT AUG 1 2015

...................................

...THE NORTH LITTLE ROCK CLIMATE SUMMARY FOR THE MONTH OF JULY 2015...

CLIMATE NORMAL PERIOD 1981 TO 2010
CLIMATE RECORD PERIOD 1975 TO 2015

WEATHER         OBSERVED          NORMAL  DEPART  LAST YEAR`S
                 VALUE   DATE(S)  VALUE   FROM    VALUE  DATE(S)
                                          NORMAL
................................................................
TEMPERATURE (F)
RECORD
 HIGH             110   07/31/1986
 LOW               60   07/05/1997
HIGHEST           102   07/29        94       8       94  07/27
LOWEST             68   07/06        73      -5       61  07/18
                        07/04
AVG. MAXIMUM     93.3              92.1     1.2     84.7
AVG. MINIMUM     74.7              72.8     1.9     68.1
MEAN             84.0              82.4     1.6     76.4
DAYS MAX >= 90     25              20.8     4.2        8
DAYS MAX <= 32      0               0.0     0.0        0
DAYS MIN <= 32      0               0.0     0.0        0
DAYS MIN <= 0       0               0.0     0.0        0

PRECIPITATION (INCHES)
RECORD
 MAXIMUM         9.12   2009
 MINIMUM         0.34   2000
TOTALS           2.11              3.81   -1.70     3.48
DAILY AVG.       0.07              0.12   -0.05     0.11
DAYS >= .01         6               8.4    -2.4       12
DAYS >= .10         2                                  7
DAYS >= .50         2                                  3
DAYS >= 1.00        1               1.1    -0.1        0
GREATEST
 24 HR. TOTAL    1.04   07/03 TO 07/03
 STORM TOTAL       MM
 (MM/DD(HH))            MM

SNOWFALL (INCHES)
RECORDS
 TOTAL             MM   MM
 24 HR TOTAL       MM
 SNOW DEPTH        MM   MM
TOTALS            0.0               0.0     0.0      0.0
 LIQUID EQUIV    0.00              0.00    0.00     0.00
SINCE 7/1         0.0               0.0     0.0      0.0
 LIQUID 7/1      0.00              0.00    0.00     0.00
SNOWDEPTH AVG.      0
DAYS >= TRACE       0               0.0     0.0        0
DAYS >= 1.0         0                                  0
GREATEST
 SNOW DEPTH         0   MM
 24 HR TOTAL      0.0   07/31 TO 07/31           07/31 TO 07/31
                                                          07/31 TO 07/31
                                                          07/31 TO 07/31

DEGREE_DAYS
HEATING TOTAL       0                 0       0        0
 SINCE 7/1          0                 0       0        0
COOLING TOTAL     600               541      59      361
 SINCE 1/1       1333              1250      83     1017

FREEZE DATES
RECORD
 EARLIEST     10/20/1989
 LATEST       04/19/1983
EARLIEST                        11/13
LATEST                          03/19
..................................................

WIND (MPH)
AVERAGE WIND SPEED              7.0
HIGHEST WIND SPEED/DIRECTION    13/MM     DATE   MM
HIGHEST GUST SPEED/DIRECTION    24/MM     DATE   MM

SKY COVER
POSSIBLE SUNSHINE (PERCENT)   MM
AVERAGE SKY COVER           0.40
NUMBER OF DAYS FAIR            1
NUMBER OF DAYS PC              6
NUMBER OF DAYS CLOUDY          0

AVERAGE RH (PERCENT)     83

WEATHER CONDITIONS. NUMBER OF DAYS WITH
THUNDERSTORM              0     MIXED PRECIP               0
HEAVY RAIN                2     RAIN                       2
LIGHT RAIN                6     FREEZING RAIN              0
LT FREEZING RAIN          0     HAIL                       0
HEAVY SNOW                0     SNOW                       0
LIGHT SNOW                0     SLEET                      0
FOG                       2     FOG W/VIS <= 1/4 MILE      0
HAZE                      0

-  INDICATES NEGATIVE NUMBERS.
R  INDICATES RECORD WAS SET OR TIED.
MM INDICATES DATA IS MISSING.
T  INDICATES TRACE AMOUNT.

$$

...DATA FOR NORTH LITTLE ROCK FOR JULY 2015...

.SUMMARY...

HOT AND HUMID CONDITIONS WERE THE ONGOING STORY FOR THE MONTH OF
JULY...AS DAILY TEMPERATURES RANGED ABOVE NORMAL...WITH BELOW NORMAL
RAINFALL NOTED. ALTHOUGH NORTH LITTLE ROCK ONLY MANAGED TO REACH AT
OR ABOVE THE CENTURY MARK TWICE...WITH 100 AND 102 DEGREES ON THE
25TH AND 29TH RESPECTIVELY...WARM LOW TEMPERATURES KEPT AVERAGE
TEMPERATURES ELEVATED.

AS FAR AS PRECIPITATION...MOST OF THE RAIN FELL DURING THE FIRST
HALF OF JULY...WITH A SCANT 0.20" OF RAINFALL FALLING DURING THE
LAST SIXTEEN DAYS OF THE MONTH.

.MONTHLY TEMPERATURES...

THE AVERAGE HIGH...THE AVERAGE LOW...AND THE AVERAGE MONTHLY
TEMPERATURES WERE THE WARMEST SINCE JULY 2012.

.TEMPERATURE RECORDS TIED OR BROKEN DURING THE MONTH...

THE AVERAGE MONTHLY LOW TEMPERATURE FOR JULY 2015 WAS THE 9TH
WARMEST FOR ANY JULY ON RECORD.

A LOWEST MAXIMUM TEMPERATURE WAS SET ON THE 3RD WHICH HAD A HIGH OF
ONLY 76 DEGREES. THIS BROKE THE OLD RECORD OF 82 DEGREES SET IN 2014.

.DAILY RAINFALL RECORDS TIED OR BROKEN...

A RECORD RAINFALL AMOUNT OF 0.85" FELL ON THE 15TH...WHICH BROKE
THE OLD RECORD OF 0.58" SET IN 1989.

A RECORD RAINFALL AMOUNT OF 1.04" FELL ON THE 3RD...WHICH BROKE THE
OLD RECORD OF 0.41" SET IN 2004.

$$

224
