000
CXUS56 KHNX 031556
CLMMAE


CLIMATE REPORT
NATIONAL WEATHER SERVICE SAN JOAQUIN VALLEY, CA
848 AM PDT SAT JUN 3 2017

...................................

...THE MADERA CA AIRPORT CLIMATE SUMMARY FOR THE MONTH OF MAY 2017...

CLIMATE NORMAL PERIOD 1981 TO 2010
CLIMATE RECORD PERIOD 1998 TO 2017

WEATHER         OBSERVED          NORMAL  DEPART  LAST YEAR`S
                 VALUE   DATE(S)  VALUE   FROM    VALUE  DATE(S)
                                          NORMAL
................................................................
TEMPERATURE (F)
RECORD
 HIGH             106   05/17/2009
 LOW               39   05/11/2010
                        05/01/2008
HIGHEST           101   05/23        MM      MM       98  05/31
LOWEST             44   05/14        MM      MM       47  05/22
AVG. MAXIMUM     84.6              83.6     1.0     84.5
AVG. MINIMUM     54.4              51.0     3.4     54.1
MEAN             69.5              67.3     2.2     69.3
DAYS MAX >= 90     10               7.3     2.7        9
DAYS MIN <= 32      0               0.0     0.0        0

PRECIPITATION (INCHES)
RECORD
 MAXIMUM         1.81   2005
TOTALS           0.01              0.48   -0.47        T
DAYS >= .01         1                MM      MM        0
DAYS >= .10         0                MM      MM        0
DAYS >= .50         0                MM      MM        0
DAYS >= 1.00        0                MM      MM        0
GREATEST
 24 HR. TOTAL    0.01   05/31 TO 05/31

SNOWFALL (INCHES)
RECORDS
 TOTAL            0.0
TOTALS            0.0                MM

DEGREE_DAYS
HEATING TOTAL      25                48     -23       19
 SINCE 7/1       2068              2652    -584     2072
COOLING TOTAL     172               119      53      161
 SINCE 1/1        185               144      41      193
.................................................................

WIND (MPH)
AVERAGE WIND SPEED              7.5
HIGHEST WIND SPEED/DIRECTION    24/310    DATE  05/12
HIGHEST GUST SPEED/DIRECTION    34/310    DATE  05/12

AVERAGE RH (PERCENT)     54

WEATHER CONDITIONS. NUMBER OF DAYS WITH
THUNDERSTORM              0     RAIN                       0
HAIL                      0     FOG                        0
FOG W/VIS <= 1/4 MILE     0     HAZE                       1

-  INDICATES NEGATIVE NUMBERS.
R  INDICATES RECORD WAS SET OR TIED.
MM INDICATES DATA IS MISSING.
T  INDICATES TRACE AMOUNT.

$$
