000
CXUS54 KMAF 011357
CLMMAF


CLIMATE REPORT
NATIONAL WEATHER SERVICE MIDLAND TX
755 AM CST THU DEC 1 2016

...................................

...THE MIDLAND CLIMATE SUMMARY FOR THE MONTH OF NOVEMBER 2016...

CLIMATE NORMAL PERIOD 1981 TO 2010
CLIMATE RECORD PERIOD 1930 TO 2016

WEATHER         OBSERVED          NORMAL  DEPART  LAST YEAR`S
                 VALUE   DATE(S)  VALUE   FROM    VALUE  DATE(S)
                                          NORMAL
................................................................
TEMPERATURE (F)
RECORD
 HIGH              90   11/01/2016
                        11/20/1996
                        07/06/2215
 LOW               10   11/24/1938
HIGHEST            90R  11/01        66      24       81  11/03
                                                          11/02
LOWEST             29   11/30        39     -10       25  11/22
AVG. MAXIMUM     69.2              66.6     2.6     66.9
AVG. MINIMUM     48.8              39.2     9.6     42.8
MEAN             59.0              52.9     6.1     54.8
DAYS MAX >= 90      1               0.0     1.0        0
DAYS MAX <= 32      0               0.1    -0.1        0
DAYS MIN <= 32      2               6.4    -4.4        3
DAYS MIN <= 0       0               0.0     0.0        0

PRECIPITATION (INCHES)
RECORD
 MAXIMUM         5.42   2004
 MINIMUM         0.00   2010
                        1999
                        1950
TOTALS           2.01              0.69    1.32     1.61
DAILY AVG.       0.07              0.02    0.05     0.05
DAYS >= .01         6               3.0     3.0        6
DAYS >= .10         4               1.5     2.5        5
DAYS >= .50         2               0.4     1.6        1
DAYS >= 1.00        0               0.2    -0.2        0
GREATEST
 24 HR. TOTAL    0.90   11/05 TO 11/06              0.84

SNOWFALL (INCHES)
RECORDS
 TOTAL            8.0   2001
TOTALS            0.0               0.5    -0.5      0.0
SINCE 7/1         0.0               0.5    -0.5      0.0
SNOWDEPTH AVG.      0                MM      MM        0
DAYS >= 1.0         0               0.2    -0.2        0
GREATEST
 SNOW DEPTH         0   MM                             0  MM
 24 HR TOTAL      0.0   11/30 TO 11/30               0.0

DEGREE_DAYS
HEATING TOTAL     200               370    -170      307
 SINCE 7/1        211               479    -268      352
.................................................................

WIND (MPH)
AVERAGE WIND SPEED              9.7
HIGHEST WIND SPEED/DIRECTION    33/270    DATE  11/28
HIGHEST GUST SPEED/DIRECTION    47/290    DATE  11/28

SKY COVER
POSSIBLE SUNSHINE (PERCENT)   MM
AVERAGE SKY COVER           0.40
NUMBER OF DAYS FAIR           16
NUMBER OF DAYS PC              6
NUMBER OF DAYS CLOUDY          8

AVERAGE RH (PERCENT)     62

WEATHER CONDITIONS. NUMBER OF DAYS WITH
THUNDERSTORM              0     MIXED PRECIP               0
HEAVY RAIN                3     RAIN                       5
LIGHT RAIN                8     FREEZING RAIN              0
LT FREEZING RAIN          0     HAIL                       0
HEAVY SNOW                0     SNOW                       0
LIGHT SNOW                0     SLEET                      0
FOG                      15     FOG W/VIS <= 1/4 MILE      2
HAZE                     10

-  INDICATES NEGATIVE NUMBERS.
R  INDICATES RECORD WAS SET OR TIED.
MM INDICATES DATA IS MISSING.
T  INDICATES TRACE AMOUNT.

$$
