000
CXUS53 KABR 011335
CLMMBG


CLIMATE REPORT
NATIONAL WEATHER SERVICE ABERDEEN SD
730 AM CST FRI DEC 1 2017

...................................

...THE MOBRIDGE SD CLIMATE SUMMARY FOR THE MONTH OF NOVEMBER 2017...

CLIMATE NORMAL PERIOD 1981 TO 2010
CLIMATE RECORD PERIOD 1911 TO 2017

WEATHER         OBSERVED          NORMAL  DEPART  LAST YEAR`S
                 VALUE   DATE(S)  VALUE   FROM    VALUE  DATE(S)
                                          NORMAL
................................................................
TEMPERATURE (F)
RECORD
 HIGH              78   11/02/1917
 LOW              -20   11/28/1985
                        11/26/1985
HIGHEST            68   11/23        MM      MM       75  11/05
LOWEST              9   11/21        MM      MM       17  11/19
                        11/07
AVG. MAXIMUM     46.8              42.8     4.0     53.6
AVG. MINIMUM     22.7              21.1     1.6     32.0
MEAN             34.7              31.9     2.8     42.8
DAYS MAX >= 90      0               0.0     0.0        0
DAYS MAX <= 32      3               6.9    -3.9        2
DAYS MIN <= 32     28              26.5     1.5       17
DAYS MIN <= 0       0               1.3    -1.3        0

PRECIPITATION (INCHES)
RECORD
 MAXIMUM         2.72   1977
 MINIMUM            T   2006
                        1999
                        1939
TOTALS           0.17              0.48   -0.31     1.05
DAYS >= .01         3                MM      MM        6
DAYS >= .10         0                MM      MM        5
DAYS >= .50         0                MM      MM        0
DAYS >= 1.00        0                MM      MM        0

SNOWFALL (INCHES)
RECORDS
 TOTAL           25.0   5
 SNOW DEPTH        MM   MM
TOTALS            0.4               4.7    -4.3     11.4
SINCE 7/1         0.4                MM      MM     11.4
SNOWDEPTH AVG.      0                MM      MM        0
DAYS >= TRACE       5
DAYS >= 1.0         0
GREATEST
 SNOW DEPTH         0   MM                             5  11/30

DEGREE_DAYS
HEATING TOTAL     902               992     -90      658
 SINCE 7/1       1501              1766    -265     1151
COOLING TOTAL       0                 0       0        0
 SINCE 1/1        791               644     147      961

FREEZE DATES
RECORD
 EARLIEST     MM
 LATEST       MM
EARLIEST                        MM
LATEST                          MM
.................................................................

WIND (MPH)
AVERAGE WIND SPEED              9.9
RESULTANT WIND SPEED/DIRECTION   1/360
HIGHEST WIND SPEED/DIRECTION    37/290    DATE  11/29
HIGHEST GUST SPEED/DIRECTION    48/300    DATE  11/29

SKY COVER
POSSIBLE SUNSHINE (PERCENT)   MM
AVERAGE SKY COVER           0.30
NUMBER OF DAYS FAIR           22
NUMBER OF DAYS PC              3
NUMBER OF DAYS CLOUDY          5

AVERAGE RH (PERCENT)     65

WEATHER CONDITIONS. NUMBER OF DAYS WITH
THUNDERSTORM              0     MIXED PRECIP               0
HEAVY RAIN                0     RAIN                       0
LIGHT RAIN                4     FREEZING RAIN              0
LT FREEZING RAIN          2     HAIL                       0
HEAVY SNOW                0     SNOW                       0
LIGHT SNOW                5     SLEET                      0
FOG                       7     FOG W/VIS <= 1/4 MILE      0
HAZE                      3

-  INDICATES NEGATIVE NUMBERS.
R  INDICATES RECORD WAS SET OR TIED.
MM INDICATES DATA IS MISSING.
T  INDICATES TRACE AMOUNT.

$$
