000
CXUS53 KEAX 010753
CLMMCI

STLCLMWRK 000
TTAA00 KEAX 010750


CLIMATE REPORT
NATIONAL WEATHER SERVICE KANSAS CITY/PLEASANT HILL MO
249 AM CDT TUE SEP 1 2015

...................................

...THE KANSAS CITY INTERNATIONAL MO CLIMATE SUMMARY FOR THE MONTH OF AUGUST 2015...

CLIMATE NORMAL PERIOD 1981 TO 2010
CLIMATE RECORD PERIOD 1888 TO 2015

WEATHER         OBSERVED          NORMAL  DEPART  LAST YEAR`S
                 VALUE   DATE(S)  VALUE   FROM    VALUE  DATE(S)
                                          NORMAL
................................................................
TEMPERATURE (F)
RECORD
 HIGH             113   08/14/1936
 LOW               43   08/28/1986
HIGHEST            91   08/07        99      -8       97  08/23
                        08/01
LOWEST             50   08/24        55      -5       57  08/12
AVG. MAXIMUM     84.5              87.4    -2.9     87.3
AVG. MINIMUM     64.5              66.8    -2.3     67.8
MEAN             74.5              77.1    -2.6     77.5
DAYS MAX >= 90      4              10.8    -6.8       12
DAYS MAX <= 32      0               0.0     0.0        0
DAYS MIN <= 32      0               0.0     0.0        0
DAYS MIN <= 0       0               0.0     0.0        0

PRECIPITATION (INCHES)
RECORD
 MAXIMUM         9.58   1982
 MINIMUM         0.13   1894
TOTALS           0.98              3.89   -2.91     7.42
DAILY AVG.       0.03              0.13   -0.10     0.24
DAYS >= .01         5               8.3    -3.3       10
DAYS >= .10         3               5.5    -2.5        6
DAYS >= .50         1               2.4    -1.4        4
DAYS >= 1.00        0               1.1    -1.1        3
GREATEST
 24 HR. TOTAL    0.62   08/18 TO 08/18

SNOWFALL (INCHES)
RECORDS
 TOTAL            0.0   0
                        0
                        0
TOTALS            0.0               0.0     0.0      0.0
SINCE 7/1         0.0               0.0     0.0      0.0
SNOWDEPTH AVG.      0                MM      MM        0
DAYS >= 1.0         0               0.0     0.0        0
GREATEST
 SNOW DEPTH         0   MM                             0  MM
 24 HR TOTAL      0.0   08/31 TO 08/31

DEGREE_DAYS
HEATING TOTAL       1                 2      -1        0
 SINCE 7/1          3                 2       1        2
COOLING TOTAL     304               377     -73      395
 SINCE 1/1       1075              1173     -98     1119
.................................................................

WIND (MPH)
AVERAGE WIND SPEED              8.1
HIGHEST WIND SPEED/DIRECTION    28/190    DATE  08/04
HIGHEST GUST SPEED/DIRECTION    35/200    DATE  08/04

SKY COVER
POSSIBLE SUNSHINE (PERCENT)   MM
AVERAGE SKY COVER           0.50
NUMBER OF DAYS FAIR           10
NUMBER OF DAYS PC             16
NUMBER OF DAYS CLOUDY          5

AVERAGE RH (PERCENT)     72

WEATHER CONDITIONS. NUMBER OF DAYS WITH
THUNDERSTORM              0     MIXED PRECIP               0
HEAVY RAIN                1     RAIN                       2
LIGHT RAIN                7     FREEZING RAIN              0
LT FREEZING RAIN          0     HAIL                       0
HEAVY SNOW                0     SNOW                       0
LIGHT SNOW                0     SLEET                      0
FOG                      13     FOG W/VIS <= 1/4 MILE      1
HAZE                     14

-  INDICATES NEGATIVE NUMBERS.
R  INDICATES RECORD WAS SET OR TIED.
MM INDICATES DATA IS MISSING.
T  INDICATES TRACE AMOUNT.

$$
