000
CXUS53 KGLD 071430 RRA
CLMMCK

CLIMATE REPORT
NATIONAL WEATHER SERVICE GOODLAND
724 AM MST TUE FEB 7 2017

...................................

...THE MCCOOK CLIMATE SUMMARY FOR THE MONTH OF JANUARY 2017...

CLIMATE NORMAL PERIOD 1981 TO 2010
CLIMATE RECORD PERIOD 1896 TO 2017

WEATHER         OBSERVED          NORMAL  DEPART  LAST YEAR`S
                 VALUE   DATE(S)  VALUE   FROM    VALUE  DATE(S)
                                          NORMAL
................................................................
TEMPERATURE (F)
RECORD
 HIGH              77   01/26/2002
 LOW              -30   01/12/1912
HIGHEST            65   01/30        63       2       65  01/28
LOWEST            -12   01/06        -2     -10        2  01/10
AVG. MAXIMUM     39.1              40.6    -1.5     44.5
AVG. MINIMUM     17.4              13.9     3.5     19.4
MEAN             28.2              27.2     1.0     31.9
DAYS MAX >= 90      0               0.0     0.0        0
DAYS MAX <= 32      9               9.1    -0.1        5
DAYS MIN <= 32     30              30.9    -0.9       30
DAYS MIN <= 0       3               3.1    -0.1        0

PRECIPITATION (INCHES)
RECORD
 MAXIMUM         1.37   1988
 MINIMUM         0.00   1986
TOTALS           0.70              0.51    0.19     0.02
DAILY AVG.       0.02              0.02    0.00     0.00
DAYS >= .01         4               2.7     1.3        1
DAYS >= .10         2               1.4     0.6        0
DAYS >= .50         0               0.2    -0.2        0
DAYS >= 1.00        0               0.1    -0.1        0
GREATEST
 24 HR. TOTAL    0.54   01/15 TO 01/16              0.02


.................................................................



-  INDICATES NEGATIVE NUMBERS.
R  INDICATES RECORD WAS SET OR TIED.
MM INDICATES DATA IS MISSING.
T  INDICATES TRACE AMOUNT.

$$
