000
CXUS53 KGLD 040357
CLMMCK

CLIMATE REPORT
NATIONAL WEATHER SERVICE GOODLAND
957 PM MDT WED SEP 3 2014

...................................

...THE MCCOOK CLIMATE SUMMARY FOR THE MONTH OF AUGUST 2014...

CLIMATE NORMAL PERIOD 1981 TO 2010
CLIMATE RECORD PERIOD 1896 TO 2014

WEATHER         OBSERVED          NORMAL  DEPART  LAST YEAR`S
                 VALUE   DATE(S)  VALUE   FROM    VALUE  DATE(S)
                                          NORMAL
................................................................
TEMPERATURE (F)
RECORD
 HIGH             111   08/03/1930
 LOW               39   08/24/1928
                        08/28/1911
HIGHEST           100   08/17       101      -1      105  08/29
LOWEST             55   08/01        52       3       57  08/09
AVG. MAXIMUM     90.8              87.6     3.2     91.2
AVG. MINIMUM     62.2              59.9     2.3     64.2
MEAN             76.5              73.8     2.7     77.7
DAYS MAX >= 90     18              12.4     5.6       17
DAYS MAX <= 32      0               0.0     0.0        0
DAYS MIN <= 32      0               0.0     0.0        0
DAYS MIN <= 0       0               0.0     0.0        0

PRECIPITATION (INCHES)
RECORD
 MAXIMUM         6.16   1992
 MINIMUM         0.08   1971
TOTALS           5.82              3.14    2.68     1.49
DAILY AVG.       0.19              0.10    0.09     0.05
DAYS >= .01         9               7.7     1.3        7
DAYS >= .10         8               5.1     2.9        5
DAYS >= .50         6               2.3     3.7        0
DAYS >= 1.00        2               1.0     1.0        0
GREATEST
 24 HR. TOTAL    2.04   08/26 TO 08/27              0.47


.................................................................



-  INDICATES NEGATIVE NUMBERS.
R  INDICATES RECORD WAS SET OR TIED.
MM INDICATES DATA IS MISSING.
T  INDICATES TRACE AMOUNT.

$$
