000
CXUS54 KMEG 071955
CLMMEM


CLIMATE REPORT
NATIONAL WEATHER SERVICE MEMPHIS TN
253 PM CDT SAT OCT 7 2017

...................................

...THE MEMPHIS CLIMATE SUMMARY FOR THE MONTH OF SEPTEMBER 2017...

CLIMATE NORMAL PERIOD 1981 TO 2010
CLIMATE RECORD PERIOD 1872 TO 2017

WEATHER         OBSERVED          NORMAL  DEPART  LAST YEAR`S
                 VALUE   DATE(S)  VALUE   FROM    VALUE  DATE(S)
                                          NORMAL
................................................................
TEMPERATURE (F)
RECORD
 HIGH             103   09/05/1954
                        09/07/1925
                        09/06/1925
 LOW               36   09/30/1949
                        09/29/1942
HIGHEST            93   09/22        84       9       98  09/25
                                                          09/16
                                                          09/15
LOWEST             55   09/07        65     -10       54  09/29
AVG. MAXIMUM     84.8              85.1    -0.3     90.9
AVG. MINIMUM     65.9              65.2     0.7     70.0
MEAN             75.4              75.2     0.2     80.4
DAYS MAX >= 90     10               7.7     2.3       20
DAYS MAX <= 32      0               0.0     0.0        0
DAYS MIN <= 32      0               0.0     0.0        0
DAYS MIN <= 0       0               0.0     0.0        0

PRECIPITATION (INCHES)
RECORD
 MAXIMUM        12.34   2002
 MINIMUM         0.00   1897
TOTALS           1.61              3.09   -1.48     0.67
DAILY AVG.       0.05              0.10   -0.05     0.02
DAYS >= .01         6               7.3    -1.3        5
DAYS >= .10         3               4.4    -1.4        1
DAYS >= .50         1               2.0    -1.0        1
DAYS >= 1.00        1               1.0     0.0        0
GREATEST
 24 HR. TOTAL    4.04   08/31 TO 09/01
                        09/01 TO 09/01
                        09/01 TO 09/02

SNOWFALL (INCHES)
RECORDS
 TOTAL            0.0   2002
                        2001
                        2000
TOTALS            0.0               0.0     0.0      0.0
SINCE 7/1         0.0               0.0     0.0      0.0
SNOWDEPTH AVG.      0                MM      MM        0
DAYS >= 1.0         0               0.0     0.0        0
GREATEST
 SNOW DEPTH         0   MM                             0  MM
 24 HR TOTAL      0.0   09/30 TO 09/30

DEGREE_DAYS
HEATING TOTAL       3                11      -8        0
 SINCE 7/1          3                11      -8        0
COOLING TOTAL     321               316       5      470
 SINCE 1/1       2137              2151     -14     2571
.................................................................

WIND (MPH)
AVERAGE WIND SPEED              6.2
HIGHEST WIND SPEED/DIRECTION    22/040    DATE  09/11
HIGHEST GUST SPEED/DIRECTION    28/360    DATE  09/10

SKY COVER
POSSIBLE SUNSHINE (PERCENT)   MM
AVERAGE SKY COVER           0.30
NUMBER OF DAYS FAIR           22
NUMBER OF DAYS PC              5
NUMBER OF DAYS CLOUDY          3

AVERAGE RH (PERCENT)     67

WEATHER CONDITIONS. NUMBER OF DAYS WITH
THUNDERSTORM              0     MIXED PRECIP               0
HEAVY RAIN                2     RAIN                       2
LIGHT RAIN                6     FREEZING RAIN              0
LT FREEZING RAIN          0     HAIL                       0
HEAVY SNOW                0     SNOW                       0
LIGHT SNOW                0     SLEET                      0
FOG                       6     FOG W/VIS <= 1/4 MILE      0
HAZE                      1

-  INDICATES NEGATIVE NUMBERS.
R  INDICATES RECORD WAS SET OR TIED.
MM INDICATES DATA IS MISSING.
T  INDICATES TRACE AMOUNT.

$$
