000
CXUS56 KMFR 011214
CLMMFR


CLIMATE REPORT
NATIONAL WEATHER SERVICE MEDFORD, OR
414 AM PST SUN FEB 1 2015

...................................

...THE MEDFORD OR CLIMATE SUMMARY FOR THE MONTH OF JANUARY 2015...

CLIMATE NORMAL PERIOD 1981 TO 2010
CLIMATE RECORD PERIOD 1911 TO 2015

WEATHER         OBSERVED          NORMAL  DEPART  LAST YEAR`S
                 VALUE   DATE(S)  VALUE   FROM    VALUE  DATE(S)
                                          NORMAL
................................................................
TEMPERATURE (F)
RECORD
 HIGH              71   01/21/1981
                        01/20/1961
 LOW               -3   01/11/1930
HIGHEST            60   01/29                         70  01/24
                        01/24
LOWEST             20   01/01                         18  01/05
AVG. MAXIMUM     50.9              47.8     3.1     49.5
AVG. MINIMUM     33.4              32.8     0.6     30.9
MEAN             42.1              40.3     1.8     40.2
DAYS MAX >= 90      0               0.0     0.0        0
DAYS MAX <= 32      0               0.1    -0.1        0
DAYS MIN <= 32     14              14.0     0.0       20
DAYS MIN <= 0       0               0.0     0.0        0

PRECIPITATION (INCHES)
RECORD
 MAXIMUM         6.67   1936
TOTALS           1.25              2.43   -1.18     0.78
DAILY AVG.       0.04              0.08   -0.04     0.03
DAYS >= .01         6              13.1    -7.1        9
DAYS >= .10         6               6.8    -0.8        2
DAYS >= .50         0               1.1    -1.1        0
DAYS >= 1.00        0               0.3    -0.3        0
GREATEST
 24 HR. TOTAL    0.60   01/15 TO 01/16

SNOWFALL (INCHES)
RECORDS
 TOTAL           22.6   1930
TOTALS              T               1.3    -1.3        T
SINCE 7/1           T               3.0    -3.0      3.4

DEGREE_DAYS
HEATING TOTAL     703               766     -63      762
 SINCE 7/1       1969              2532    -563     2853
COOLING TOTAL       0                 0       0        0
 SINCE 1/1          0                 0       0        0

FREEZE DATES
RECORD
 EARLIEST     09/13/1921
 LATEST       06/12/1952
EARLIEST                        10/18
LATEST                          04/29
.................................................................

WIND (MPH)
AVERAGE WIND SPEED              1.2
HIGHEST WIND SPEED/DIRECTION    13/320    DATE  01/18
HIGHEST GUST SPEED/DIRECTION    16/270    DATE  01/27

SKY COVER
POSSIBLE SUNSHINE (PERCENT)   MM
AVERAGE SKY COVER           0.50
NUMBER OF DAYS FAIR            7
NUMBER OF DAYS PC             16
NUMBER OF DAYS CLOUDY          8

AVERAGE RH (PERCENT)     82

WEATHER CONDITIONS. NUMBER OF DAYS WITH
THUNDERSTORM              0     MIXED PRECIP               0
HEAVY RAIN                1     RAIN                       4
LIGHT RAIN                8     FREEZING RAIN              0
LT FREEZING RAIN          0     HAIL                       0
HEAVY SNOW                0     SNOW                       0
LIGHT SNOW                1     SLEET                      0
FOG                      30     FOG W/VIS <= 1/4 MILE     19
HAZE                     12

-  INDICATES NEGATIVE NUMBERS.
R  INDICATES RECORD WAS SET OR TIED.
MM INDICATES DATA IS MISSING.
T  INDICATES TRACE AMOUNT.

$$
