000
CXUS53 KTOP 011451
CLMMHK


CLIMATE REPORT
NATIONAL WEATHER SERVICE TOPEKA KS
945 AM CDT FRI APR 1 2016

...................................

...THE MANHATTAN KS CLIMATE SUMMARY FOR THE MONTH OF MARCH 2016...

CLIMATE NORMAL PERIOD 1981 TO 2010
CLIMATE RECORD PERIOD 9999 TO 9999

WEATHER         OBSERVED          NORMAL  DEPART  LAST YEAR`S
                 VALUE   DATE(S)  VALUE   FROM    VALUE
                                          NORMAL
.............................................................
TEMPERATURE (F)
HIGHEST            82   03/30                         86
LOWEST             17   03/25                         10
AVG. MAXIMUM     65.1              56.6     8.5     62.3
AVG. MINIMUM     34.4              29.9     4.5     29.9
MEAN             49.7              43.2     6.5     46.1
DAYS MAX >= 90      0               0.0     0.0        0
DAYS MAX <= 32      0               0.7    -0.7        0
DAYS MIN <= 32     16              19.5    -3.5       20
DAYS MIN <= 0       0               0.1    -0.1        0

PRECIPITATION (INCHES)
TOTALS           0.50              2.20   -1.70     0.26
DAILY AVG.       0.02                               0.01
DAYS >= .01         6                                  3
DAYS >= .10         1                                  1
DAYS >= .50         0                                  0
DAYS >= 1.00        0                                  0
GREATEST
 24 HR. TOTAL    0.26   03/26 TO 03/26              0.17
                        03/25 TO 03/26
                        03/26 TO 03/26

DEGREE_DAYS
HEATING TOTAL     473               676    -203      581
 SINCE 7/1       3770              4836   -1066     4775
COOLING TOTAL       9                 2       7        2
 SINCE 1/1          9                 2       7        2
..............................................................

WIND (MPH)
AVERAGE WIND SPEED              8.7
HIGHEST WIND SPEED/DIRECTION    39/220    DATE  03/23
HIGHEST GUST SPEED/DIRECTION    50/220    DATE  03/23

SKY COVER
POSSIBLE SUNSHINE (PERCENT)   MM
AVERAGE SKY COVER           0.30
NUMBER OF DAYS FAIR           18
NUMBER OF DAYS PC              9
NUMBER OF DAYS CLOUDY          4

AVERAGE RH (PERCENT)     58

WEATHER CONDITIONS. NUMBER OF DAYS WITH
THUNDERSTORM              0     MIXED PRECIP               0
HEAVY RAIN                0     RAIN                       1
LIGHT RAIN                6     FREEZING RAIN              0
LT FREEZING RAIN          0     HEAVY SNOW                 0
SNOW                      0     LIGHT SNOW                 3
FOG                       9     FOG W/VIS <= 1/4 MILE      2
HAZE                      6

-  INDICATES NEGATIVE NUMBERS.
R  INDICATES RECORD WAS SET OR TIED.
MM INDICATES DATA IS MISSING.
T  INDICATES TRACE AMOUNT.

$$
