186
CXUS54 KMEG 021424
CLMMKL


CLIMATE REPORT
NATIONAL WEATHER SERVICE MEMPHIS TN
814 AM CST THU MAR 2 2017

...................................

...THE JACKSON CLIMATE SUMMARY FOR THE MONTH OF FEBRUARY 2017...

CLIMATE NORMAL PERIOD 1981 TO 2010
CLIMATE RECORD PERIOD 1948 TO 2017

WEATHER         OBSERVED          NORMAL  DEPART  LAST YEAR`S
                 VALUE   DATE(S)  VALUE   FROM    VALUE  DATE(S)
                                          NORMAL
................................................................
TEMPERATURE (F)
RECORD
 HIGH              81   02/23/1982
                        02/13/1962
 LOW              -12   02/02/1951
HIGHEST            77   02/20        52      25       72  02/19
LOWEST             19   02/04        31     -12       20  02/10
                                                          02/05
AVG. MAXIMUM     63.4              52.9    10.5     54.0
AVG. MINIMUM     40.0              31.8     8.2     33.9
MEAN             51.7              42.3     9.4     43.9
DAYS MAX >= 90      0               0.0     0.0        0
DAYS MAX <= 32      0               1.1    -1.1        1
DAYS MIN <= 32      8              15.0    -7.0       15
DAYS MIN <= 0       0               0.0     0.0        0

PRECIPITATION (INCHES)
RECORD
 MAXIMUM        10.28   1990
 MINIMUM         1.22   1968
TOTALS           1.91              4.17   -2.26     3.58
DAILY AVG.       0.07              0.15   -0.08     0.12
DAYS >= .01        11               9.6     1.4        9
DAYS >= .10         6               6.4    -0.4        5
DAYS >= .50         1               3.0    -2.0        3
DAYS >= 1.00        0               1.4    -1.4        1
GREATEST
 24 HR. TOTAL    0.56   02/14 TO 02/15

SNOWFALL (INCHES)
RECORDS
 TOTAL           12.6   1985
TOTALS            0.0               1.6    -1.6        T
SINCE 7/1           T               4.2    -4.2      1.5
SNOWDEPTH AVG.      0                MM      MM        0
DAYS >= 1.0         0               0.6    -0.6        0
GREATEST
 SNOW DEPTH         0   MM                            -1  02/09
 24 HR TOTAL      0.0   02/28 TO 02/28

DEGREE_DAYS
HEATING TOTAL     366               635    -269      603
 SINCE 7/1       2040              2884    -844     2368
COOLING TOTAL       2                 1       1        0
 SINCE 1/1          2                 1       1        0
.................................................................

WIND (MPH)
AVERAGE WIND SPEED              8.0
HIGHEST WIND SPEED/DIRECTION    31/250    DATE  02/07
HIGHEST GUST SPEED/DIRECTION    41/250    DATE  02/07

SKY COVER
POSSIBLE SUNSHINE (PERCENT)   MM
AVERAGE SKY COVER           0.40
NUMBER OF DAYS FAIR           12
NUMBER OF DAYS PC             10
NUMBER OF DAYS CLOUDY          6

AVERAGE RH (PERCENT)     69

WEATHER CONDITIONS. NUMBER OF DAYS WITH
THUNDERSTORM              0     MIXED PRECIP               0
HEAVY RAIN                3     RAIN                       4
LIGHT RAIN               12     FREEZING RAIN              0
LT FREEZING RAIN          0     HAIL                       0
HEAVY SNOW                0     SNOW                       0
LIGHT SNOW                0     SLEET                      0
FOG                      12     FOG W/VIS <= 1/4 MILE      2
HAZE                      3

-  INDICATES NEGATIVE NUMBERS.
R  INDICATES RECORD WAS SET OR TIED.
MM INDICATES DATA IS MISSING.
T  INDICATES TRACE AMOUNT.

$$
