000
CXUS53 KDVN 011552
CLMMLI


CLIMATE REPORT
NATIONAL WEATHER SERVICE QUAD CITIES IA IL
938 AM CST WED FEB 1 2017

...................................

...THE MOLINE CLIMATE SUMMARY FOR THE MONTH OF JANUARY 2017...

CLIMATE NORMAL PERIOD 1981 TO 2010
CLIMATE RECORD PERIOD 1872 TO 2017

WEATHER         OBSERVED          NORMAL  DEPART
                 VALUE   DATE(S)  VALUE   FROM
                                          NORMAL
................................................
TEMPERATURE (F)
RECORD
 HIGH              69   01/31/1989
 LOW              -27   01/16/2009
                        01/02/1979
                        01/05/1884
HIGHEST            53   01/21        32      21
LOWEST             -2   01/08        14     -16
AVG. MAXIMUM     35.5              31.0     4.5
AVG. MINIMUM     22.1              14.3     7.8
MEAN             28.8              22.6     6.2
DAYS MAX >= 90      0               0.0     0.0
DAYS MAX <= 32     10              15.9    -5.9
DAYS MIN <= 32     25              29.0    -4.0
DAYS MIN <= 0       1               5.2    -4.2

PRECIPITATION (INCHES)
RECORD
 MAXIMUM         4.63   1916
 MINIMUM         0.07   1919
TOTALS           1.50              1.49    0.01
DAILY AVG.       0.05              0.05    0.00
DAYS >= .01         8               8.8    -0.8
DAYS >= .10         3
DAYS >= .50         1
DAYS >= 1.00        0               0.2    -0.2
GREATEST
 24 HR. TOTAL    0.86   01/16

SNOWFALL (INCHES)
RECORDS
 TOTAL           26.7   1979
TOTALS            0.4               9.4    -9.0
SINCE 7/1        14.2              19.9    -5.7
SNOWDEPTH AVG.      0
DAYS >= TRACE       7               7.1    -0.1
DAYS >= 1.0         0               2.8    -2.8
GREATEST
 SNOW DEPTH         T   01/26
                        01/12
                        01/06
 24 HR TOTAL      0.4   01/25 TO 01/26

DEGREE_DAYS
HEATING TOTAL    1115              1313    -198
 SINCE 7/1       3072              3734    -662
COOLING TOTAL       0                 0       0
 SINCE 1/1          0                 0       0
.................................................

WIND (MPH)
AVERAGE WIND SPEED              9.7
HIGHEST WIND SPEED/DIRECTION    39/270    DATE  01/10
HIGHEST GUST SPEED/DIRECTION    52/270    DATE  01/10

SKY COVER
POSSIBLE SUNSHINE (PERCENT)   MM
AVERAGE SKY COVER           0.70
NUMBER OF DAYS FAIR            5
NUMBER OF DAYS PC             13
NUMBER OF DAYS CLOUDY         13

AVERAGE RH (PERCENT)     74

WEATHER CONDITIONS. NUMBER OF DAYS WITH
THUNDERSTORM              1     HAIL                       0
SLEET                     0     FOG                       16
FOG W/VIS <= 1/4 MILE     6     HAZE                      15

-  INDICATES NEGATIVE NUMBERS.
R  INDICATES RECORD WAS SET OR TIED.
MM INDICATES DATA IS MISSING.
T  INDICATES TRACE AMOUNT.

NOTE: SUPPLEMENTAL CLIMATE DATA WAS USED FROM A NEARBY
CLIMATOLOGICALLY REPRESENTATIVE STATION.

PARAMETER   DATE
---------   ----

     SNW    ALL OBSERVED SNOW ABOVE

$$
