000
CXUS51 KCAR 070100
CLMMLT


CLIMATE REPORT
NATIONAL WEATHER SERVICE CARIBOU, ME
800 PM EST MON MAR 6 2017

...................................

...THE MILLINOCKET ME CLIMATE SUMMARY FOR THE SEASON, FROM
12/1/2016 TO 2/28/2017...

CLIMATE NORMAL PERIOD 1981 TO 2010
CLIMATE RECORD PERIOD 1903 TO 2017

WEATHER         OBSERVED          NORMAL  DEPART  LAST YEAR`S
                 VALUE   DATE(S)  VALUE   FROM    VALUE  DATE(S)
                                          NORMAL
................................................................
TEMPERATURE (F)
RECORD
 HIGH              62   02/21/1994
                        12/11/1907
 LOW              -42   02/02/1962
HIGHEST            57   02/24        MM      MM       53  12/25
LOWEST            -17   12/20        MM      MM      -12  02/13
AVG. MAXIMUM     29.6              27.4     2.2     34.4
AVG. MINIMUM     11.3               9.0     2.3     18.2
MEAN             20.5              18.2     2.3     26.3
DAYS MAX >= 90      0               0.0     0.0        0
DAYS MAX <= 32     51              59.3    -8.3       35
DAYS MIN <= 32     86              88.0    -2.0       79
DAYS MIN <= 0      20              22.7    -2.7        9

PRECIPITATION (INCHES)
RECORD
 MAXIMUM         9.71   2016
                        2008
 MINIMUM         6.19   2007
TOTALS           8.50                     -0.14
DAILY AVG.       0.09              0.10   -0.01     0.11
DAYS >= .01        39                MM      MM       32
DAYS >= .10        20                MM      MM       19
DAYS >= .50         6                MM      MM        9
DAYS >= 1.00        1                MM      MM        1
GREATEST
 24 HR. TOTAL    1.35   MM                       02/29 TO 02/29
                                                          02/29 TO 02/29
                                                          02/29 TO 02/29

SNOWFALL (INCHES)
RECORDS
 TOTAL             MM   MM
TOTALS             MM                MM      MM       MM
SINCE 7/1          MM                MM      MM      0.0
SNOWDEPTH AVG.     MM                MM      MM       MM
DAYS >= 1.0         0                MM      MM        0
GREATEST
 SNOW DEPTH        MM                                 MM  MM
 24 HR TOTAL       MM                                 MM

DEGREE_DAYS
HEATING TOTAL    3945              4209    -264     3423
 SINCE 7/1       5495              6052    -557     4964
COOLING TOTAL       0                 0       0        0
 SINCE 1/1          0                 0       0        0
..........................................................

WIND (MPH)
AVERAGE WIND SPEED              5.8
HIGHEST WIND SPEED/DIRECTION    35/310    DATE  12/25
HIGHEST GUST SPEED/DIRECTION    49/310    DATE  12/25

SKY COVER
POSSIBLE SUNSHINE (PERCENT)   MM
AVERAGE SKY COVER           0.60
NUMBER OF DAYS FAIR           22
NUMBER OF DAYS PC             33
NUMBER OF DAYS CLOUDY         35

AVERAGE RH (PERCENT)     72

WEATHER CONDITIONS. NUMBER OF DAYS WITH
THUNDERSTORM              0     MIXED PRECIP               0
HEAVY RAIN                2     RAIN                       5
LIGHT RAIN               10     FREEZING RAIN              5
LT FREEZING RAIN          5     HAIL                       0
HEAVY SNOW                6     SNOW                      14
LIGHT SNOW               56     SLEET                      0
FOG                      65     FOG W/VIS <= 1/4 MILE     15
HAZE                     31

-  INDICATES NEGATIVE NUMBERS.
R  INDICATES RECORD WAS SET OR TIED.
MM INDICATES DATA IS MISSING.
T  INDICATES TRACE AMOUNT.

$$
