000
CXUS51 KCAR 032321
CLMMLT


CLIMATE REPORT
NATIONAL WEATHER SERVICE CARIBOU, ME
621 PM EST SAT DEC 3 2016

...................................

...THE MILLINOCKET ME CLIMATE SUMMARY FOR THE MONTH OF NOVEMBER 2016...

CLIMATE NORMAL PERIOD 1981 TO 2010
CLIMATE RECORD PERIOD 1903 TO 2016

WEATHER         OBSERVED          NORMAL  DEPART  LAST YEAR`S
                 VALUE   DATE(S)  VALUE   FROM    VALUE  DATE(S)
                                          NORMAL
................................................................
TEMPERATURE (F)
RECORD
 HIGH              72   11/03/1903
                        11/02/1903
 LOW              -10   11/29/1920
HIGHEST            62   11/08        MM      MM       62  11/10
                                                          11/06
LOWEST             20   11/29        MM      MM       10  11/30
AVG. MAXIMUM     44.9              41.9     3.0     46.6
AVG. MINIMUM     31.1              27.5     3.6     30.5
MEAN             38.0              34.7     3.3     38.5
DAYS MAX >= 90      0               0.0     0.0        0
DAYS MAX <= 32      1               3.9    -2.9        2
DAYS MIN <= 32     23              21.5     1.5       17
DAYS MIN <= 0       0               0.1    -0.1        0

PRECIPITATION (INCHES)
RECORD
 MAXIMUM           MM   MM
 MINIMUM           MM   MM
TOTALS           3.25                     -1.18
DAILY AVG.       0.11              0.15   -0.04     0.08
DAYS >= .01        13                MM      MM        8
DAYS >= .10         7                MM      MM        6
DAYS >= .50         2                MM      MM        1
DAYS >= 1.00        1                MM      MM        1

SNOWFALL (INCHES)
RECORDS
 TOTAL             MM   MM
TOTALS             MM                MM      MM       MM
SINCE 7/1          MM                MM      MM       MM
SNOWDEPTH AVG.     MM                MM      MM       MM
DAYS >= 1.0         0                MM      MM        0
GREATEST
 SNOW DEPTH        MM                                 MM  MM
 24 HR TOTAL       MM                                 MM

DEGREE_DAYS
HEATING TOTAL     801               909    -108      786
 SINCE 7/1       1550              1843    -293     1541
COOLING TOTAL       0                 0       0        0
 SINCE 1/1        350               268      82      400
.................................................................

WIND (MPH)
AVERAGE WIND SPEED              5.2
HIGHEST WIND SPEED/DIRECTION    28/310    DATE  11/11
HIGHEST GUST SPEED/DIRECTION    41/280    DATE  11/11

SKY COVER
POSSIBLE SUNSHINE (PERCENT)   MM
AVERAGE SKY COVER           0.60
NUMBER OF DAYS FAIR            7
NUMBER OF DAYS PC              9
NUMBER OF DAYS CLOUDY         14

AVERAGE RH (PERCENT)     79

WEATHER CONDITIONS. NUMBER OF DAYS WITH
THUNDERSTORM              0     MIXED PRECIP               0
HEAVY RAIN                1     RAIN                       3
LIGHT RAIN               16     FREEZING RAIN              0
LT FREEZING RAIN          0     HAIL                       0
HEAVY SNOW                0     SNOW                       2
LIGHT SNOW               10     SLEET                      0
FOG                      18     FOG W/VIS <= 1/4 MILE      3
HAZE                      1

-  INDICATES NEGATIVE NUMBERS.
R  INDICATES RECORD WAS SET OR TIED.
MM INDICATES DATA IS MISSING.
T  INDICATES TRACE AMOUNT.

$$
