000
CXUS54 KMOB 011107
CLMMOB


CLIMATE REPORT
NATIONAL WEATHER SERVICE MOBILE AL
602 AM CDT SAT JUL 1 2017

...................................

...THE MOBILE CLIMATE SUMMARY FOR THE MONTH OF JUNE 2017...

CLIMATE NORMAL PERIOD 1981 TO 2010
CLIMATE RECORD PERIOD 1842 TO 2017

WEATHER         OBSERVED          NORMAL  DEPART  LAST YEAR`S
                 VALUE   DATE(S)  VALUE   FROM    VALUE  DATE(S)
                                          NORMAL
................................................................
TEMPERATURE (F)
RECORD
 HIGH             103   06/04/2011
 LOW               54   06/02/1984
                        06/02/1894
HIGHEST            91   06/25        MM      MM       97  06/26
                        06/16
LOWEST             62   06/09        MM      MM       66  06/23
AVG. MAXIMUM     86.0              89.2    -3.2     90.7
AVG. MINIMUM     71.2              70.4     0.8     70.9
MEAN             78.6              79.8    -1.2     80.8
DAYS MAX >= 90      4              13.0    -9.0       20
DAYS MAX <= 32      0               0.0     0.0        0
DAYS MIN <= 32      0               0.0     0.0        0
DAYS MIN <= 0       0               0.0     0.0        0

PRECIPITATION (INCHES)
RECORD
 MAXIMUM        16.07   2004
 MINIMUM         1.85   2011
TOTALS          14.36              6.11    8.25     7.47
DAILY AVG.       0.48              0.20    0.28     0.25
DAYS >= .01        20              11.8     8.2       12
DAYS >= .10        17               8.2     8.8        8
DAYS >= .50         8               4.0     4.0        3
DAYS >= 1.00        5               2.0     3.0        3
GREATEST
 24 HR. TOTAL    2.81   06/20 TO 06/20

DEGREE_DAYS
COOLING TOTAL     419               444     -25      480
 SINCE 1/1       1020               889     131      939
.................................................................

WIND (MPH)
AVERAGE WIND SPEED              7.1
HIGHEST WIND SPEED/DIRECTION    31/200    DATE  06/22
HIGHEST GUST SPEED/DIRECTION    44/200    DATE  06/22

SKY COVER
POSSIBLE SUNSHINE (PERCENT)   MM
AVERAGE SKY COVER           0.60
NUMBER OF DAYS FAIR            1
NUMBER OF DAYS PC             22
NUMBER OF DAYS CLOUDY          7

AVERAGE RH (PERCENT)     77

WEATHER CONDITIONS. NUMBER OF DAYS WITH
THUNDERSTORM             14     MIXED PRECIP               0
HEAVY RAIN               17     RAIN                      15
LIGHT RAIN               20     FREEZING RAIN              0
LT FREEZING RAIN          0     HAIL                       0
HEAVY SNOW                0     SNOW                       0
LIGHT SNOW                0     SLEET                      0
FOG                      24     FOG W/VIS <= 1/4 MILE      4
HAZE                      8

-  INDICATES NEGATIVE NUMBERS.
R  INDICATES RECORD WAS SET OR TIED.
MM INDICATES DATA IS MISSING.
T  INDICATES TRACE AMOUNT.

$$
