000
CXUS54 KMOB 011502
CLMMOB


CLIMATE REPORT
NATIONAL WEATHER SERVICE MOBILE AL
955 AM CDT FRI SEP 1 2017

...................................

...THE MOBILE CLIMATE SUMMARY FOR THE MONTH OF AUGUST 2017...

CLIMATE NORMAL PERIOD 1981 TO 2010
CLIMATE RECORD PERIOD 1842 TO 2017

WEATHER         OBSERVED          NORMAL  DEPART  LAST YEAR`S
                 VALUE   DATE(S)  VALUE   FROM    VALUE  DATE(S)
                                          NORMAL
................................................................
TEMPERATURE (F)
RECORD
 HIGH             105   08/29/2000
 LOW               57   08/25/1891
HIGHEST            96   08/18        MM      MM       95  08/23
LOWEST             67   08/01        MM      MM       71  08/05
AVG. MAXIMUM     89.6              90.7    -1.1     90.5
AVG. MINIMUM     73.7              72.6     1.1     74.4
MEAN             81.7              81.6     0.1     82.5
DAYS MAX >= 90     18              19.5    -1.5       25
DAYS MAX <= 32      0               0.0     0.0        0
DAYS MIN <= 32      0               0.0     0.0        0
DAYS MIN <= 0       0               0.0     0.0        0

PRECIPITATION (INCHES)
RECORD
 MAXIMUM        14.56   2008
 MINIMUM         2.83   2014
TOTALS          12.79              6.96    5.83     4.59
DAILY AVG.       0.41              0.22    0.19     0.15
DAYS >= .01        16              13.4     2.6       15
DAYS >= .10        12               9.1     2.9       12
DAYS >= .50         4               4.3    -0.3        5
DAYS >= 1.00        4               2.3     1.7        0
GREATEST
 24 HR. TOTAL    3.47   08/29 TO 08/29

DEGREE_DAYS
COOLING TOTAL     523               516       7      548
 SINCE 1/1       2086              1927     159     2050
.................................................................

WIND (MPH)
AVERAGE WIND SPEED              5.1
HIGHEST WIND SPEED/DIRECTION    29/170    DATE  08/08
HIGHEST GUST SPEED/DIRECTION    37/180    DATE  08/30

SKY COVER
POSSIBLE SUNSHINE (PERCENT)   MM
AVERAGE SKY COVER           0.50
NUMBER OF DAYS FAIR            3
NUMBER OF DAYS PC             25
NUMBER OF DAYS CLOUDY          3

AVERAGE RH (PERCENT)     76

WEATHER CONDITIONS. NUMBER OF DAYS WITH
THUNDERSTORM             17     MIXED PRECIP               0
HEAVY RAIN               10     RAIN                      10
LIGHT RAIN               19     FREEZING RAIN              0
LT FREEZING RAIN          0     HAIL                       0
HEAVY SNOW                0     SNOW                       0
LIGHT SNOW                0     SLEET                      0
FOG                      19     FOG W/VIS <= 1/4 MILE      1
HAZE                     12

-  INDICATES NEGATIVE NUMBERS.
R  INDICATES RECORD WAS SET OR TIED.
MM INDICATES DATA IS MISSING.
T  INDICATES TRACE AMOUNT.

$$
