000
CXUS51 KPHI 010942
CLMMPO


CLIMATE REPORT
NATIONAL WEATHER SERVICE MOUNT HOLLY NJ
541 AM EDT MON MAY 1 2017

...................................

...THE MOUNT POCONO PA CLIMATE SUMMARY FOR THE MONTH OF APRIL 2017...

CLIMATE NORMAL PERIOD 1981 TO 2010
CLIMATE RECORD PERIOD 1901 TO 2017

WEATHER         OBSERVED          NORMAL  DEPART  LAST YEAR`S
                 VALUE   DATE(S)  VALUE   FROM    VALUE
                                          NORMAL
.............................................................
TEMPERATURE (F)
RECORD
 HIGH              88   04/18/1976
                        04/26/1915
                        04/25/1915
 LOW                0   04/16/1908
HIGHEST            80                MM      MM       74
LOWEST             29                MM      MM       13
AVG. MAXIMUM     59.8              55.2     4.6     55.0
AVG. MINIMUM     40.2              35.4     4.8     32.7
MEAN             50.0              45.3     4.7     43.8
DAYS MAX >= 90      0               0.0     0.0        0
DAYS MAX <= 32      0               0.5    -0.5        0
DAYS MIN <= 32      7              10.8    -3.8       13
DAYS MIN <= 0       0               0.0     0.0        0

PRECIPITATION (INCHES)
RECORD
 MAXIMUM        11.65   1983
 MINIMUM         0.00   1914
TOTALS           4.06              4.02    0.04     2.55
DAILY AVG.       0.14              0.13    0.01     0.09
DAYS >= .01        12                MM      MM       13
DAYS >= .10         6                MM      MM        7
DAYS >= .50         3                MM      MM        1
DAYS >= 1.00        1                MM      MM        1
GREATEST
 24 HR. TOTAL    1.86   04/06 TO 04/07              1.17

DEGREE_DAYS
HEATING TOTAL     445               596    -151      627
 SINCE 7/1       6148              6694    -546     5658
COOLING TOTAL       3                 4      -1        0
 SINCE 1/1          3                 4      -1        0
..............................................................

WIND (MPH)
AVERAGE WIND SPEED              10.1
HIGHEST WIND SPEED/DIRECTION    30/260    DATE  04/16
HIGHEST GUST SPEED/DIRECTION    42/240    DATE  04/16

SKY COVER
POSSIBLE SUNSHINE (PERCENT)   MM
AVERAGE SKY COVER           0.50
NUMBER OF DAYS FAIR            9
NUMBER OF DAYS PC             10
NUMBER OF DAYS CLOUDY         11

AVERAGE RH (PERCENT)     69

WEATHER CONDITIONS. NUMBER OF DAYS WITH
THUNDERSTORM              0     MIXED PRECIP               0
HEAVY RAIN                3     RAIN                       6
LIGHT RAIN               15     FREEZING RAIN              0
LT FREEZING RAIN          1     HEAVY SNOW                 0
SNOW                      0     LIGHT SNOW                 2
SLEET                     0     FOG                       15
FOG W/VIS <= 1/4 MILE     5     HAZE                       1

-  INDICATES NEGATIVE NUMBERS.
R  INDICATES RECORD WAS SET OR TIED.
MM INDICATES DATA IS MISSING.
T  INDICATES TRACE AMOUNT.

$$
