000
CXUS55 KMSO 011342
CLMMSO


CLIMATE REPORT
NATIONAL WEATHER SERVICE MISSOULA, MT
742 AM MDT FRI MAY 1 2015

...................................

...THE MISSOULA MT CLIMATE SUMMARY FOR THE MONTH OF APRIL 2015...

CLIMATE NORMAL PERIOD 1981 TO 2010
CLIMATE RECORD PERIOD 1893 TO 2015

WEATHER         OBSERVED          NORMAL  DEPART  LAST YEAR`S
                 VALUE   DATE(S)  VALUE   FROM    VALUE
                                          NORMAL
.............................................................
TEMPERATURE (F)
RECORD
 HIGH              90   04/25/1910
 LOW                2   04/01/1936
HIGHEST            78   04/28        MM      MM       73
LOWEST             20   04/07        MM      MM       20
AVG. MAXIMUM     58.5              58.5     0.0     57.7
AVG. MINIMUM     29.7              32.8    -3.1     30.9
MEAN             44.1              45.7    -1.6     44.3
DAYS MAX >= 90      0               0.0     0.0        0
DAYS MAX <= 32      0               0.0     0.0        0
DAYS MIN <= 32     21              13.4     7.6       21
DAYS MIN <= 0       0               0.0     0.0        0

PRECIPITATION (INCHES)
RECORD
 MAXIMUM         3.15   1943
 MINIMUM            T   1908
TOTALS           0.46              1.22   -0.76     0.73
DAILY AVG.       0.02              0.04   -0.02     0.02
DAYS >= .01         6              11.1    -5.1       12
DAYS >= .10         2               3.6    -1.6        2
DAYS >= .50         0               0.3    -0.3        0
DAYS >= 1.00        0               0.1    -0.1        0
GREATEST
 24 HR. TOTAL    0.19   04/25 TO 04/26              0.19
                        04/26 TO 04/26
                        04/26 TO 04/27

SNOWFALL (INCHES)
TOTALS            0.6               1.2    -0.6        T
SINCE 7/1        33.9              37.7    -3.8     65.7
DAYS >= TRACE       5               1.6     3.4        3
DAYS >= 1.0         0               0.4    -0.4        0
GREATEST
 SNOW DEPTH         T   04/12                          0
 24 HR TOTAL      0.3   MM                             T

DEGREE_DAYS
HEATING TOTAL     621               580      41
 SINCE 7/1       6333              6763    -430
COOLING TOTAL       0                 0       0
 SINCE 1/1          0                 0       0
..............................................................

WIND (MPH)
AVERAGE WIND SPEED              6.3
HIGHEST WIND SPEED/DIRECTION    39/280    DATE  04/11
HIGHEST GUST SPEED/DIRECTION    47/290    DATE  04/11

SKY COVER
POSSIBLE SUNSHINE (PERCENT)   MM
AVERAGE SKY COVER           0.40
NUMBER OF DAYS FAIR           16
NUMBER OF DAYS PC             11
NUMBER OF DAYS CLOUDY          3

AVERAGE RH (PERCENT)     58

WEATHER CONDITIONS. NUMBER OF DAYS WITH
THUNDERSTORM              0     MIXED PRECIP               0
HEAVY RAIN                0     RAIN                       0
LIGHT RAIN                9     FREEZING RAIN              0
LT FREEZING RAIN          0     HAIL                       0
HEAVY SNOW                0     SNOW                       2
LIGHT SNOW                5     SLEET                      0
FOG                       5     FOG W/VIS <= 1/4 MILE      0
HAZE                      3

-  INDICATES NEGATIVE NUMBERS.
R  INDICATES RECORD WAS SET OR TIED.
MM INDICATES DATA IS MISSING.
T  INDICATES TRACE AMOUNT.

$$
